000
CDUS42 KGSP 062036 RRA
CLICLT

CLIMATE REPORT
NATIONAL WEATHER SERVICE GREENVILLE-SPARTANBURG SC
435 PM EDT FRI MAY 6 2016


...................................

...THE CHARLOTTE NC CLIMATE SUMMARY FOR MAY 6 2016...
VALID TODAY AS OF 400 PM LOCAL TIME.

CLIMATE NORMAL PERIOD 1981 TO 2010
CLIMATE RECORD PERIOD 1878 TO 2016


WEATHER ITEM   OBSERVED TIME   RECORD YEAR NORMAL DEPARTURE LAST
                VALUE   (LST)  VALUE       VALUE  FROM      YEAR
                                                  NORMAL
..................................................................
TEMPERATURE (F)
 TODAY
  MAXIMUM         69    210 PM  93    1950  77     -8       84
  MINIMUM         47    425 AM  39    1891  53     -6       53
  AVERAGE         58                        65     -7       69

PRECIPITATION (IN)
  TODAY            0.05          1.60 2013   0.09  -0.04     0.00
  MONTH TO DATE    2.13                      0.58   1.55     0.00
  SINCE MAR 1      5.01                      7.63  -2.62     8.33
  SINCE JAN 1     11.79                     14.36  -2.57    14.15

SNOWFALL (IN)
  TODAY            0.0           0.0    MM   0.0    0.0      0.0
  MONTH TO DATE    0.0                       0.0    0.0      0.0
  SINCE MAR 1      0.0                       0.6   -0.6      0.0
  SINCE JUL 1      3.3                       4.3   -1.0      3.1
  SNOW DEPTH       0

DEGREE DAYS
 HEATING
  TODAY            7                         3      4        0
  MONTH TO DATE   15                        19     -4       14
  SINCE MAR 1    398                       652   -254      482
  SINCE JUL 1   2540                      3351   -811     3253

 COOLING
  TODAY            0                         2     -2        4
  MONTH TO DATE   23                        12     11       12
  SINCE MAR 1    121                        49     72       75
  SINCE JAN 1    121                        49     72       75
..................................................................


WIND (MPH)
  HIGHEST WIND SPEED    18   HIGHEST WIND DIRECTION    NW (300)
  HIGHEST GUST SPEED    26   HIGHEST GUST DIRECTION     W (280)
  AVERAGE WIND SPEED     8.7


SKY COVER
  POSSIBLE SUNSHINE  MM
  AVERAGE SKY COVER 0.7


WEATHER CONDITIONS
 THE FOLLOWING WEATHER WAS RECORDED TODAY.
  LIGHT RAIN


RELATIVE HUMIDITY (PERCENT)
 HIGHEST    93          1200 AM
 LOWEST     42           200 PM
 AVERAGE    68

..........................................................


THE CHARLOTTE NC CLIMATE NORMALS FOR TOMORROW
                         NORMAL    RECORD    YEAR
 MAXIMUM TEMPERATURE (F)   77        95      1940
 MINIMUM TEMPERATURE (F)   53        38      1891


SUNRISE AND SUNSET
MAY  6 2016...........SUNRISE   627 AM EDT   SUNSET   814 PM EDT
MAY  7 2016...........SUNRISE   626 AM EDT   SUNSET   815 PM EDT


-  INDICATES NEGATIVE NUMBERS.
R  INDICATES RECORD WAS SET OR TIED.
MM INDICATES DATA IS MISSING.
T  INDICATES TRACE AMOUNT.




$$
JPT
