000
CDUS42 KGSP 290635
CLICLT

CLIMATE REPORT
NATIONAL WEATHER SERVICE GREENVILLE-SPARTANBURG SC
233 AM EDT FRI AUG 29 2014

...................................

...THE CHARLOTTE NC CLIMATE SUMMARY FOR AUGUST 28 2014...

CLIMATE NORMAL PERIOD 1981 TO 2010
CLIMATE RECORD PERIOD 1878 TO 2014


WEATHER ITEM   OBSERVED TIME   RECORD YEAR NORMAL DEPARTURE LAST
                VALUE   (LST)  VALUE       VALUE  FROM      YEAR
                                                  NORMAL
..................................................................
TEMPERATURE (F)
 YESTERDAY
  MAXIMUM         92    330 PM  98    1924  86      6       89
  MINIMUM         61    540 AM  55    1905  66     -5       66
  AVERAGE         77                        76      1       78

PRECIPITATION (IN)
  YESTERDAY        0.00          4.64 1893   0.13  -0.13     0.00
  MONTH TO DATE    3.68                      3.85  -0.17     1.62
  SINCE JUN 1     10.91                     11.27  -0.36    16.39
  SINCE JAN 1     33.70                     28.23   5.47    35.14

SNOWFALL (IN)
  YESTERDAY        0.0           0.0    MM   0.0    0.0      0.0
  MONTH TO DATE    0.0                       0.0    0.0      0.0
  SINCE JUN 1      0.0                       0.0    0.0      0.0
  SINCE JUL 1      0.0                       0.0    0.0      0.0
  SNOW DEPTH       0

DEGREE DAYS
 HEATING
  YESTERDAY        0                         0      0        0
  MONTH TO DATE    0                         0      0        1
  SINCE JUN 1      0                         3     -3        1
  SINCE JUL 1      0                         0      0        1

 COOLING
  YESTERDAY       12                        11      1       13
  MONTH TO DATE  313                       350    -37      310
  SINCE JUN 1   1081                      1081      0     1073
  SINCE JAN 1   1309                      1244     65     1242
..................................................................


WIND (MPH)
  HIGHEST WIND SPEED     8   HIGHEST WIND DIRECTION    SW (220)
  HIGHEST GUST SPEED    12   HIGHEST GUST DIRECTION     S (200)
  AVERAGE WIND SPEED     2.1


SKY COVER
  POSSIBLE SUNSHINE  MM
  AVERAGE SKY COVER 0.1


WEATHER CONDITIONS
 THE FOLLOWING WEATHER WAS RECORDED YESTERDAY.
  NO SIGNIFICANT WEATHER WAS OBSERVED.


RELATIVE HUMIDITY (PERCENT)
 HIGHEST    93           200 AM
 LOWEST     41           100 PM
 AVERAGE    67

..........................................................


THE CHARLOTTE NC CLIMATE NORMALS FOR TODAY
                         NORMAL    RECORD    YEAR
 MAXIMUM TEMPERATURE (F)   86       100      1948
 MINIMUM TEMPERATURE (F)   66        54      1986
                                             1968


SUNRISE AND SUNSET
AUGUST 29 2014........SUNRISE   654 AM EDT   SUNSET   755 PM EDT
AUGUST 30 2014........SUNRISE   655 AM EDT   SUNSET   753 PM EDT


-  INDICATES NEGATIVE NUMBERS.
R  INDICATES RECORD WAS SET OR TIED.
MM INDICATES DATA IS MISSING.
T  INDICATES TRACE AMOUNT.

$$
