000
CDUS42 KGSP 020628 RRA
CLICLT

CLIMATE REPORT
NATIONAL WEATHER SERVICE GREENVILLE-SPARTANBURG SC
127 AM EST MON MAR 2 2015


...................................

...THE CHARLOTTE NC CLIMATE SUMMARY FOR MARCH 1 2015...

CLIMATE NORMAL PERIOD 1981 TO 2010
CLIMATE RECORD PERIOD 1878 TO 2015


WEATHER ITEM   OBSERVED TIME   RECORD YEAR NORMAL DEPARTURE LAST
                VALUE   (LST)  VALUE       VALUE  FROM      YEAR
                                                  NORMAL
..................................................................
TEMPERATURE (F)
 YESTERDAY
  MAXIMUM         40    525 PM  82    1918  59    -19       56
  MINIMUM         31    826 AM  15    1980  36     -5       31
  AVERAGE         36                        47    -11       44

PRECIPITATION (IN)
  YESTERDAY        0.16          2.18 2009   0.13   0.03      T
  MONTH TO DATE    0.16                      0.13   0.03      T
  SINCE MAR 1      0.16                      0.13   0.03      T
  SINCE JAN 1      5.98                      6.86  -0.88     6.92

SNOWFALL (IN)
  YESTERDAY        0.0           4.0  2009   0.0    0.0      0.0
  MONTH TO DATE    0.0                       0.0    0.0      0.0
  SINCE MAR 1      0.0                       0.0    0.0      0.0
  SINCE JUL 1      3.1                       3.7   -0.6      9.3
  SNOW DEPTH       0

DEGREE DAYS
 HEATING
  YESTERDAY       29                        18     11       21
  MONTH TO DATE   29                        18     11       21
  SINCE MAR 1     29                        18     11       21
  SINCE JUL 1   2800                      2717     83     2697

 COOLING
  YESTERDAY        0                         0      0        0
  MONTH TO DATE    0                         0      0        0
  SINCE MAR 1      0                         0      0        0
  SINCE JAN 1      0                         0      0        1
..................................................................


WIND (MPH)
  HIGHEST WIND SPEED    12   HIGHEST WIND DIRECTION     N (20)
  HIGHEST GUST SPEED    16   HIGHEST GUST DIRECTION    NE (60)
  AVERAGE WIND SPEED     5.3


SKY COVER
  POSSIBLE SUNSHINE  MM
  AVERAGE SKY COVER 1.0


WEATHER CONDITIONS
 THE FOLLOWING WEATHER WAS RECORDED YESTERDAY.
  LIGHT RAIN
  LT FREEZING RAIN
  FOG
  HAZE


RELATIVE HUMIDITY (PERCENT)
 HIGHEST    92           400 PM
 LOWEST     38           200 AM
 AVERAGE    65

..........................................................


THE CHARLOTTE NC CLIMATE NORMALS FOR TODAY
                         NORMAL    RECORD    YEAR
 MAXIMUM TEMPERATURE (F)   59        80      1887
 MINIMUM TEMPERATURE (F)   36        14      1980


SUNRISE AND SUNSET
MARCH  2 2015.........SUNRISE   652 AM EST   SUNSET   620 PM EST
MARCH  3 2015.........SUNRISE   651 AM EST   SUNSET   621 PM EST


-  INDICATES NEGATIVE NUMBERS.
R  INDICATES RECORD WAS SET OR TIED.
MM INDICATES DATA IS MISSING.
T  INDICATES TRACE AMOUNT.

$$
07
