000
CDUS42 KGSP 220636 RRA
CLICLT

CLIMATE REPORT
NATIONAL WEATHER SERVICE GREENVILLE-SPARTANBURG SC
135 AM EST THU FEB 22 2018


...................................

...THE CHARLOTTE NC CLIMATE SUMMARY FOR FEBRUARY 21 2018...

CLIMATE NORMAL PERIOD 1981 TO 2010
CLIMATE RECORD PERIOD 1878 TO 2018


WEATHER ITEM   OBSERVED TIME   RECORD YEAR NORMAL DEPARTURE LAST
                VALUE   (LST)  VALUE       VALUE  FROM      YEAR
                                                  NORMAL
..................................................................
TEMPERATURE (F)
 YESTERDAY
  MAXIMUM         80R   402 PM  75    2011  56     24       68
                                      1986
  MINIMUM         61    104 AM   6    1896  34     27       52
  AVERAGE         71                        45     26       60

PRECIPITATION (IN)
  YESTERDAY        T             1.44 1961   0.13  -0.13     0.03
  MONTH TO DATE    2.70                      2.42   0.28     1.15
  SINCE DEC 1      7.38                      9.08  -1.70     9.78
  SINCE JAN 1      5.26                      5.83  -0.57     6.87

SNOWFALL (IN)
  YESTERDAY        0.0           4.0  1889   0.0    0.0      0.0
  MONTH TO DATE    0.0                       0.9   -0.9      0.0
  SINCE DEC 1      4.0                       3.3    0.7      1.1
  SINCE JUL 1      4.0                       3.4    0.6      1.1
  SNOW DEPTH       0

DEGREE DAYS
 HEATING
  YESTERDAY        0                        20    -20        5
  MONTH TO DATE  279                       460   -181      268
  SINCE DEC 1   1727                      1931   -204     1427
  SINCE JUL 1   2253                      2567   -314     1845

 COOLING
  YESTERDAY        6                         0      6        0
  MONTH TO DATE   17                         0     17        5
  SINCE DEC 1     17                         1     16        5
  SINCE JAN 1     17                         0     17        5
..................................................................


WIND (MPH)
  HIGHEST WIND SPEED    16   HIGHEST WIND DIRECTION     S (200)
  HIGHEST GUST SPEED    21   HIGHEST GUST DIRECTION     S (200)
  AVERAGE WIND SPEED     8.3


SKY COVER
  POSSIBLE SUNSHINE  MM
  AVERAGE SKY COVER 0.7


WEATHER CONDITIONS
 THE FOLLOWING WEATHER WAS RECORDED YESTERDAY.
  LIGHT RAIN


RELATIVE HUMIDITY (PERCENT)
 HIGHEST   100           300 AM
 LOWEST     58           400 PM
 AVERAGE    79

..........................................................


THE CHARLOTTE NC CLIMATE NORMALS FOR TODAY
                         NORMAL    RECORD    YEAR
 MAXIMUM TEMPERATURE (F)   57        74      1990
                                             1897
 MINIMUM TEMPERATURE (F)   34        12      1963


SUNRISE AND SUNSET
FEBRUARY 22 2018......SUNRISE   702 AM EST   SUNSET   613 PM EST
FEBRUARY 23 2018......SUNRISE   701 AM EST   SUNSET   614 PM EST


-  INDICATES NEGATIVE NUMBERS.
R  INDICATES RECORD WAS SET OR TIED.
MM INDICATES DATA IS MISSING.
T  INDICATES TRACE AMOUNT.




$$
