000
CDUS42 KGSP 302039
CLICLT

CLIMATE REPORT
NATIONAL WEATHER SERVICE GREENVILLE-SPARTANBURG SC
439 PM EDT THU JUL 30 2015


...................................

...THE CHARLOTTE NC CLIMATE SUMMARY FOR JULY 30 2015...
VALID TODAY AS OF 0435 PM LOCAL TIME.

CLIMATE NORMAL PERIOD 1981 TO 2010
CLIMATE RECORD PERIOD 1878 TO 2015


WEATHER ITEM   OBSERVED TIME   RECORD YEAR NORMAL DEPARTURE LAST
                VALUE   (LST)  VALUE       VALUE  FROM      YEAR
                                                  NORMAL
..................................................................
TEMPERATURE (F)
 TODAY
  MAXIMUM         97    328 PM 101    2011  89      8       85
  MINIMUM         74    532 AM  58    1914  68      6       63
  AVERAGE         86                        78      8       74

PRECIPITATION (IN)
  TODAY            0.00          4.24 1879   0.14  -0.14     0.00
  MONTH TO DATE    1.02                      3.54  -2.52     2.93
  SINCE JUN 1      3.92                      7.28  -3.36     5.78
  SINCE JAN 1     18.39                     24.24  -5.85    28.57

SNOWFALL (IN)
  TODAY            0.0           0.0    MM   0.0    0.0      0.0
  MONTH TO DATE    0.0                       0.0    0.0      0.0
  SINCE JUN 1      0.0                       0.0    0.0      0.0
  SINCE JUL 1      0.0                       0.0    0.0      0.0
  SNOW DEPTH       0

DEGREE DAYS
 HEATING
  TODAY            0                         0      0        0
  MONTH TO DATE    0                         0      0        0
  SINCE JUN 1      0                         3     -3        0
  SINCE JUL 1      0                         0      0        0

 COOLING
  TODAY           21                        13      8        9
  MONTH TO DATE  519                       412    107      388
  SINCE JUN 1    978                       723    255      761
  SINCE JAN 1   1271                       886    385      989
..................................................................


WIND (MPH)
  HIGHEST WIND SPEED    10   HIGHEST WIND DIRECTION     N (20)
  HIGHEST GUST SPEED    14   HIGHEST GUST DIRECTION    NW (330)
  AVERAGE WIND SPEED     2.3


SKY COVER
  POSSIBLE SUNSHINE  MM
  AVERAGE SKY COVER 0.5


WEATHER CONDITIONS
 THE FOLLOWING WEATHER WAS RECORDED TODAY.
  NO SIGNIFICANT WEATHER WAS OBSERVED.


RELATIVE HUMIDITY (PERCENT)
 HIGHEST    94           500 AM
 LOWEST     35           300 PM
 AVERAGE    65

..........................................................


THE CHARLOTTE NC CLIMATE NORMALS FOR TOMORROW
                         NORMAL    RECORD    YEAR
 MAXIMUM TEMPERATURE (F)   89       100      1999
                                             1931
                                             1915
 MINIMUM TEMPERATURE (F)   68        56      1914


SUNRISE AND SUNSET
JULY 30 2015..........SUNRISE   631 AM EDT   SUNSET   829 PM EDT
JULY 31 2015..........SUNRISE   632 AM EDT   SUNSET   828 PM EDT


-  INDICATES NEGATIVE NUMBERS.
R  INDICATES RECORD WAS SET OR TIED.
MM INDICATES DATA IS MISSING.
T  INDICATES TRACE AMOUNT.

$$

OUTLAW
