941
CDUS42 KGSP 252035
CLICLT

CLIMATE REPORT
NATIONAL WEATHER SERVICE GREENVILLE-SPARTANBURG SC
430 PM EDT TUE APR 25 2017


...................................

...THE CHARLOTTE NC CLIMATE SUMMARY FOR APRIL 25 2017...VALID TODAY
AS OF 430 PM LOCAL TIME.

CLIMATE NORMAL PERIOD 1981 TO 2010
CLIMATE RECORD PERIOD 1878 TO 2017


WEATHER ITEM   OBSERVED TIME   RECORD YEAR NORMAL DEPARTURE LAST
                VALUE   (LST)  VALUE       VALUE  FROM      YEAR
                                                  NORMAL
..................................................................
TEMPERATURE (F)
 TODAY
  MAXIMUM         68    321 PM  93    1925  74     -6       80
  MINIMUM         54    632 AM  31    2005  49      5       55
  AVERAGE         61                        62     -1       68

PRECIPITATION (IN)
  TODAY            0.02          1.78 1978   0.10  -0.08     0.00
  MONTH TO DATE    5.54                      2.56   2.98     1.25
  SINCE MAR 1      8.25                      6.57   1.68     2.10
  SINCE JAN 1     15.16                     13.30   1.86     8.88

SNOWFALL (IN)
  TODAY            0.0           0.0    MM   0.0    0.0      0.0
  MONTH TO DATE    0.0                       0.1   -0.1      0.0
  SINCE MAR 1      1.1                       0.7    0.4      0.0
  SINCE JUL 1      2.2                       4.4   -2.2      3.3
  SNOW DEPTH       0

DEGREE DAYS
 HEATING
  TODAY            4                         5     -1        0
  MONTH TO DATE   87                       179    -92      152
  SINCE MAR 1    470                       612   -142      383
  SINCE JUL 1   2368                      3311   -943     2525

 COOLING
  TODAY            0                         2     -2        3
  MONTH TO DATE   64                        26     38       22
  SINCE MAR 1     82                        31     51       59
  SINCE JAN 1     87                        31     56       59
..................................................................


WIND (MPH)
  HIGHEST WIND SPEED    14   HIGHEST WIND DIRECTION     N (350)
  HIGHEST GUST SPEED    18   HIGHEST GUST DIRECTION     N (360)
  AVERAGE WIND SPEED     8.0


SKY COVER
  POSSIBLE SUNSHINE  MM
  AVERAGE SKY COVER 1.0


WEATHER CONDITIONS
 THE FOLLOWING WEATHER WAS RECORDED TODAY.
  LIGHT RAIN
  FOG
  HAZE


RELATIVE HUMIDITY (PERCENT)
 HIGHEST    93          1200 AM
 LOWEST     68           100 PM
 AVERAGE    81

..........................................................


THE CHARLOTTE NC CLIMATE NORMALS FOR TOMORROW
                         NORMAL    RECORD    YEAR
 MAXIMUM TEMPERATURE (F)   75        92      1915
 MINIMUM TEMPERATURE (F)   50        34      1910


SUNRISE AND SUNSET
APRIL 25 2017.........SUNRISE   639 AM EDT   SUNSET   805 PM EDT
APRIL 26 2017.........SUNRISE   638 AM EDT   SUNSET   806 PM EDT


-  INDICATES NEGATIVE NUMBERS.
R  INDICATES RECORD WAS SET OR TIED.
MM INDICATES DATA IS MISSING.
T  INDICATES TRACE AMOUNT.




$$
