000
CDUS42 KGSP 290642
CLICLT

CLIMATE REPORT
NATIONAL WEATHER SERVICE GREENVILLE-SPARTANBURG SC
127 AM EST THU JAN 29 2015


...................................

...THE CHARLOTTE NC CLIMATE SUMMARY FOR JANUARY 28 2015...

CLIMATE NORMAL PERIOD 1981 TO 2010
CLIMATE RECORD PERIOD 1878 TO 2015


WEATHER ITEM   OBSERVED TIME   RECORD YEAR NORMAL DEPARTURE LAST
                VALUE   (LST)  VALUE       VALUE  FROM      YEAR
                                                  NORMAL
..................................................................
TEMPERATURE (F)
 YESTERDAY
  MAXIMUM         49    404 PM  79    1944  52     -3       38
  MINIMUM         23    645 AM   5    1986  30     -7       20
  AVERAGE         36                        41     -5       29

PRECIPITATION (IN)
  YESTERDAY        0.00          1.27 1882   0.11  -0.11     0.11
  MONTH TO DATE    2.80                      3.09  -0.29     2.91
  SINCE DEC 1      5.37                      6.34  -0.97    10.04
  SINCE JAN 1      2.80                      3.09  -0.29     2.91

SNOWFALL (IN)
  YESTERDAY        0.0           5.5  1899   0.1   -0.1      0.9
  MONTH TO DATE    0.0                       1.9   -1.9      0.9
  SINCE DEC 1      0.0                       2.2   -2.2      0.9
  SINCE JUL 1      T                         2.3   -2.3      0.9
  SNOW DEPTH       0

DEGREE DAYS
 HEATING
  YESTERDAY       29                        24      5       36
  MONTH TO DATE  675                       696    -21      791
  SINCE DEC 1   1265                      1397   -132     1368
  SINCE JUL 1   1923                      2033   -110     2018

 COOLING
  YESTERDAY        0                         0      0        0
  MONTH TO DATE    0                         0      0        0
  SINCE DEC 1      0                         1     -1        8
  SINCE JAN 1      0                         0      0        0
..................................................................


WIND (MPH)
  HIGHEST WIND SPEED     9   HIGHEST WIND DIRECTION     N (10)
  HIGHEST GUST SPEED    13   HIGHEST GUST DIRECTION     W (280)
  AVERAGE WIND SPEED     4.4


SKY COVER
  POSSIBLE SUNSHINE  MM
  AVERAGE SKY COVER 0.1


WEATHER CONDITIONS
 THE FOLLOWING WEATHER WAS RECORDED YESTERDAY.
  NO SIGNIFICANT WEATHER WAS OBSERVED.


RELATIVE HUMIDITY (PERCENT)
 HIGHEST    58          1200 AM
 LOWEST     24           400 PM
 AVERAGE    41

..........................................................


THE CHARLOTTE NC CLIMATE NORMALS FOR TODAY
                         NORMAL    RECORD    YEAR
 MAXIMUM TEMPERATURE (F)   52        79      2002
 MINIMUM TEMPERATURE (F)   30         8      1897


SUNRISE AND SUNSET
JANUARY 29 2015.......SUNRISE   725 AM EST   SUNSET   549 PM EST
JANUARY 30 2015.......SUNRISE   725 AM EST   SUNSET   550 PM EST


-  INDICATES NEGATIVE NUMBERS.
R  INDICATES RECORD WAS SET OR TIED.
MM INDICATES DATA IS MISSING.
T  INDICATES TRACE AMOUNT.

$$
07
