000
CDUS46 KLOX 250126
CLICMA


CLIMATE REPORT
NATIONAL WEATHER SERVICE LOS ANGELES/OXNARD CA
626 PM PDT FRI MAR 24 2017


...................................

...THE CAMARILLO CLIMATE SUMMARY FOR MARCH 24 2017...
VALID TODAY AS OF 0600 PM LOCAL TIME.

CLIMATE NORMAL PERIOD 1981 TO 2010
CLIMATE RECORD PERIOD 1948 TO 2017


WEATHER ITEM   OBSERVED TIME   RECORD YEAR NORMAL DEPARTURE LAST
                VALUE   (LST)  VALUE       VALUE  FROM      YEAR
                                                  NORMAL
..................................................................
TEMPERATURE (F)
 TODAY
  MAXIMUM         67   1251 PM  82    1988  66      1       78
  MINIMUM         44    549 AM  33    1964  48     -4       47
  AVERAGE         56                        57     -1       63

PRECIPITATION (IN)
  TODAY            0.00          1.30 1983   0.03  -0.03     0.00
  MONTH TO DATE    0.20                      2.41  -2.21     1.91
  SINCE OCT 1     19.21                     13.59   5.62     5.41
  SINCE JAN 1     14.55                      9.59   4.96     4.85

SNOWFALL (IN)
  TODAY            0.0
  MONTH TO DATE    0.0
  SINCE MAR 1      0.0
  SINCE JUL 1      0.0

DEGREE DAYS
 HEATING
  TODAY            9                         8      1        2
  MONTH TO DATE  130                       221    -91      135
  SINCE MAR 1    130                       221    -91      135
  SINCE JUL 1   1118                      1557   -439      952

 COOLING
  TODAY            0                         0      0        0
  MONTH TO DATE    1                         0      1        1
  SINCE MAR 1      1                         0      1        1
  SINCE JAN 1      2                         9     -7       59
..................................................................


WIND (MPH)
  HIGHEST WIND SPEED    17   HIGHEST WIND DIRECTION     W (260)
  HIGHEST GUST SPEED    22   HIGHEST GUST DIRECTION     W (250)
  AVERAGE WIND SPEED     6.2


SKY COVER
  POSSIBLE SUNSHINE  MM
  AVERAGE SKY COVER 0.0


WEATHER CONDITIONS
 THE FOLLOWING WEATHER WAS RECORDED TODAY.
  NO SIGNIFICANT WEATHER WAS OBSERVED.


RELATIVE HUMIDITY (PERCENT)
 HIGHEST    93           200 AM
 LOWEST     52           100 PM
 AVERAGE    73

..........................................................


THE CAMARILLO CLIMATE NORMALS FOR TOMORROW
                         NORMAL    RECORD    YEAR
 MAXIMUM TEMPERATURE (F)   66        94      1988
 MINIMUM TEMPERATURE (F)   48        37      1964


SUNRISE AND SUNSET
MARCH 24 2017.........SUNRISE   654 AM PDT   SUNSET   711 PM PDT
MARCH 25 2017.........SUNRISE   653 AM PDT   SUNSET   712 PM PDT


-  INDICATES NEGATIVE NUMBERS.
R  INDICATES RECORD WAS SET OR TIED.
MM INDICATES DATA IS MISSING.
T  INDICATES TRACE AMOUNT.




$$
