000
CDUS46 KLOX 300909
CLICMA


CLIMATE REPORT
NATIONAL WEATHER SERVICE LOS ANGELES/OXNARD CA
208 AM PDT SUN APR 30 2017


...................................

...THE CAMARILLO AIRPORT CA CLIMATE SUMMARY FOR APRIL 29 2017...

CLIMATE NORMAL PERIOD 1981 TO 2010
CLIMATE RECORD PERIOD 1948 TO 2017


WEATHER ITEM   OBSERVED TIME   RECORD YEAR NORMAL DEPARTURE LAST
                VALUE   (LST)  VALUE       VALUE  FROM      YEAR
                                                  NORMAL
..................................................................
TEMPERATURE (F)
 YESTERDAY
  MAXIMUM         87   1208 PM  96    1981  70     17       67
  MINIMUM         54   1159 PM  37    1970  49      5       48
  AVERAGE         71                        60     11       58

PRECIPITATION (IN)
  YESTERDAY        0.00          0.79 1983   0.02  -0.02     0.00
  MONTH TO DATE    0.13                      0.76  -0.63     0.57
  SINCE OCT 1     19.36                     14.59   4.77     5.98
  SINCE JAN 1     14.70                     10.59   4.11     5.42

SNOWFALL (IN)
  YESTERDAY        0.0
  MONTH TO DATE    0.0
  SINCE MAR 1      0.0
  SINCE JUL 1      0.0

DEGREE DAYS
 HEATING
  YESTERDAY        0                         6     -6        7
  MONTH TO DATE   97                       201   -104      101
  SINCE MAR 1    259                       478   -219      289
  SINCE JUL 1   1247                      1814   -567     1106

 COOLING
  YESTERDAY        6                         0      6        0
  MONTH TO DATE   16                         0     16       12
  SINCE MAR 1     20                         4     16       13
  SINCE JAN 1     21                        13      8       71
..................................................................


WIND (MPH)
  HIGHEST WIND SPEED    29   HIGHEST WIND DIRECTION    NE (60)
  HIGHEST GUST SPEED    38   HIGHEST GUST DIRECTION     E (80)
  AVERAGE WIND SPEED    15.3


SKY COVER
  POSSIBLE SUNSHINE  MM
  AVERAGE SKY COVER 0.0


WEATHER CONDITIONS
 THE FOLLOWING WEATHER WAS RECORDED YESTERDAY.
  NO SIGNIFICANT WEATHER WAS OBSERVED.


RELATIVE HUMIDITY (PERCENT)
 HIGHEST    61          1000 PM
 LOWEST      7          1100 AM
 AVERAGE    34

..........................................................


THE CAMARILLO AIRPORT CA CLIMATE NORMALS FOR TODAY
                         NORMAL    RECORD    YEAR
 MAXIMUM TEMPERATURE (F)   71        94      2014
 MINIMUM TEMPERATURE (F)   49        39      1967


SUNRISE AND SUNSET
APRIL 30 2017.........SUNRISE   608 AM PDT   SUNSET   740 PM PDT
MAY  1 2017...........SUNRISE   607 AM PDT   SUNSET   741 PM PDT


-  INDICATES NEGATIVE NUMBERS.
R  INDICATES RECORD WAS SET OR TIED.
MM INDICATES DATA IS MISSING.
T  INDICATES TRACE AMOUNT.




$$
