000
CDUS46 KLOX 020111
CLICMA


CLIMATE REPORT
NATIONAL WEATHER SERVICE LOS ANGELES/OXNARD CA
511 PM PST SUN MAR 1 2015


...................................

...THE CAMARILLO CLIMATE SUMMARY FOR MARCH 1 2015...
VALID TODAY AS OF 0500 PM LOCAL TIME.

CLIMATE NORMAL PERIOD 1981 TO 2010
CLIMATE RECORD PERIOD 1948 TO 2015


WEATHER ITEM   OBSERVED TIME   RECORD YEAR NORMAL DEPARTURE LAST
                VALUE   (LST)  VALUE       VALUE  FROM      YEAR
                                                  NORMAL
..................................................................
TEMPERATURE (F)
 TODAY
  MAXIMUM         65    136 PM  89    2013  65      0       62
  MINIMUM         49    703 AM  32    2007  44      5       54
  AVERAGE         57                        55      2       58

PRECIPITATION (IN)
  TODAY            0.02          2.20 1983   0.19  -0.17     0.71
  MONTH TO DATE    0.02                      0.19  -0.17     0.71
  SINCE OCT 1      7.51                     11.37  -3.86     4.81
  SINCE JAN 1      2.60                      7.37  -4.77     4.03

SNOWFALL (IN)
  TODAY           MM
  MONTH TO DATE   MM
  SINCE MAR 1     MM
  SINCE JUL 1      0.0

DEGREE DAYS
 HEATING
  TODAY            8                        11     -3        7
  MONTH TO DATE    8                        11     -3        7
  SINCE MAR 1      8                        11     -3        7
  SINCE JUL 1    665                      1347   -682      960

 COOLING
  TODAY            0                         0      0        0
  MONTH TO DATE    0                         0      0        0
  SINCE MAR 1      0                         0      0        0
  SINCE JAN 1     39                         9     30       28
..................................................................


WIND (MPH)
  HIGHEST WIND SPEED    16   HIGHEST WIND DIRECTION     S (200)
  HIGHEST GUST SPEED    21   HIGHEST GUST DIRECTION    SW (210)
  AVERAGE WIND SPEED    10.2


SKY COVER
  POSSIBLE SUNSHINE  MM
  AVERAGE SKY COVER 0.3


WEATHER CONDITIONS
 THE FOLLOWING WEATHER WAS RECORDED TODAY.
  THUNDERSTORM
  HEAVY RAIN
  LIGHT RAIN


RELATIVE HUMIDITY (PERCENT)
 HIGHEST    86           200 AM
 LOWEST     44           200 PM
 AVERAGE    65

..........................................................


THE CAMARILLO CLIMATE NORMALS FOR TOMORROW
                         NORMAL    RECORD    YEAR
 MAXIMUM TEMPERATURE (F)   65        82      1994
 MINIMUM TEMPERATURE (F)   44        31      1953


SUNRISE AND SUNSET
MARCH  1 2015.........SUNRISE   625 AM PST   SUNSET   552 PM PST
MARCH  2 2015.........SUNRISE   624 AM PST   SUNSET   553 PM PST


-  INDICATES NEGATIVE NUMBERS.
R  INDICATES RECORD WAS SET OR TIED.
MM INDICATES DATA IS MISSING.
T  INDICATES TRACE AMOUNT.




$$
