000
CDUS46 KLOX 210127
CLICMA


CLIMATE REPORT
NATIONAL WEATHER SERVICE LOS ANGELES/OXNARD CA
627 PM PDT FRI OCT 20 2017


...................................

...THE CAMARILLO CLIMATE SUMMARY FOR OCTOBER 20 2017...
VALID TODAY AS OF 0600 PM LOCAL TIME.

CLIMATE NORMAL PERIOD 1981 TO 2010
CLIMATE RECORD PERIOD 1923 TO 2017


WEATHER ITEM   OBSERVED TIME   RECORD YEAR NORMAL DEPARTURE LAST
                VALUE   (LST)  VALUE       VALUE  FROM      YEAR
                                                  NORMAL
..................................................................
TEMPERATURE (F)
 TODAY
  MAXIMUM         75    131 PM  98    2016  73      2       98
  MINIMUM         56    645 AM  40    1949  52      4       62
                                      1943
  AVERAGE         66                        63      3       80

PRECIPITATION (IN)
  TODAY            0.00          0.46 2004   0.02  -0.02     0.00
  MONTH TO DATE    0.00                      0.30  -0.30     0.19
  SINCE OCT 1      0.00                      0.30  -0.30     0.19
  SINCE JAN 1     14.80                     11.52   3.28     5.61

SNOWFALL (IN)
  TODAY            0.0
  MONTH TO DATE    0.0
  SINCE SEP 1      0.0
  SINCE JUL 1      0.0

DEGREE DAYS
 HEATING
  TODAY            0                         3     -3        0
  MONTH TO DATE   10                        49    -39       19
  SINCE SEP 1     14                        66    -52       23
  SINCE JUL 1     15                        81    -66       23

 COOLING
  TODAY            1                         1      0       15
  MONTH TO DATE   63                        20     43       50
  SINCE SEP 1    256                        91    165      199
  SINCE JAN 1    752                       303    449      664
..................................................................


WIND (MPH)
  HIGHEST WIND SPEED    25   HIGHEST WIND DIRECTION     W (270)
  HIGHEST GUST SPEED    31   HIGHEST GUST DIRECTION     W (280)
  AVERAGE WIND SPEED     9.6


SKY COVER
  POSSIBLE SUNSHINE  MM
  AVERAGE SKY COVER 0.1


WEATHER CONDITIONS
 THE FOLLOWING WEATHER WAS RECORDED TODAY.
  FOG


RELATIVE HUMIDITY (PERCENT)
 HIGHEST    86           200 AM
 LOWEST     49           300 PM
 AVERAGE    68

..........................................................


THE CAMARILLO CLIMATE NORMALS FOR TOMORROW
                         NORMAL    RECORD    YEAR
 MAXIMUM TEMPERATURE (F)   73        98      1965
                                             1942
 MINIMUM TEMPERATURE (F)   52        39      1924


SUNRISE AND SUNSET
OCTOBER 20 2017.......SUNRISE   706 AM PDT   SUNSET   616 PM PDT
OCTOBER 21 2017.......SUNRISE   707 AM PDT   SUNSET   615 PM PDT


-  INDICATES NEGATIVE NUMBERS.
R  INDICATES RECORD WAS SET OR TIED.
MM INDICATES DATA IS MISSING.
T  INDICATES TRACE AMOUNT.




$$
