000
CDUS46 KLOX 280910
CLICMA


CLIMATE REPORT
NATIONAL WEATHER SERVICE LOS ANGELES/OXNARD CA
210 AM PDT MON JUL 28 2014


...................................

...THE CAMARILLO AIRPORT CA CLIMATE SUMMARY FOR JULY 27 2014...

CLIMATE NORMAL PERIOD 1981 TO 2010
CLIMATE RECORD PERIOD 1948 TO 2014


WEATHER ITEM   OBSERVED TIME   RECORD YEAR NORMAL DEPARTURE LAST
                VALUE   (LST)  VALUE       VALUE  FROM      YEAR
                                                  NORMAL
..................................................................
TEMPERATURE (F)
 YESTERDAY
  MAXIMUM         82    453 PM  88    1977  77      5       74
  MINIMUM         67    619 AM  46    1965  58      9       60
  AVERAGE         75                        67      8       67

PRECIPITATION (IN)
  YESTERDAY        0.00          T    1968   0.00   0.00     0.00
  MONTH TO DATE    T                         0.02  -0.02     0.04
  SINCE JUL 1      T                         0.02  -0.02     0.04
  SINCE JAN 1      4.19                     11.00  -6.81     2.19

SNOWFALL (IN)
  YESTERDAY        0.0
  MONTH TO DATE    0.0
  SINCE JUN 1      0.0
  SINCE JUL 1      0.0

DEGREE DAYS
 HEATING
  YESTERDAY        0                         0      0        0
  MONTH TO DATE    0                         1     -1        0
  SINCE JUN 1     12                        44    -32        0
  SINCE JUL 1      0                         1     -1        0

 COOLING
  YESTERDAY       10                         3      7        2
  MONTH TO DATE  186                        64    122      116
  SINCE JUN 1    231                        87    144      262
  SINCE JAN 1    379                       118    261      368
..................................................................


WIND (MPH)
  HIGHEST WIND SPEED    15   HIGHEST WIND DIRECTION    SW (230)
  HIGHEST GUST SPEED    21   HIGHEST GUST DIRECTION    SW (220)
  AVERAGE WIND SPEED     4.9


SKY COVER
  POSSIBLE SUNSHINE  MM
  AVERAGE SKY COVER 0.3


WEATHER CONDITIONS
 THE FOLLOWING WEATHER WAS RECORDED YESTERDAY.
  NO SIGNIFICANT WEATHER WAS OBSERVED.


RELATIVE HUMIDITY (PERCENT)
 HIGHEST    87          1200 AM
 LOWEST     30           500 PM
 AVERAGE    59

..........................................................


THE CAMARILLO AIRPORT CA CLIMATE NORMALS FOR TODAY
                         NORMAL    RECORD    YEAR
 MAXIMUM TEMPERATURE (F)   77        89      1977
 MINIMUM TEMPERATURE (F)   58        49      1965


SUNRISE AND SUNSET
JULY 28 2014..........SUNRISE   605 AM PDT   SUNSET   801 PM PDT
JULY 29 2014..........SUNRISE   605 AM PDT   SUNSET   800 PM PDT


-  INDICATES NEGATIVE NUMBERS.
R  INDICATES RECORD WAS SET OR TIED.
MM INDICATES DATA IS MISSING.
T  INDICATES TRACE AMOUNT.




$$
