000
CDUS46 KLOX 270112
CLICMA


CLIMATE REPORT
NATIONAL WEATHER SERVICE LOS ANGELES/OXNARD CA
612 PM PDT THU MAR 26 2015


...................................

...THE CAMARILLO CLIMATE SUMMARY FOR MARCH 26 2015...
VALID TODAY AS OF 0600 PM LOCAL TIME.

CLIMATE NORMAL PERIOD 1981 TO 2010
CLIMATE RECORD PERIOD 1948 TO 2015


WEATHER ITEM   OBSERVED TIME   RECORD YEAR NORMAL DEPARTURE LAST
                VALUE   (LST)  VALUE       VALUE  FROM      YEAR
                                                  NORMAL
..................................................................
TEMPERATURE (F)
 TODAY
  MAXIMUM         93   1110 AM  94    1988  67     26       66
  MINIMUM         54    120 AM  36    1961  48      6       55
  AVERAGE         74                        57     17       61

PRECIPITATION (IN)
  TODAY            0.00          2.27 1993   0.03  -0.03      T
  MONTH TO DATE    0.52                      2.48  -1.96     0.71
  SINCE OCT 1      8.01                     13.66  -5.65     4.81
  SINCE JAN 1      3.10                      9.66  -6.56     4.03

SNOWFALL (IN)
  TODAY            0.0
  MONTH TO DATE    0.0
  SINCE MAR 1      0.0
  SINCE JUL 1      0.0

DEGREE DAYS
 HEATING
  TODAY            0                         8     -8        4
  MONTH TO DATE   81                       237   -156      115
  SINCE MAR 1     81                       237   -156      115
  SINCE JUL 1    738                      1573   -835     1068

 COOLING
  TODAY            9                         0      9        0
  MONTH TO DATE   54                         0     54       12
  SINCE MAR 1     54                         0     54       12
  SINCE JAN 1     93                         9     84       40
..................................................................


WIND (MPH)
  HIGHEST WIND SPEED    20   HIGHEST WIND DIRECTION     E (70)
  HIGHEST GUST SPEED    24   HIGHEST GUST DIRECTION    NE (60)
  AVERAGE WIND SPEED     6.6


SKY COVER
  POSSIBLE SUNSHINE  MM
  AVERAGE SKY COVER 0.0


WEATHER CONDITIONS
 THE FOLLOWING WEATHER WAS RECORDED TODAY.
  NO SIGNIFICANT WEATHER WAS OBSERVED.


RELATIVE HUMIDITY (PERCENT)
 HIGHEST    72          1200 AM
 LOWEST     10          1100 AM
 AVERAGE    41

..........................................................


THE CAMARILLO CLIMATE NORMALS FOR TOMORROW
                         NORMAL    RECORD    YEAR
 MAXIMUM TEMPERATURE (F)   67        86      1968
 MINIMUM TEMPERATURE (F)   48        40      2002


SUNRISE AND SUNSET
MARCH 26 2015.........SUNRISE   652 AM PDT   SUNSET   713 PM PDT
MARCH 27 2015.........SUNRISE   651 AM PDT   SUNSET   713 PM PDT


-  INDICATES NEGATIVE NUMBERS.
R  INDICATES RECORD WAS SET OR TIED.
MM INDICATES DATA IS MISSING.
T  INDICATES TRACE AMOUNT.




$$
