000
CDUS41 KILN 250546
CLICMH


CLIMATE REPORT
NATIONAL WEATHER SERVICE WILMINGTON OH
146 AM EDT MON MAY 25 2015


...................................

...THE COLUMBUS OH CLIMATE SUMMARY FOR MAY 24 2015...

CLIMATE NORMAL PERIOD 1981 TO 2010
CLIMATE RECORD PERIOD 1869 TO 2015


WEATHER ITEM   OBSERVED TIME   RECORD YEAR NORMAL DEPARTURE LAST
                VALUE   (LST)  VALUE       VALUE  FROM      YEAR
                                                  NORMAL
..................................................................
TEMPERATURE (F)
 YESTERDAY
  MAXIMUM         83    520 PM  90    1975  75      8       78
                                      1880
  MINIMUM         50    517 AM  36    1956  55     -5       50
                                      1925
  AVERAGE         67                        65      2       64

PRECIPITATION (IN)
  YESTERDAY        0.00          1.82 1885   0.14  -0.14     0.00
  MONTH TO DATE    2.71                      3.15  -0.44     4.00
  SINCE MAR 1     10.72                      9.57   1.15    12.06
  SINCE JAN 1     15.29                     14.55   0.74    16.85

SNOWFALL (IN)
  YESTERDAY        0.0           0.0    MM   0.0    0.0      0.0
  MONTH TO DATE    0.0                       0.0    0.0      0.0
  SINCE MAR 1      5.4                       5.3    0.1      5.4
  SINCE JUL 1     33.4                      26.7    6.7     56.4
  SNOW DEPTH       0

DEGREE DAYS
 HEATING
  YESTERDAY        0                         3     -3        1
  MONTH TO DATE   85                       127    -42      112
  SINCE MAR 1   1264                      1214     50     1249
  SINCE JUL 1   5818                      5209    609     5633

 COOLING
  YESTERDAY        2                         3     -1        0
  MONTH TO DATE   93                        44     49       80
  SINCE MAR 1     93                        56     37       88
  SINCE JAN 1     93                        56     37       88
..................................................................


WIND (MPH)
  RESULTANT WIND SPEED   4   RESULTANT WIND DIRECTION   S (160)
  HIGHEST WIND SPEED    16   HIGHEST WIND DIRECTION     S (190)
  HIGHEST GUST SPEED    22   HIGHEST GUST DIRECTION     S (190)
  AVERAGE WIND SPEED     5.1


SKY COVER
  POSSIBLE SUNSHINE  MM
  AVERAGE SKY COVER 0.5


WEATHER CONDITIONS
 THE FOLLOWING WEATHER WAS RECORDED YESTERDAY.
  NO SIGNIFICANT WEATHER WAS OBSERVED.


RELATIVE HUMIDITY (PERCENT)
 HIGHEST    83           400 AM
 LOWEST     33           600 PM
 AVERAGE    58

..........................................................


THE COLUMBUS OH CLIMATE NORMALS FOR TODAY
                         NORMAL    RECORD    YEAR
 MAXIMUM TEMPERATURE (F)   75        93      1975
 MINIMUM TEMPERATURE (F)   55        33      1925


SUNRISE AND SUNSET
MAY 25 2015...........SUNRISE   609 AM EDT   SUNSET   849 PM EDT
MAY 26 2015...........SUNRISE   608 AM EDT   SUNSET   850 PM EDT


-  INDICATES NEGATIVE NUMBERS.
R  INDICATES RECORD WAS SET OR TIED.
MM INDICATES DATA IS MISSING.
T  INDICATES TRACE AMOUNT.




$$
