000
CDUS41 KILN 010559
CLICMH


CLIMATE REPORT
NATIONAL WEATHER SERVICE WILMINGTON OH
159 AM EDT SUN MAY 1 2016


...................................

...THE COLUMBUS OH CLIMATE SUMMARY FOR APRIL 30 2016...

CLIMATE NORMAL PERIOD 1981 TO 2010
CLIMATE RECORD PERIOD 1869 TO 2016


WEATHER ITEM   OBSERVED TIME   RECORD YEAR NORMAL DEPARTURE LAST
                VALUE   (LST)  VALUE       VALUE  FROM      YEAR
                                                  NORMAL
..................................................................
TEMPERATURE (F)
 YESTERDAY
  MAXIMUM         56   1125 PM  89    1942  68    -12       57
  MINIMUM         42    407 AM  30    1971  47     -5       45
  AVERAGE         49                        58     -9       51

PRECIPITATION (IN)
  YESTERDAY        0.26          2.03 1983   0.11   0.15     0.05
  MONTH TO DATE    2.31                      3.40  -1.09     4.09
  SINCE MAR 1      6.58                      6.42   0.16     8.01
  SINCE JAN 1     10.99                     11.40  -0.41    12.58

SNOWFALL (IN)
  YESTERDAY        0.0           2.4  1908   0.0    0.0      0.0
  MONTH TO DATE    0.3                       1.1   -0.8      0.0
  SINCE MAR 1      2.6                       5.3   -2.7      5.4
  SINCE JUL 1     17.1                      26.7   -9.6     33.4
  SNOW DEPTH       0

DEGREE DAYS
 HEATING
  YESTERDAY       16                         8      8       14
  MONTH TO DATE  400                       371     29      345
  SINCE MAR 1    904                      1087   -183     1179
  SINCE JUL 1   4345                      5082   -737     5733

 COOLING
  YESTERDAY        0                         1     -1        0
  MONTH TO DATE    1                        12    -11        0
  SINCE MAR 1      1                        12    -11        0
  SINCE JAN 1      1                        12    -11        0
..................................................................


WIND (MPH)
  RESULTANT WIND SPEED   6   RESULTANT WIND DIRECTION   E (100)
  HIGHEST WIND SPEED    14   HIGHEST WIND DIRECTION     E (110)
  HIGHEST GUST SPEED    20   HIGHEST GUST DIRECTION    SE (120)
  AVERAGE WIND SPEED     6.0


SKY COVER
  POSSIBLE SUNSHINE  MM
  AVERAGE SKY COVER 0.9


WEATHER CONDITIONS
 THE FOLLOWING WEATHER WAS RECORDED YESTERDAY.
  LIGHT RAIN
  FOG
  HAZE


RELATIVE HUMIDITY (PERCENT)
 HIGHEST   100           400 PM
 LOWEST     77          1200 AM
 AVERAGE    89

..........................................................


THE COLUMBUS OH CLIMATE NORMALS FOR TODAY
                         NORMAL    RECORD    YEAR
 MAXIMUM TEMPERATURE (F)   69        88      1942
 MINIMUM TEMPERATURE (F)   48        30      1978
                                             1963


SUNRISE AND SUNSET
MAY  1 2016...........SUNRISE   631 AM EDT   SUNSET   827 PM EDT
MAY  2 2016...........SUNRISE   630 AM EDT   SUNSET   828 PM EDT


-  INDICATES NEGATIVE NUMBERS.
R  INDICATES RECORD WAS SET OR TIED.
MM INDICATES DATA IS MISSING.
T  INDICATES TRACE AMOUNT.




$$
