000
CDUS41 KILN 250625
CLICMH


CLIMATE REPORT
NATIONAL WEATHER SERVICE WILMINGTON OH
224 AM EDT THU MAY 25 2017


...................................

...THE COLUMBUS OH CLIMATE SUMMARY FOR MAY 24 2017...

CLIMATE NORMAL PERIOD 1981 TO 2010
CLIMATE RECORD PERIOD 1869 TO 2017


WEATHER ITEM   OBSERVED TIME   RECORD YEAR NORMAL DEPARTURE LAST
                VALUE   (LST)  VALUE       VALUE  FROM      YEAR
                                                  NORMAL
..................................................................
TEMPERATURE (F)
 YESTERDAY
  MAXIMUM         69    530 PM  90    1975  75     -6       80
                                      1880
  MINIMUM         60    535 AM  36    1956  55      5       50
                                      1925
  AVERAGE         65                        65      0       65

PRECIPITATION (IN)
  YESTERDAY        0.02          1.82 1885   0.14  -0.12     0.00
  MONTH TO DATE    4.36                      3.15   1.21     2.14
  SINCE MAR 1     12.34                      9.57   2.77     8.72
  SINCE JAN 1     17.80                     14.55   3.25    13.13

SNOWFALL (IN)
  YESTERDAY        0.0           0.0         0.0    0.0      0.0
  MONTH TO DATE    0.0                       0.0    0.0      0.0
  SINCE MAR 1      1.7                       5.3   -3.6      2.6
  SINCE JUL 1      9.3                      26.7  -17.4     17.1
  SNOW DEPTH       0

DEGREE DAYS
 HEATING
  YESTERDAY        0                         3     -3        0
  MONTH TO DATE  134                       127      7      202
  SINCE MAR 1   1001                      1214   -213     1106
  SINCE JUL 1   4270                      5209   -939     4547

 COOLING
  YESTERDAY        0                         3     -3        0
  MONTH TO DATE   47                        44      3        3
  SINCE MAR 1     91                        56     35        4
  SINCE JAN 1     95                        56     39        4
..................................................................


WIND (MPH)
  RESULTANT WIND SPEED   8   RESULTANT WIND DIRECTION   E (110)
  HIGHEST WIND SPEED    18   HIGHEST WIND DIRECTION     E (110)
  HIGHEST GUST SPEED    22   HIGHEST GUST DIRECTION     E (90)
  AVERAGE WIND SPEED     9.0


SKY COVER
  POSSIBLE SUNSHINE  MM
  AVERAGE SKY COVER 1.0


WEATHER CONDITIONS
 THE FOLLOWING WEATHER WAS RECORDED YESTERDAY.
  LIGHT RAIN
  FOG


RELATIVE HUMIDITY (PERCENT)
 HIGHEST   100           600 AM
 LOWEST     76           700 PM
 AVERAGE    88

..........................................................


THE COLUMBUS OH CLIMATE NORMALS FOR TODAY
                         NORMAL    RECORD    YEAR
 MAXIMUM TEMPERATURE (F)   75        93      1975
 MINIMUM TEMPERATURE (F)   55        33      1925


SUNRISE AND SUNSET
MAY 25 2017...........SUNRISE   608 AM EDT   SUNSET   849 PM EDT
MAY 26 2017...........SUNRISE   608 AM EDT   SUNSET   850 PM EDT


-  INDICATES NEGATIVE NUMBERS.
R  INDICATES RECORD WAS SET OR TIED.
MM INDICATES DATA IS MISSING.
T  INDICATES TRACE AMOUNT.




$$
