000
CDUS41 KILN 290628
CLICMH


CLIMATE REPORT
NATIONAL WEATHER SERVICE WILMINGTON OH
128 AM EST MON DEC 29 2014


...................................

...THE COLUMBUS OH CLIMATE SUMMARY FOR DECEMBER 28 2014...

CLIMATE NORMAL PERIOD 1981 TO 2010
CLIMATE RECORD PERIOD 1869 TO 2014


WEATHER ITEM   OBSERVED TIME   RECORD YEAR NORMAL DEPARTURE LAST
                VALUE   (LST)  VALUE       VALUE  FROM      YEAR
                                                  NORMAL
..................................................................
TEMPERATURE (F)
 YESTERDAY
  MAXIMUM         47    136 AM  68    1984  37     10       52
  MINIMUM         31   1159 PM -10    1950  24      7       32
  AVERAGE         39                        31      8       42

PRECIPITATION (IN)
  YESTERDAY        0.15          0.91 1988   0.10   0.05     0.00
  MONTH TO DATE    2.70                      2.69   0.01     3.96
  SINCE DEC 1      2.70                      2.69   0.01     3.96
  SINCE JAN 1     38.09                     39.03  -0.94    41.21

SNOWFALL (IN)
  YESTERDAY        0.0           3.6  1999   0.2   -0.2      0.0
  MONTH TO DATE    T                         4.3   -4.3     12.5
  SINCE DEC 1      T                         4.3   -4.3     12.5
  SINCE JUL 1      4.1                       5.4   -1.3     17.2
  SNOW DEPTH       0

DEGREE DAYS
 HEATING
  YESTERDAY       26                        34     -8       23
  MONTH TO DATE  775                       872    -97      831
  SINCE DEC 1    775                       872    -97      831
  SINCE JUL 1   1960                      1886     74     1893

 COOLING
  YESTERDAY        0                         0      0        0
  MONTH TO DATE    0                         0      0        0
  SINCE DEC 1      0                         0      0        0
  SINCE JAN 1   1163                      1024    139     1179
..................................................................


WIND (MPH)
  RESULTANT WIND SPEED   6   RESULTANT WIND DIRECTION  NW (320)
  HIGHEST WIND SPEED    21   HIGHEST WIND DIRECTION    NW (330)
  HIGHEST GUST SPEED    25   HIGHEST GUST DIRECTION    NW (330)
  AVERAGE WIND SPEED     7.8


SKY COVER
  POSSIBLE SUNSHINE  MM
  AVERAGE SKY COVER 0.9


WEATHER CONDITIONS
 THE FOLLOWING WEATHER WAS RECORDED YESTERDAY.
  RAIN
  LIGHT RAIN
  FOG


RELATIVE HUMIDITY (PERCENT)
 HIGHEST   100           500 AM
 LOWEST     70           200 PM
 AVERAGE    85

..........................................................


THE COLUMBUS OH CLIMATE NORMALS FOR TODAY
                         NORMAL    RECORD    YEAR
 MAXIMUM TEMPERATURE (F)   37        67      1889
 MINIMUM TEMPERATURE (F)   24       -10      1880


SUNRISE AND SUNSET
DECEMBER 29 2014......SUNRISE   753 AM EST   SUNSET   515 PM EST
DECEMBER 30 2014......SUNRISE   753 AM EST   SUNSET   515 PM EST


-  INDICATES NEGATIVE NUMBERS.
R  INDICATES RECORD WAS SET OR TIED.
MM INDICATES DATA IS MISSING.
T  INDICATES TRACE AMOUNT.




$$
