000
CDUS41 KILN 300547
CLICMH


CLIMATE REPORT
NATIONAL WEATHER SERVICE WILMINGTON OH
141 AM EDT TUE AUG 30 2016


...................................

...THE COLUMBUS OH CLIMATE SUMMARY FOR AUGUST 29 2016...

CLIMATE NORMAL PERIOD 1981 TO 2010
CLIMATE RECORD PERIOD 1869 TO 2016


WEATHER ITEM   OBSERVED TIME   RECORD YEAR NORMAL DEPARTURE LAST
                VALUE   (LST)  VALUE       VALUE  FROM      YEAR
                                                  NORMAL
..................................................................
TEMPERATURE (F)
 YESTERDAY
  MAXIMUM         87    309 PM  98    1953  83      4       86
  MINIMUM         70   1154 PM  39    1965  62      8       59
  AVERAGE         79                        72      7       73

PRECIPITATION (IN)
  YESTERDAY        0.00          2.51 2008   0.11  -0.11     0.33
  MONTH TO DATE    5.29                      3.10   2.19     3.40
  SINCE JUN 1     13.00                     11.90   1.10    15.53
  SINCE JAN 1     26.73                     27.47  -0.74    31.67

SNOWFALL (IN)
  YESTERDAY        0.0           0.0         0.0    0.0      0.0
  MONTH TO DATE    0.0                       0.0    0.0      0.0
  SINCE JUN 1      0.0                       0.0    0.0      0.0
  SINCE JUL 1      0.0                       0.0    0.0      0.0
  SNOW DEPTH       0

DEGREE DAYS
 HEATING
  YESTERDAY        0                         0      0        0
  MONTH TO DATE    0                         0      0        5
  SINCE JUN 1      4                        19    -15       25
  SINCE JUL 1      0                         0      0        5

 COOLING
  YESTERDAY       14                         8      6        8
  MONTH TO DATE  377                       266    111      201
  SINCE JUN 1   1005                       792    213      681
  SINCE JAN 1   1070                       874    196      834
..................................................................


WIND (MPH)
  RESULTANT WIND SPEED   6   RESULTANT WIND DIRECTION  NE (40)
  HIGHEST WIND SPEED    13   HIGHEST WIND DIRECTION    NE (50)
  HIGHEST GUST SPEED    16   HIGHEST GUST DIRECTION    NE (30)
  AVERAGE WIND SPEED     6.5


SKY COVER
  POSSIBLE SUNSHINE
  AVERAGE SKY COVER 0.5


WEATHER CONDITIONS
 THE FOLLOWING WEATHER WAS RECORDED YESTERDAY.
  NO SIGNIFICANT WEATHER WAS OBSERVED.


RELATIVE HUMIDITY (PERCENT)
 HIGHEST    93           200 AM
 LOWEST     55           400 PM
 AVERAGE    74

..........................................................


THE COLUMBUS OH CLIMATE NORMALS FOR TODAY
                         NORMAL    RECORD    YEAR
 MAXIMUM TEMPERATURE (F)   82       100      1953
 MINIMUM TEMPERATURE (F)   62        45      1976


SUNRISE AND SUNSET
AUGUST 30 2016........SUNRISE   658 AM EDT   SUNSET   805 PM EDT
AUGUST 31 2016........SUNRISE   659 AM EDT   SUNSET   804 PM EDT


-  INDICATES NEGATIVE NUMBERS.
R  INDICATES RECORD WAS SET OR TIED.
MM INDICATES DATA IS MISSING.
T  INDICATES TRACE AMOUNT.




$$
