000
CDUS41 KILN 200557
CLICMH


CLIMATE REPORT
NATIONAL WEATHER SERVICE WILMINGTON OH
1256 AM EST FRI JAN 20 2017


...................................

...THE COLUMBUS OH CLIMATE SUMMARY FOR JANUARY 19 2017...

CLIMATE NORMAL PERIOD 1981 TO 2010
CLIMATE RECORD PERIOD 1869 TO 2017


WEATHER ITEM   OBSERVED TIME   RECORD YEAR NORMAL DEPARTURE LAST
                VALUE   (LST)  VALUE       VALUE  FROM      YEAR
                                                  NORMAL
..................................................................
TEMPERATURE (F)
 YESTERDAY
  MAXIMUM         45    448 PM  67    1907  36      9       20
  MINIMUM         39    941 AM -22    1994  22     17        6
  AVERAGE         42                        29     13       13

PRECIPITATION (IN)
  YESTERDAY        0.00          0.91 1986   0.09  -0.09     0.00
  MONTH TO DATE    1.83                      1.73   0.10     1.01
  SINCE DEC 1      4.92                      4.70   0.22     5.89
  SINCE JAN 1      1.83                      1.73   0.10     1.01

SNOWFALL (IN)
  YESTERDAY        0.0           5.0  1956   0.3   -0.3      0.0
  MONTH TO DATE    0.9                       5.7   -4.8      3.9
  SINCE DEC 1      6.3                      10.7   -4.4      3.9
  SINCE JUL 1      6.3                      11.8   -5.5      3.9
  SNOW DEPTH       0

DEGREE DAYS
 HEATING
  YESTERDAY       23                        36    -13       52
  MONTH TO DATE  561                       677   -116      714
  SINCE DEC 1   1562                      1654    -92     1338
  SINCE JUL 1   2328                      2668   -340     2143

 COOLING
  YESTERDAY        0                         0      0        0
  MONTH TO DATE    0                         0      0        0
  SINCE DEC 1      0                         0      0        0
  SINCE JAN 1      0                         0      0        0
..................................................................


WIND (MPH)
  RESULTANT WIND SPEED   4   RESULTANT WIND DIRECTION  SE (140)
  HIGHEST WIND SPEED    13   HIGHEST WIND DIRECTION     E (100)
  HIGHEST GUST SPEED    16   HIGHEST GUST DIRECTION     E (90)
  AVERAGE WIND SPEED     7.4


SKY COVER
  POSSIBLE SUNSHINE  MM
  AVERAGE SKY COVER 1.0


WEATHER CONDITIONS
 THE FOLLOWING WEATHER WAS RECORDED YESTERDAY.
  HAZE


RELATIVE HUMIDITY (PERCENT)
 HIGHEST    85           100 AM
 LOWEST     70           200 PM
 AVERAGE    78

..........................................................


THE COLUMBUS OH CLIMATE NORMALS FOR TODAY
                         NORMAL    RECORD    YEAR
 MAXIMUM TEMPERATURE (F)   36        68      1906
 MINIMUM TEMPERATURE (F)   22       -19      1985


SUNRISE AND SUNSET
JANUARY 20 2017.......SUNRISE   749 AM EST   SUNSET   537 PM EST
JANUARY 21 2017.......SUNRISE   748 AM EST   SUNSET   538 PM EST


-  INDICATES NEGATIVE NUMBERS.
R  INDICATES RECORD WAS SET OR TIED.
MM INDICATES DATA IS MISSING.
T  INDICATES TRACE AMOUNT.




$$
