381
CDUS41 KILN 242152
CLICMH


CLIMATE REPORT
NATIONAL WEATHER SERVICE WILMINGTON OH
452 PM EST SAT FEB 24 2018


...................................

...THE COLUMBUS OH CLIMATE SUMMARY FOR FEBRUARY 24 2018...
VALID TODAY AS OF 0400 PM LOCAL TIME.

CLIMATE NORMAL PERIOD 1981 TO 2010
CLIMATE RECORD PERIOD 1869 TO 2018


WEATHER ITEM   OBSERVED TIME   RECORD YEAR NORMAL DEPARTURE LAST
                VALUE   (LST)  VALUE       VALUE  FROM      YEAR
                                                  NORMAL
..................................................................
TEMPERATURE (F)
 TODAY
  MAXIMUM         52   1218 AM  78    2017  43      9       78
  MINIMUM         47   1034 AM -11    2015  27     20       59
  AVERAGE         50                        35     15       69

PRECIPITATION (IN)
  TODAY            0.52          2.16 1890   0.08   0.44     0.39
  MONTH TO DATE    4.36                      1.92   2.44     2.21
  SINCE DEC 1      8.51                      7.62   0.89     8.13
  SINCE JAN 1      6.75                      4.65   2.10     5.04

SNOWFALL (IN)
  TODAY            0.0           3.8  1990   0.2   -0.2      0.0
  MONTH TO DATE    6.0                       5.2    0.8      0.6
  SINCE DEC 1     24.6                      19.4    5.2      7.6
  SINCE JUL 1     24.6                      20.5    4.1      7.6
  SNOW DEPTH       0

DEGREE DAYS
 HEATING
  TODAY           15                        30    -15        0
  MONTH TO DATE  661                       786   -125      551
  SINCE DEC 1   2861                      2864     -3     2419
  SINCE JUL 1   3780                      3878    -98     3185

 COOLING
  TODAY            0                         0      0        4
  MONTH TO DATE    4                         0      4        4
  SINCE DEC 1      4                         0      4        4
  SINCE JAN 1      4                         0      4        4
..................................................................


WIND (MPH)
  HIGHEST WIND SPEED    22   HIGHEST WIND DIRECTION     N (10)
  HIGHEST GUST SPEED    24   HIGHEST GUST DIRECTION     N (10)
  AVERAGE WIND SPEED     8.0


SKY COVER
  POSSIBLE SUNSHINE  MM
  AVERAGE SKY COVER 1.0


WEATHER CONDITIONS
 THE FOLLOWING WEATHER WAS RECORDED TODAY.
  HEAVY RAIN
  RAIN
  LIGHT RAIN
  FOG


RELATIVE HUMIDITY (PERCENT)
 HIGHEST   100           600 AM
 LOWEST     86           200 AM
 AVERAGE    93

..........................................................


THE COLUMBUS OH CLIMATE NORMALS FOR TOMORROW
                         NORMAL    RECORD    YEAR
 MAXIMUM TEMPERATURE (F)   44        74      2000
 MINIMUM TEMPERATURE (F)   27        -7      1900


SUNRISE AND SUNSET
FEBRUARY 24 2018......SUNRISE   712 AM EST   SUNSET   618 PM EST
FEBRUARY 25 2018......SUNRISE   711 AM EST   SUNSET   619 PM EST


-  INDICATES NEGATIVE NUMBERS.
R  INDICATES RECORD WAS SET OR TIED.
MM INDICATES DATA IS MISSING.
T  INDICATES TRACE AMOUNT.




$$
