000
CDUS43 KILX 270648
CLICMI


CLIMATE REPORT
NATIONAL WEATHER SERVICE LINCOLN IL
1241 AM CST FRI FEB 27 2015


...................................

...THE CHAMPAIGN IL AIRPORT CLIMATE SUMMARY FOR FEBRUARY 26 2015...

CLIMATE NORMAL PERIOD 1981 TO 2010
CLIMATE RECORD PERIOD 9999 TO 9999


WEATHER ITEM   OBSERVED TIME   RECORD YEAR NORMAL DEPARTURE LAST
                VALUE   (LST)  VALUE       VALUE  FROM      YEAR
                                                  NORMAL
..................................................................
TEMPERATURE (F)
 YESTERDAY
  MAXIMUM         24    101 AM  MM      MM  42    -18       19
  MINIMUM          9   1039 PM  MM      MM  25    -16        3
  AVERAGE         17                        33    -16       11

PRECIPITATION (IN)
  YESTERDAY        0.02         MM      MM   0.07  -0.05      T
  MONTH TO DATE    0.55                      1.88  -1.33     2.04
  SINCE DEC 1      3.34                      6.45  -3.11     4.62
  SINCE JAN 1      1.67                      3.93  -2.26     2.75

DEGREE DAYS
 HEATING
  YESTERDAY       48                        32     16       54
  MONTH TO DATE 1189                       932    257     1207
  SINCE DEC 1   3412                      3278    134     3793
  SINCE JUL 1   4762                      4442    320     4987

 COOLING
  YESTERDAY        0                         0      0        0
  MONTH TO DATE    0                         0      0        0
  SINCE DEC 1      0                         0      0        0
  SINCE JAN 1      0                         0      0        0
..................................................................


WIND (MPH)
  HIGHEST WIND SPEED    22   HIGHEST WIND DIRECTION     N (360)
  HIGHEST GUST SPEED    25   HIGHEST GUST DIRECTION     N (10)
  AVERAGE WIND SPEED    13.1


SKY COVER
  POSSIBLE SUNSHINE  MM
  AVERAGE SKY COVER 0.9


WEATHER CONDITIONS
 THE FOLLOWING WEATHER WAS RECORDED YESTERDAY.
  LIGHT SNOW
  FOG
  HAZE


RELATIVE HUMIDITY (PERCENT)
 HIGHEST    88          1200 AM
 LOWEST     62           400 PM
 AVERAGE    75

..........................................................


THE CHAMPAIGN IL AIRPORT CLIMATE NORMALS FOR TODAY
                         NORMAL    RECORD    YEAR
 MAXIMUM TEMPERATURE (F)   42        MM        MM
 MINIMUM TEMPERATURE (F)   25        MM        MM


SUNRISE AND SUNSET
FEBRUARY 27 2015......SUNRISE   630 AM CST   SUNSET   542 PM CST
FEBRUARY 28 2015......SUNRISE   628 AM CST   SUNSET   544 PM CST


-  INDICATES NEGATIVE NUMBERS.
R  INDICATES RECORD WAS SET OR TIED.
MM INDICATES DATA IS MISSING.
T  INDICATES TRACE AMOUNT.




$$
