000
CDUS43 KILX 280641
CLICMI


CLIMATE REPORT
NATIONAL WEATHER SERVICE LINCOLN IL
1240 AM CST SUN DEC 28 2014


...................................

...THE CHAMPAIGN IL AIRPORT CLIMATE SUMMARY FOR DECEMBER 27 2014...

CLIMATE NORMAL PERIOD 1981 TO 2010
CLIMATE RECORD PERIOD 9999 TO 9999


WEATHER ITEM   OBSERVED TIME   RECORD YEAR NORMAL DEPARTURE LAST
                VALUE   (LST)  VALUE       VALUE  FROM      YEAR
                                                  NORMAL
..................................................................
TEMPERATURE (F)
 YESTERDAY
  MAXIMUM         49   1156 AM  MM      MM  34     15       46
  MINIMUM         30   1159 PM  MM      MM  19     11       26
  AVERAGE         40                        26     14       36

PRECIPITATION (IN)
  YESTERDAY        0.15         MM      MM   0.08   0.07     0.00
  MONTH TO DATE    1.67                      2.14  -0.47     1.87
  SINCE DEC 1      1.67                      2.14  -0.47     1.87
  SINCE JAN 1     39.06                     39.34  -0.28    31.76

DEGREE DAYS
 HEATING
  YESTERDAY       25                        39    -14       29
  MONTH TO DATE  819                       961   -142     1027
  SINCE DEC 1    819                       961   -142     1027
  SINCE JUL 1   2169                      2125     44     2221

 COOLING
  YESTERDAY        0                         0      0        0
  MONTH TO DATE    0                         0      0        0
  SINCE DEC 1      0                         0      0        0
  SINCE JAN 1    948                       945      3     1067
..................................................................


WIND (MPH)
  HIGHEST WIND SPEED    25   HIGHEST WIND DIRECTION     W (290)
  HIGHEST GUST SPEED    33   HIGHEST GUST DIRECTION     W (280)
  AVERAGE WIND SPEED    14.0


SKY COVER
  POSSIBLE SUNSHINE  MM
  AVERAGE SKY COVER 0.9


WEATHER CONDITIONS
 THE FOLLOWING WEATHER WAS RECORDED YESTERDAY.
  LIGHT RAIN
  LIGHT SNOW
  FOG


RELATIVE HUMIDITY (PERCENT)
 HIGHEST   100           700 PM
 LOWEST     78          1000 PM
 AVERAGE    89

..........................................................


THE CHAMPAIGN IL AIRPORT CLIMATE NORMALS FOR TODAY
                         NORMAL    RECORD    YEAR
 MAXIMUM TEMPERATURE (F)   34        MM        MM
 MINIMUM TEMPERATURE (F)   19        MM        MM


SUNRISE AND SUNSET
DECEMBER 28 2014......SUNRISE   714 AM CST   SUNSET   435 PM CST
DECEMBER 29 2014......SUNRISE   715 AM CST   SUNSET   436 PM CST


-  INDICATES NEGATIVE NUMBERS.
R  INDICATES RECORD WAS SET OR TIED.
MM INDICATES DATA IS MISSING.
T  INDICATES TRACE AMOUNT.




$$
