000
CDUS43 KILX 290635
CLICMI


CLIMATE REPORT
NATIONAL WEATHER SERVICE LINCOLN IL
135 AM CDT FRI JUL 29 2016


...................................

...THE CHAMPAIGN IL AIRPORT CLIMATE SUMMARY FOR JULY 28 2016...

CLIMATE NORMAL PERIOD 1981 TO 2010
CLIMATE RECORD PERIOD 9999 TO 9999


WEATHER ITEM   OBSERVED TIME   RECORD YEAR NORMAL DEPARTURE LAST
                VALUE   (LST)  VALUE       VALUE  FROM      YEAR
                                                  NORMAL
..................................................................
TEMPERATURE (F)
 YESTERDAY
  MAXIMUM         84    420 PM  MM      MM  83      1       92
  MINIMUM         70   1135 PM  MM      MM  63      7       72
  AVERAGE         77                        73      4       82

PRECIPITATION (IN)
  YESTERDAY        0.55         MM      MM   0.12   0.43     0.34
  MONTH TO DATE    4.81                      4.00   0.81     2.37
  SINCE JUN 1     10.00                      8.17   1.83    10.72
  SINCE JAN 1     20.51                     23.33  -2.82    22.13

DEGREE DAYS
 HEATING
  YESTERDAY        0                         0      0        0
  MONTH TO DATE    8                         0      8        1
  SINCE JUN 1     10                        17     -7        7
  SINCE JUL 1      8                         0      8        1

 COOLING
  YESTERDAY       12                         8      4       17
  MONTH TO DATE  282                       259     23      236
  SINCE JUN 1    572                       482     90      467
  SINCE JAN 1    672                       574     98      621
..................................................................


WIND (MPH)
  HIGHEST WIND SPEED    17   HIGHEST WIND DIRECTION    NW (330)
  HIGHEST GUST SPEED    20   HIGHEST GUST DIRECTION     N (340)
  AVERAGE WIND SPEED     3.5


SKY COVER
  POSSIBLE SUNSHINE  MM
  AVERAGE SKY COVER 0.3


WEATHER CONDITIONS
 THE FOLLOWING WEATHER WAS RECORDED YESTERDAY.
  THUNDERSTORM
  HEAVY RAIN
  RAIN
  LIGHT RAIN
  FOG


RELATIVE HUMIDITY (PERCENT)
 HIGHEST   100           800 PM
 LOWEST     74          1100 AM
 AVERAGE    87

..........................................................


THE CHAMPAIGN IL AIRPORT CLIMATE NORMALS FOR TODAY
                         NORMAL    RECORD    YEAR
 MAXIMUM TEMPERATURE (F)   83        MM        MM
 MINIMUM TEMPERATURE (F)   63        MM        MM


SUNRISE AND SUNSET
JULY 29 2016..........SUNRISE   549 AM CDT   SUNSET   809 PM CDT
JULY 30 2016..........SUNRISE   550 AM CDT   SUNSET   808 PM CDT


-  INDICATES NEGATIVE NUMBERS.
R  INDICATES RECORD WAS SET OR TIED.
MM INDICATES DATA IS MISSING.
T  INDICATES TRACE AMOUNT.




$$
