000
CDUS43 KILX 062135
CLICMI


CLIMATE REPORT
NATIONAL WEATHER SERVICE LINCOLN IL
434 PM CDT FRI MAY 6 2016


...................................

...THE CHAMPAIGN IL AIRPORT CLIMATE SUMMARY FOR MAY 6 2016...
VALID TODAY AS OF 0400 PM LOCAL TIME.

CLIMATE NORMAL PERIOD 1981 TO 2010
CLIMATE RECORD PERIOD 9999 TO 9999


WEATHER ITEM   OBSERVED TIME   RECORD YEAR NORMAL DEPARTURE LAST
                VALUE   (LST)  VALUE       VALUE  FROM      YEAR
                                                  NORMAL
..................................................................
TEMPERATURE (F)
 TODAY
  MAXIMUM         77    259 PM  MM      MM  72      5       88
  MINIMUM         41    449 AM  MM      MM  48     -7       60
  AVERAGE         59                        60     -1       74

PRECIPITATION (IN)
  TODAY            0.00         MM      MM   0.16  -0.16     0.00
  MONTH TO DATE    0.17                      0.97  -0.80     0.09
  SINCE MAR 1      6.49                      7.51  -1.02     4.24
  SINCE JAN 1      8.15                     11.58  -3.43     5.91

DEGREE DAYS
 HEATING
  TODAY            6                         7     -1        0
  MONTH TO DATE   61                        44     17       13
  SINCE MAR 1    980                      1206   -226     1214
  SINCE JUL 1   4667                      5708  -1041     6090

 COOLING
  TODAY            0                         1     -1        9
  MONTH TO DATE    0                         6     -6       32
  SINCE MAR 1     14                        17     -3       35
  SINCE JAN 1     14                        17     -3       35
..................................................................


WIND (MPH)
  HIGHEST WIND SPEED    15   HIGHEST WIND DIRECTION     W (280)
  HIGHEST GUST SPEED    23   HIGHEST GUST DIRECTION    NW (330)
  AVERAGE WIND SPEED     6.8


SKY COVER
  POSSIBLE SUNSHINE  MM
  AVERAGE SKY COVER 0.1


WEATHER CONDITIONS
 THE FOLLOWING WEATHER WAS RECORDED TODAY.
  NO SIGNIFICANT WEATHER WAS OBSERVED.


RELATIVE HUMIDITY (PERCENT)
 HIGHEST    89           200 AM
 LOWEST     27           200 PM
 AVERAGE    58

..........................................................


THE CHAMPAIGN IL AIRPORT CLIMATE NORMALS FOR TOMORROW
                         NORMAL    RECORD    YEAR
 MAXIMUM TEMPERATURE (F)   72        MM        MM
 MINIMUM TEMPERATURE (F)   48        MM        MM


SUNRISE AND SUNSET
MAY  6 2016...........SUNRISE   547 AM CDT   SUNSET   753 PM CDT
MAY  7 2016...........SUNRISE   545 AM CDT   SUNSET   754 PM CDT


-  INDICATES NEGATIVE NUMBERS.
R  INDICATES RECORD WAS SET OR TIED.
MM INDICATES DATA IS MISSING.
T  INDICATES TRACE AMOUNT.




$$
