000
CDUS43 KILX 220710
CLICMI


CLIMATE REPORT
NATIONAL WEATHER SERVICE LINCOLN IL
109 AM CST MON JAN 22 2018


...................................

...THE CHAMPAIGN IL AIRPORT CLIMATE SUMMARY FOR JANUARY 21 2018...

CLIMATE NORMAL PERIOD 1981 TO 2010
CLIMATE RECORD PERIOD 9999 TO 9999


WEATHER ITEM   OBSERVED TIME   RECORD YEAR NORMAL DEPARTURE LAST
                VALUE   (LST)  VALUE       VALUE  FROM      YEAR
                                                  NORMAL
..................................................................
TEMPERATURE (F)
 YESTERDAY
  MAXIMUM         51    400 PM  MM      MM  34     17       63
  MINIMUM         37    311 AM  MM      MM  17     20       47
  AVERAGE         44                        25     19       55

PRECIPITATION (IN)
  YESTERDAY        0.12         MM      MM   0.05   0.07     0.00
  MONTH TO DATE    0.47                      1.53  -1.06     2.40
  SINCE DEC 1      0.70                      4.05  -3.35     3.55
  SINCE JAN 1      0.47                      1.53  -1.06     2.40

DEGREE DAYS
 HEATING
  YESTERDAY       21                        40    -19       10
  MONTH TO DATE  954                       836    118      704
  SINCE DEC 1   2069                      1953    116     1810
  SINCE JUL 1   3020                      3117    -97     2543

 COOLING
  YESTERDAY        0                         0      0        0
  MONTH TO DATE    0                         0      0        0
  SINCE DEC 1      0                         0      0        0
  SINCE JAN 1      0                         0      0        0
..................................................................


WIND (MPH)
  HIGHEST WIND SPEED    18   HIGHEST WIND DIRECTION     S (160)
  HIGHEST GUST SPEED    23   HIGHEST GUST DIRECTION     S (160)
  AVERAGE WIND SPEED    11.0


SKY COVER
  POSSIBLE SUNSHINE  MM
  AVERAGE SKY COVER 1.0


WEATHER CONDITIONS
 THE FOLLOWING WEATHER WAS RECORDED YESTERDAY.
  RAIN
  LIGHT RAIN
  FOG
  FOG W/VISIBILITY <= 1/4 MILE


RELATIVE HUMIDITY (PERCENT)
 HIGHEST   100          1200 AM
 LOWEST    100          1200 AM
 AVERAGE   100

..........................................................


THE CHAMPAIGN IL AIRPORT CLIMATE NORMALS FOR TODAY
                         NORMAL    RECORD    YEAR
 MAXIMUM TEMPERATURE (F)   34        MM        MM
 MINIMUM TEMPERATURE (F)   17        MM        MM


SUNRISE AND SUNSET
JANUARY 22 2018.......SUNRISE   710 AM CST   SUNSET   500 PM CST
JANUARY 23 2018.......SUNRISE   709 AM CST   SUNSET   502 PM CST


-  INDICATES NEGATIVE NUMBERS.
R  INDICATES RECORD WAS SET OR TIED.
MM INDICATES DATA IS MISSING.
T  INDICATES TRACE AMOUNT.




$$
