000
CDUS43 KILX 200649
CLICMI


CLIMATE REPORT
NATIONAL WEATHER SERVICE LINCOLN IL
1249 AM CST MON NOV 20 2017


...................................

...THE CHAMPAIGN IL AIRPORT CLIMATE SUMMARY FOR NOVEMBER 19 2017...

CLIMATE NORMAL PERIOD 1981 TO 2010
CLIMATE RECORD PERIOD 9999 TO 9999


WEATHER ITEM   OBSERVED TIME   RECORD YEAR NORMAL DEPARTURE LAST
                VALUE   (LST)  VALUE       VALUE  FROM      YEAR
                                                  NORMAL
..................................................................
TEMPERATURE (F)
 YESTERDAY
  MAXIMUM         36    242 PM  MM      MM  49    -13       40
  MINIMUM         28    706 PM  MM      MM  31     -3       27
  AVERAGE         32                        40     -8       34

PRECIPITATION (IN)
  YESTERDAY        0.00         MM      MM   0.12  -0.12     0.00
  MONTH TO DATE    2.30                      2.22   0.08     1.16
  SINCE SEP 1      9.43                      8.64   0.79     9.42
  SINCE JAN 1     31.53                     35.92  -4.39    33.92

DEGREE DAYS
 HEATING
  YESTERDAY       33                        25      8       31
  MONTH TO DATE  412                       393     19      262
  SINCE SEP 1    700                       845   -145      454
  SINCE JUL 1    704                       854   -150      462

 COOLING
  YESTERDAY        0                         0      0        0
  MONTH TO DATE    0                         0      0       11
  SINCE SEP 1    238                       117    121      263
  SINCE JAN 1   1126                       944    182     1284
..................................................................


WIND (MPH)
  HIGHEST WIND SPEED    23   HIGHEST WIND DIRECTION     W (280)
  HIGHEST GUST SPEED    27   HIGHEST GUST DIRECTION    NW (300)
  AVERAGE WIND SPEED    14.0


SKY COVER
  POSSIBLE SUNSHINE  MM
  AVERAGE SKY COVER 0.4


WEATHER CONDITIONS
 THE FOLLOWING WEATHER WAS RECORDED YESTERDAY.
  NO SIGNIFICANT WEATHER WAS OBSERVED.


RELATIVE HUMIDITY (PERCENT)
 HIGHEST    85           800 PM
 LOWEST     56           300 PM
 AVERAGE    71

..........................................................


THE CHAMPAIGN IL AIRPORT CLIMATE NORMALS FOR TODAY
                         NORMAL    RECORD    YEAR
 MAXIMUM TEMPERATURE (F)   49        MM        MM
 MINIMUM TEMPERATURE (F)   30        MM        MM


SUNRISE AND SUNSET
NOVEMBER 20 2017......SUNRISE   644 AM CST   SUNSET   433 PM CST
NOVEMBER 21 2017......SUNRISE   645 AM CST   SUNSET   432 PM CST


-  INDICATES NEGATIVE NUMBERS.
R  INDICATES RECORD WAS SET OR TIED.
MM INDICATES DATA IS MISSING.
T  INDICATES TRACE AMOUNT.




$$
