000
CDUS43 KILX 300708
CLICMI


CLIMATE REPORT
NATIONAL WEATHER SERVICE LINCOLN IL
208 AM CDT TUE AUG 30 2016


...................................

...THE CHAMPAIGN IL AIRPORT CLIMATE SUMMARY FOR AUGUST 29 2016...

CLIMATE NORMAL PERIOD 1981 TO 2010
CLIMATE RECORD PERIOD 9999 TO 9999


WEATHER ITEM   OBSERVED TIME   RECORD YEAR NORMAL DEPARTURE LAST
                VALUE   (LST)  VALUE       VALUE  FROM      YEAR
                                                  NORMAL
..................................................................
TEMPERATURE (F)
 YESTERDAY
  MAXIMUM         88    358 PM  MM      MM  83      5       82
  MINIMUM         68    545 AM  MM      MM  59      9       63
  AVERAGE         78                        71      7       73

PRECIPITATION (IN)
  YESTERDAY        0.00         MM      MM   0.13  -0.13     0.01
  MONTH TO DATE    3.99                      3.33   0.66     2.65
  SINCE JUN 1     13.99                     11.84   2.15    13.79
  SINCE JAN 1     24.50                     27.00  -2.50    25.20

DEGREE DAYS
 HEATING
  YESTERDAY        0                         0      0        0
  MONTH TO DATE    0                         0      0        5
  SINCE JUN 1     10                        19     -9       12
  SINCE JUL 1      8                         2      6        6

 COOLING
  YESTERDAY       13                         6      7        8
  MONTH TO DATE  303                       218     85      192
  SINCE JUN 1    901                       723    178      689
  SINCE JAN 1   1001                       815    186      843
..................................................................


WIND (MPH)
  HIGHEST WIND SPEED    12   HIGHEST WIND DIRECTION    SE (120)
  HIGHEST GUST SPEED    14   HIGHEST GUST DIRECTION     E (110)
  AVERAGE WIND SPEED     4.3


SKY COVER
  POSSIBLE SUNSHINE  MM
  AVERAGE SKY COVER 0.1


WEATHER CONDITIONS
 THE FOLLOWING WEATHER WAS RECORDED YESTERDAY.
  FOG


RELATIVE HUMIDITY (PERCENT)
 HIGHEST    97           600 AM
 LOWEST     63           100 PM
 AVERAGE    80

..........................................................


THE CHAMPAIGN IL AIRPORT CLIMATE NORMALS FOR TODAY
                         NORMAL    RECORD    YEAR
 MAXIMUM TEMPERATURE (F)   82        MM        MM
 MINIMUM TEMPERATURE (F)   59        MM        MM


SUNRISE AND SUNSET
AUGUST 30 2016........SUNRISE   619 AM CDT   SUNSET   727 PM CDT
AUGUST 31 2016........SUNRISE   620 AM CDT   SUNSET   725 PM CDT


-  INDICATES NEGATIVE NUMBERS.
R  INDICATES RECORD WAS SET OR TIED.
MM INDICATES DATA IS MISSING.
T  INDICATES TRACE AMOUNT.




$$
