000
CDUS43 KILX 212131
CLICMI


CLIMATE REPORT
NATIONAL WEATHER SERVICE LINCOLN IL
430 PM CDT TUE OCT 21 2014


...................................

...THE CHAMPAIGN IL AIRPORT CLIMATE SUMMARY FOR OCTOBER 21 2014...
VALID TODAY AS OF 0400 PM LOCAL TIME.

CLIMATE NORMAL PERIOD 1981 TO 2010
CLIMATE RECORD PERIOD 9999 TO 9999


WEATHER ITEM   OBSERVED TIME   RECORD YEAR NORMAL DEPARTURE LAST
                VALUE   (LST)  VALUE       VALUE  FROM      YEAR
                                                  NORMAL
..................................................................
TEMPERATURE (F)
 TODAY
  MAXIMUM         61   1238 PM  MM      MM  63     -2       54
  MINIMUM         41    206 AM  MM      MM  41      0       28
  AVERAGE         51                        52     -1       41

PRECIPITATION (IN)
  TODAY            0.00         MM      MM   0.11  -0.11      T
  MONTH TO DATE    2.92                      2.16   0.76     1.92
  SINCE SEP 1      6.10                      5.44   0.66     2.47
  SINCE JAN 1     34.67                     32.72   1.95    26.68

DEGREE DAYS
 HEATING
  TODAY           14                        13      1       24
  MONTH TO DATE  216                       217     -1      148
  SINCE SEP 1    298                       300     -2      176
  SINCE JUL 1    307                       309     -2      191

 COOLING
  TODAY            0                         0      0        0
  MONTH TO DATE    9                        14     -5       45
  SINCE SEP 1     91                       112    -21      214
  SINCE JAN 1    947                       939      8     1067
..................................................................


WIND (MPH)
  HIGHEST WIND SPEED    16   HIGHEST WIND DIRECTION    NE (30)
  HIGHEST GUST SPEED    22   HIGHEST GUST DIRECTION    NE (40)
  AVERAGE WIND SPEED     7.7


SKY COVER
  POSSIBLE SUNSHINE  MM
  AVERAGE SKY COVER 0.4


WEATHER CONDITIONS
 THE FOLLOWING WEATHER WAS RECORDED TODAY.
  FOG


RELATIVE HUMIDITY (PERCENT)
 HIGHEST   100           200 AM
 LOWEST     42           100 PM
 AVERAGE    71

..........................................................


THE CHAMPAIGN IL AIRPORT CLIMATE NORMALS FOR TOMORROW
                         NORMAL    RECORD    YEAR
 MAXIMUM TEMPERATURE (F)   63        MM        MM
 MINIMUM TEMPERATURE (F)   40        MM        MM


SUNRISE AND SUNSET
OCTOBER 21 2014.......SUNRISE   710 AM CDT   SUNSET   605 PM CDT
OCTOBER 22 2014.......SUNRISE   711 AM CDT   SUNSET   603 PM CDT


-  INDICATES NEGATIVE NUMBERS.
R  INDICATES RECORD WAS SET OR TIED.
MM INDICATES DATA IS MISSING.
T  INDICATES TRACE AMOUNT.




$$
