000
CDUS43 KTOP 272140
CLICNK


CLIMATE REPORT
NATIONAL WEATHER SERVICE TOPEKA KS
439 PM CDT WED AUG 27 2014


...................................

...THE CONCORDIA KS CLIMATE SUMMARY FOR AUGUST 27 2014...
VALID TODAY AS OF 0400 PM LOCAL TIME.

CLIMATE NORMAL PERIOD 1981 TO 2010
CLIMATE RECORD PERIOD 1885 TO 2014


WEATHER ITEM   OBSERVED TIME   RECORD YEAR NORMAL DEPARTURE LAST
                VALUE   (LST)  VALUE       VALUE  FROM      YEAR
                                                  NORMAL
..................................................................
TEMPERATURE (F)
 TODAY
  MAXIMUM         80    259 PM 107    1913  87     -7       93
  MINIMUM         69    424 AM  47    1906  64      5       72
  AVERAGE         75                        75      0       83

PRECIPITATION (IN)
  TODAY            0.12          1.86 1968   0.10   0.02     0.00
  MONTH TO DATE    5.14                      2.76   2.38     6.51
  SINCE JUN 1     12.98                     10.73   2.25    12.11
  SINCE JAN 1     18.81                     20.72  -1.91    23.50

SNOWFALL (IN)
  TODAY            0.0           0.0    MM   0.0    0.0      0.0
  MONTH TO DATE    0.0                       0.0    0.0      0.0
  SINCE JAN 1     16.9                      13.7    3.2     20.3
  SINCE JUL 1      0.0                       0.0    0.0      0.0
  SNOW DEPTH       0

DEGREE DAYS
 HEATING
  TODAY            0                         0      0        0
  MONTH TO DATE    0                         0      0        0
  SINCE JUN 1      3                        13    -10       22
  SINCE JUL 1      2                         0      2        7

 COOLING
  TODAY           10                        10      0       18
  MONTH TO DATE  339                       337      2      262
  SINCE JUN 1    988                      1038    -50      911
  SINCE JAN 1   1163                      1127     36     1014
..................................................................


WIND (MPH)
  HIGHEST WIND SPEED    15   HIGHEST WIND DIRECTION    NE (40)
  HIGHEST GUST SPEED    20   HIGHEST GUST DIRECTION    NE (40)
  AVERAGE WIND SPEED     4.7



WEATHER CONDITIONS
 THE FOLLOWING WEATHER WAS RECORDED TODAY.
  THUNDERSTORM
  LIGHT RAIN
  FOG


RELATIVE HUMIDITY (PERCENT)
 HIGHEST   100           100 AM
 LOWEST     79          1000 AM
 AVERAGE    90

..........................................................


THE CONCORDIA KS CLIMATE NORMALS FOR TOMORROW
                         NORMAL    RECORD    YEAR
 MAXIMUM TEMPERATURE (F)   87       107      2000
 MINIMUM TEMPERATURE (F)   63        48      1988
                                             1976
                                             1917


SUNRISE AND SUNSET
AUGUST 27 2014........SUNRISE   654 AM CDT   SUNSET   809 PM CDT
AUGUST 28 2014........SUNRISE   655 AM CDT   SUNSET   808 PM CDT


-  INDICATES NEGATIVE NUMBERS.
R  INDICATES RECORD WAS SET OR TIED.
MM INDICATES DATA IS MISSING.
T  INDICATES TRACE AMOUNT.




$$
