000
CDUS43 KICT 150641
CLICNU


CLIMATE REPORT
NATIONAL WEATHER SERVICE WICHITA KS
141 AM CDT TUE APR 15 2014


...................................

...THE CHANUTE KS CLIMATE SUMMARY FOR APRIL 14 2014...

CLIMATE NORMAL PERIOD 1981 TO 2010
CLIMATE RECORD PERIOD 1894 TO 2014


WEATHER ITEM   OBSERVED TIME   RECORD YEAR NORMAL DEPARTURE LAST
                VALUE   (LST)  VALUE       VALUE  FROM      YEAR
                                                  NORMAL
..................................................................
TEMPERATURE (F)
 YESTERDAY
  MAXIMUM         47    514 PM  96    1936  68    -21       78
  MINIMUM         29   1151 PM  23    1950  45    -16       55
  AVERAGE         38                        56    -18       67

PRECIPITATION (IN)
  YESTERDAY        0.01          1.14 1960   0.15  -0.14      T
  MONTH TO DATE    0.87                      1.83  -0.96     0.71
  SINCE MAR 1      1.84                      4.87  -3.03     2.70
  SINCE JAN 1      2.81                      8.03  -5.22     8.46

DEGREE DAYS
 HEATING
  YESTERDAY       27                         9     18        0
  MONTH TO DATE  153                       158     -5      189
  SINCE MAR 1    839                       717    122      895
  SINCE JUL 1   4859                      4289    570     3987

 COOLING
  YESTERDAY        0                         1     -1        2
  MONTH TO DATE    4                        10     -6        3
  SINCE MAR 1      4                        14    -10        3
  SINCE JAN 1      4                        14    -10        4
..................................................................


WIND (MPH)
  HIGHEST WIND SPEED    29   HIGHEST WIND DIRECTION     N (350)
  HIGHEST GUST SPEED    40   HIGHEST GUST DIRECTION     N (350)
  AVERAGE WIND SPEED    14.8


SKY COVER
  POSSIBLE SUNSHINE  MM
  AVERAGE SKY COVER 0.6


WEATHER CONDITIONS
 THE FOLLOWING WEATHER WAS RECORDED YESTERDAY.
  LIGHT SNOW
  FOG


RELATIVE HUMIDITY (PERCENT)
 HIGHEST    89           400 AM
 LOWEST     31           500 PM
 AVERAGE    60

..........................................................


THE CHANUTE KS CLIMATE NORMALS FOR TODAY
                         NORMAL    RECORD    YEAR
 MAXIMUM TEMPERATURE (F)   68        91      1936
 MINIMUM TEMPERATURE (F)   46        24      1928


SUNRISE AND SUNSET
APRIL 15 2014.........SUNRISE   647 AM CDT   SUNSET   758 PM CDT
APRIL 16 2014.........SUNRISE   646 AM CDT   SUNSET   758 PM CDT


-  INDICATES NEGATIVE NUMBERS.
R  INDICATES RECORD WAS SET OR TIED.
MM INDICATES DATA IS MISSING.
T  INDICATES TRACE AMOUNT.




$$

JMBW
