000
CDUS43 KICT 260631
CLICNU


CLIMATE REPORT
NATIONAL WEATHER SERVICE WICHITA KS
131 AM CDT WED APR 26 2017


...................................

...THE CHANUTE KS CLIMATE SUMMARY FOR APRIL 25 2017...

CLIMATE NORMAL PERIOD 1981 TO 2010
CLIMATE RECORD PERIOD 1894 TO 2017


WEATHER ITEM   OBSERVED TIME   RECORD YEAR NORMAL DEPARTURE LAST
                VALUE   (LST)  VALUE       VALUE  FROM      YEAR
                                                  NORMAL
..................................................................
TEMPERATURE (F)
 YESTERDAY
  MAXIMUM         76    221 PM  91    1901  71      5       78
  MINIMUM         53   1159 PM  33    2013  49      4       62
  AVERAGE         65                        60      5       70

PRECIPITATION (IN)
  YESTERDAY        0.42          1.33 1948   0.17   0.25     0.00
  MONTH TO DATE    6.91                      3.55   3.36     2.91
  SINCE MAR 1      8.93                      6.59   2.34     4.32
  SINCE JAN 1     11.08                      9.75   1.33     5.40

DEGREE DAYS
 HEATING
  YESTERDAY        0                         6     -6        0
  MONTH TO DATE  146                       243    -97      152
  SINCE MAR 1    556                       802   -246      540
  SINCE JUL 1   3324                      4374  -1050     3505

 COOLING
  YESTERDAY        0                         1     -1        5
  MONTH TO DATE   38                        21     17       20
  SINCE MAR 1     55                        25     30       20
  SINCE JAN 1     58                        25     33       20
..................................................................


WIND (MPH)
  HIGHEST WIND SPEED    26   HIGHEST WIND DIRECTION     S (180)
  HIGHEST GUST SPEED    33   HIGHEST GUST DIRECTION     S (180)
  AVERAGE WIND SPEED    13.5


SKY COVER
  POSSIBLE SUNSHINE  MM
  AVERAGE SKY COVER 0.3


WEATHER CONDITIONS
 THE FOLLOWING WEATHER WAS RECORDED YESTERDAY.
  THUNDERSTORM
  HEAVY RAIN
  RAIN
  LIGHT RAIN
  FOG


RELATIVE HUMIDITY (PERCENT)
 HIGHEST    84          1000 PM
 LOWEST     53          1000 AM
 AVERAGE    69

..........................................................


THE CHANUTE KS CLIMATE NORMALS FOR TODAY
                         NORMAL    RECORD    YEAR
 MAXIMUM TEMPERATURE (F)   71        91      1901
 MINIMUM TEMPERATURE (F)   49        32      1910


SUNRISE AND SUNSET
APRIL 26 2017.........SUNRISE   632 AM CDT   SUNSET   808 PM CDT
APRIL 27 2017.........SUNRISE   631 AM CDT   SUNSET   809 PM CDT


-  INDICATES NEGATIVE NUMBERS.
R  INDICATES RECORD WAS SET OR TIED.
MM INDICATES DATA IS MISSING.
T  INDICATES TRACE AMOUNT.




$$
