000
CDUS41 KGYX 100914
CLICON


CLIMATE REPORT
NATIONAL WEATHER SERVICE GRAY ME
414 AM EST SAT DEC 10 2016


...................................

...THE CONCORD NH CLIMATE SUMMARY FOR DECEMBER 9 2016...

CLIMATE NORMAL PERIOD 1981 TO 2010
CLIMATE RECORD PERIOD 1868 TO 2016


WEATHER ITEM   OBSERVED TIME   RECORD YEAR NORMAL DEPARTURE LAST
                VALUE   (LST)  VALUE       VALUE  FROM      YEAR
                                                  NORMAL
..................................................................
TEMPERATURE (F)
 YESTERDAY
  MAXIMUM         33        MM  58    1889  39     -6       43
  MINIMUM         22        MM -12    1902  20      2       32
  AVERAGE         28                        29     -1       38

PRECIPITATION (IN)
  YESTERDAY        0.00          1.08 2014   0.11  -0.11     0.00
  MONTH TO DATE    1.07                      0.99   0.08     0.46
  SINCE DEC 1      1.07                      0.99   0.08     0.46
  SINCE JAN 1     30.82                     38.40  -7.58    33.99

SNOWFALL (IN)
  YESTERDAY        0.0          15.6  2005   0.5   -0.5      0.0
  MONTH TO DATE    2.7                       3.5   -0.8      0.0
  SINCE DEC 1      2.7                       3.5   -0.8      0.0
  SINCE JUL 1      3.4                       6.1   -2.7      0.0
  SNOW DEPTH       1

DEGREE DAYS
 HEATING
  YESTERDAY       37                        36      1       27
  MONTH TO DATE  274                       307    -33      255
  SINCE DEC 1    274                       307    -33      255
  SINCE JUL 1   1526                      1867   -341     1535

 COOLING
  YESTERDAY        0                         0      0        0
  MONTH TO DATE    0                         0      0        0
  SINCE DEC 1      0                         0      0        0
  SINCE JAN 1    715                       452    263      595
..................................................................


WIND (MPH)
  RESULTANT WIND SPEED  13   RESULTANT WIND DIRECTION  NW (300)
  HIGHEST WIND SPEED    23   HIGHEST WIND DIRECTION    NW (300)
  HIGHEST GUST SPEED    40   HIGHEST GUST DIRECTION    NW (320)
  AVERAGE WIND SPEED    13.9


SKY COVER
  AVERAGE SKY COVER 0.3


WEATHER CONDITIONS
 THE FOLLOWING WEATHER WAS RECORDED YESTERDAY.
  NO SIGNIFICANT WEATHER WAS OBSERVED.


RELATIVE HUMIDITY (PERCENT)
 HIGHEST    63           600 AM
 LOWEST     38           100 PM
 AVERAGE    51

..........................................................


THE CONCORD NH CLIMATE NORMALS FOR TODAY
                         NORMAL    RECORD    YEAR
 MAXIMUM TEMPERATURE (F)   38        63      1907
 MINIMUM TEMPERATURE (F)   20       -13      1949


SUNRISE AND SUNSET
DECEMBER 10 2016......SUNRISE   707 AM EST   SUNSET   411 PM EST
DECEMBER 11 2016......SUNRISE   708 AM EST   SUNSET   411 PM EST


-  INDICATES NEGATIVE NUMBERS.
R  INDICATES RECORD WAS SET OR TIED.
MM INDICATES DATA IS MISSING.
T  INDICATES TRACE AMOUNT.




$$
