000
CDUS41 KGYX 310802
CLICON


CLIMATE REPORT
NATIONAL WEATHER SERVICE GRAY ME
402 AM EDT FRI JUL 31 2015


...................................

...THE CONCORD NH CLIMATE SUMMARY FOR JULY 30 2015...

CLIMATE NORMAL PERIOD 1981 TO 2010
CLIMATE RECORD PERIOD 1868 TO 2015


WEATHER ITEM   OBSERVED TIME   RECORD YEAR NORMAL DEPARTURE LAST
                VALUE   (LST)  VALUE       VALUE  FROM      YEAR
                                                  NORMAL
..................................................................
TEMPERATURE (F)
 YESTERDAY
  MAXIMUM         93   1221 PM  98    1917  83     10       76
  MINIMUM         63    453 AM  40    1956  58      5       54
  AVERAGE         78                        70      8       65

PRECIPITATION (IN)
  YESTERDAY        0.08          1.72 1903   0.13  -0.05     0.00
  MONTH TO DATE    2.03                      3.62  -1.59     7.24
  SINCE JUN 1      7.33                      7.31   0.02    11.07
  SINCE JAN 1     17.78                     22.97  -5.19    28.81

SNOWFALL (IN)
  YESTERDAY        0.0           0.0  2002   0.0    0.0      0.0
                                      2001
                                      2000
  MONTH TO DATE    0.0                       0.0    0.0      0.0
  SINCE JUN 1      0.0                       0.0    0.0      0.0
  SINCE JUL 1      0.0                       0.0    0.0      0.0
  SNOW DEPTH       0

DEGREE DAYS
 HEATING
  YESTERDAY        0                         0      0        0
  MONTH TO DATE    8                        13     -5        0
  SINCE JUN 1    103                        98      5       56
  SINCE JUL 1      8                        13     -5        0

 COOLING
  YESTERDAY       13                         6      7        0
  MONTH TO DATE  186                       170     16      174
  SINCE JUN 1    251                       254     -3      247
  SINCE JAN 1    317                       272     45      249
..................................................................


WIND (MPH)
  RESULTANT WIND SPEED   4   RESULTANT WIND DIRECTION   S (200)
  HIGHEST WIND SPEED    23   HIGHEST WIND DIRECTION    SW (210)
  HIGHEST GUST SPEED    31   HIGHEST GUST DIRECTION    SW (220)
  AVERAGE WIND SPEED     5.1


SKY COVER
  AVERAGE SKY COVER 0.1


WEATHER CONDITIONS
 THE FOLLOWING WEATHER WAS RECORDED YESTERDAY.
  HEAVY RAIN
  RAIN
  LIGHT RAIN
  FOG


RELATIVE HUMIDITY (PERCENT)
 HIGHEST   100           500 AM
 LOWEST     44          1200 PM
 AVERAGE    72

..........................................................


THE CONCORD NH CLIMATE NORMALS FOR TODAY
                         NORMAL    RECORD    YEAR
 MAXIMUM TEMPERATURE (F)   83        95      1917
 MINIMUM TEMPERATURE (F)   58        41      1932


SUNRISE AND SUNSET
JULY 31 2015..........SUNRISE   535 AM EDT   SUNSET   809 PM EDT
AUGUST  1 2015........SUNRISE   536 AM EDT   SUNSET   808 PM EDT


-  INDICATES NEGATIVE NUMBERS.
R  INDICATES RECORD WAS SET OR TIED.
MM INDICATES DATA IS MISSING.
T  INDICATES TRACE AMOUNT.




$$
