387
CDUS41 KGYX 062144
CLICON


CLIMATE REPORT
NATIONAL WEATHER SERVICE GRAY ME
444 PM EST SAT FEB 6 2016


...................................

...THE CONCORD NH CLIMATE SUMMARY FOR FEBRUARY 6 2016...
VALID TODAY AS OF 0400 PM LOCAL TIME.

CLIMATE NORMAL PERIOD 1981 TO 2010
CLIMATE RECORD PERIOD 1868 TO 2016


WEATHER ITEM   OBSERVED TIME   RECORD YEAR NORMAL DEPARTURE LAST
                VALUE   (LST)  VALUE       VALUE  FROM      YEAR
                                                  NORMAL
..................................................................
TEMPERATURE (F)
 TODAY
  MAXIMUM         39    251 PM  54    1873  33      6       21
  MINIMUM          7    633 AM -20    1948  12     -5       -3
  AVERAGE         23                        22      1        9

PRECIPITATION (IN)
  TODAY            0.00          1.10 2008   0.09  -0.09     0.00
  MONTH TO DATE    1.38                      0.55   0.83     0.89
  SINCE DEC 1      7.52                      6.45   1.07     9.32
  SINCE JAN 1      2.74                      3.25  -0.51     4.16

SNOWFALL (IN)
  TODAY            0.0           7.1  1905   0.5   -0.5      0.0
  MONTH TO DATE    5.2                       2.9    2.3     13.5
  SINCE DEC 1     17.2                      35.5  -18.3     42.3
  SINCE JUL 1     17.2                      38.1  -20.9     55.2
  SNOW DEPTH       6

DEGREE DAYS
 HEATING
  TODAY           42                        43     -1       56
  MONTH TO DATE  177                       259    -82      323
  SINCE DEC 1   2185                      2821   -636     2800
  SINCE JUL 1   3465                      4381   -916     4304

 COOLING
  TODAY            0                         0      0        0
  MONTH TO DATE    0                         0      0        0
  SINCE DEC 1      0                         0      0        0
  SINCE JAN 1      0                         0      0        0
..................................................................


WIND (MPH)
  HIGHEST WIND SPEED    15   HIGHEST WIND DIRECTION    SW (230)
  HIGHEST GUST SPEED    25   HIGHEST GUST DIRECTION     W (250)
  AVERAGE WIND SPEED     3.5


SKY COVER
  POSSIBLE SUNSHINE  MM
  AVERAGE SKY COVER 0.0


WEATHER CONDITIONS
 THE FOLLOWING WEATHER WAS RECORDED TODAY.
  NO SIGNIFICANT WEATHER WAS OBSERVED.


RELATIVE HUMIDITY (PERCENT)
 HIGHEST    92           800 AM
 LOWEST     37           200 PM
 AVERAGE    65

..........................................................


THE CONCORD NH CLIMATE NORMALS FOR TOMORROW
                         NORMAL    RECORD    YEAR
 MAXIMUM TEMPERATURE (F)   33        64      1878
 MINIMUM TEMPERATURE (F)   12       -20      1993
                                             1934


SUNRISE AND SUNSET
FEBRUARY  6 2016......SUNRISE   656 AM EST   SUNSET   504 PM EST
FEBRUARY  7 2016......SUNRISE   655 AM EST   SUNSET   506 PM EST


-  INDICATES NEGATIVE NUMBERS.
R  INDICATES RECORD WAS SET OR TIED.
MM INDICATES DATA IS MISSING.
T  INDICATES TRACE AMOUNT.




$$
