335
CDUS41 KGYX 300858
CLICON


CLIMATE REPORT
NATIONAL WEATHER SERVICE GRAY ME
458 AM EDT SUN APR 30 2017


...................................

...THE CONCORD NH CLIMATE SUMMARY FOR APRIL 29 2017...

CLIMATE NORMAL PERIOD 1981 TO 2010
CLIMATE RECORD PERIOD 1868 TO 2017


WEATHER ITEM   OBSERVED TIME   RECORD YEAR NORMAL DEPARTURE LAST
                VALUE   (LST)  VALUE       VALUE  FROM      YEAR
                                                  NORMAL
..................................................................
TEMPERATURE (F)
 YESTERDAY
  MAXIMUM         81        MM  86    1974  64     17       60
  MINIMUM         52        MM  18    1975  37     15       38
  AVERAGE         67                        50     17       49

PRECIPITATION (IN)
  YESTERDAY        0.00          1.30 1923   0.12  -0.12     0.00
  MONTH TO DATE    4.23                      3.29   0.94     1.65
  SINCE MAR 1      8.21                      6.56   1.65     4.32
  SINCE JAN 1     13.16                     11.88   1.28    10.07

SNOWFALL (IN)
  YESTERDAY        0.0           5.2  1987   0.0    0.0      0.0
  MONTH TO DATE    6.9                       2.8    4.1      2.7
  SINCE MAR 1     29.3                      13.9   15.4      5.0
  SINCE JUL 1     86.3                      61.4   24.9     29.7
  SNOW DEPTH       0

DEGREE DAYS
 HEATING
  YESTERDAY        0                        15    -15       16
  MONTH TO DATE  456                       586   -130      612
  SINCE MAR 1   1560                      1573    -13     1394
  SINCE JUL 1   6058                      6833   -775     5743

 COOLING
  YESTERDAY        2                         0      2        0
  MONTH TO DATE    8                         0      8        0
  SINCE MAR 1      8                         0      8        0
  SINCE JAN 1      8                         0      8        0
..................................................................


WIND (MPH)
  RESULTANT WIND SPEED   7   RESULTANT WIND DIRECTION   W (280)
  HIGHEST WIND SPEED    22   HIGHEST WIND DIRECTION     W (280)
  HIGHEST GUST SPEED    38   HIGHEST GUST DIRECTION     W (290)
  AVERAGE WIND SPEED     8.4


SKY COVER
  AVERAGE SKY COVER 0.5


WEATHER CONDITIONS
 THE FOLLOWING WEATHER WAS RECORDED YESTERDAY.
  NO SIGNIFICANT WEATHER WAS OBSERVED.


RELATIVE HUMIDITY (PERCENT)
 HIGHEST    77           100 AM
 LOWEST     32          1000 AM
 AVERAGE    55

..........................................................


THE CONCORD NH CLIMATE NORMALS FOR TODAY
                         NORMAL    RECORD    YEAR
 MAXIMUM TEMPERATURE (F)   64        86      2004
                                             1899
 MINIMUM TEMPERATURE (F)   37        22      1975


SUNRISE AND SUNSET
APRIL 30 2017.........SUNRISE   541 AM EDT   SUNSET   747 PM EDT
MAY  1 2017...........SUNRISE   539 AM EDT   SUNSET   748 PM EDT


-  INDICATES NEGATIVE NUMBERS.
R  INDICATES RECORD WAS SET OR TIED.
MM INDICATES DATA IS MISSING.
T  INDICATES TRACE AMOUNT.




$$
