000
CDUS41 KGYX 160815
CLICON


CLIMATE REPORT
NATIONAL WEATHER SERVICE GRAY ME
415 AM EDT WED AUG 16 2017


...................................

...THE CONCORD NH CLIMATE SUMMARY FOR AUGUST 15 2017...

CLIMATE NORMAL PERIOD 1981 TO 2010
CLIMATE RECORD PERIOD 1868 TO 2017


WEATHER ITEM   OBSERVED TIME   RECORD YEAR NORMAL DEPARTURE LAST
                VALUE   (LST)  VALUE       VALUE  FROM      YEAR
                                                  NORMAL
..................................................................
TEMPERATURE (F)
 YESTERDAY
  MAXIMUM         79    126 PM  96    2002  81     -2       84
                                      1970
                                      1944
  MINIMUM         57    304 AM  38    1899  57      0       62
  AVERAGE         68                        69     -1       73

PRECIPITATION (IN)
  YESTERDAY        0.01          2.19 2011   0.11  -0.10     0.00
  MONTH TO DATE    0.92                      1.65  -0.73     0.77
  SINCE JUN 1      7.28                      9.08  -1.80     4.36
  SINCE JAN 1     26.35                     24.74   1.61    17.06

SNOWFALL (IN)
  YESTERDAY        0.0           0.0  2001   0.0    0.0      0.0
  MONTH TO DATE    0.0                       0.0    0.0      0.0
  SINCE JUN 1      0.0                       0.0    0.0      0.0
  SINCE JUL 1      0.0                       0.0    0.0      0.0
  SNOW DEPTH       0

DEGREE DAYS
 HEATING
  YESTERDAY        0                         1     -1        0
  MONTH TO DATE    0                        10    -10        0
  SINCE JUN 1     94                       112    -18       53
  SINCE JUL 1     15                        27    -12       11

 COOLING
  YESTERDAY        3                         5     -2        8
  MONTH TO DATE   80                        78      2      144
  SINCE JUN 1    379                       334     45      476
  SINCE JAN 1    411                       352     59      516
..................................................................


WIND (MPH)
  RESULTANT WIND SPEED   3   RESULTANT WIND DIRECTION   S (170)
  HIGHEST WIND SPEED    14   HIGHEST WIND DIRECTION    SW (220)
  HIGHEST GUST SPEED    18   HIGHEST GUST DIRECTION    SW (220)
  AVERAGE WIND SPEED     4.0


SKY COVER
  AVERAGE SKY COVER 0.6


WEATHER CONDITIONS
 THE FOLLOWING WEATHER WAS RECORDED YESTERDAY.
  LIGHT RAIN
  FOG


RELATIVE HUMIDITY (PERCENT)
 HIGHEST    97          1200 AM
 LOWEST     69           100 PM
 AVERAGE    83

..........................................................


THE CONCORD NH CLIMATE NORMALS FOR TODAY
                         NORMAL    RECORD    YEAR
 MAXIMUM TEMPERATURE (F)   81        98      1944
 MINIMUM TEMPERATURE (F)   56        37      1972


SUNRISE AND SUNSET
AUGUST 16 2017........SUNRISE   553 AM EDT   SUNSET   747 PM EDT
AUGUST 17 2017........SUNRISE   554 AM EDT   SUNSET   745 PM EDT


-  INDICATES NEGATIVE NUMBERS.
R  INDICATES RECORD WAS SET OR TIED.
MM INDICATES DATA IS MISSING.
T  INDICATES TRACE AMOUNT.




$$
