000
CDUS41 KGYX 161725
CLICON


CLIMATE REPORT
NATIONAL WEATHER SERVICE GRAY ME
125 PM EDT TUE SEP 16 2014


...................................

...THE CONCORD NH CLIMATE SUMMARY FOR SEPTEMBER 15 2014...

CLIMATE NORMAL PERIOD 1981 TO 2010
CLIMATE RECORD PERIOD 1868 TO 2014


WEATHER ITEM   OBSERVED TIME   RECORD YEAR NORMAL DEPARTURE LAST
                VALUE   (LST)  VALUE       VALUE  FROM      YEAR
                                                  NORMAL
..................................................................
TEMPERATURE (F)
 YESTERDAY
  MAXIMUM         66    344 PM  93    1939  73     -7       71
  MINIMUM         35    314 AM  27    1975  48    -13       38
                                      1895
  AVERAGE         51                        60     -9       55

PRECIPITATION (IN)
  YESTERDAY        0.00          2.76 1904   0.11  -0.11     0.00
  MONTH TO DATE    0.29                      1.56  -1.27     4.16
  SINCE SEP 1      0.29                      1.56  -1.27     4.16
  SINCE JAN 1     33.17                     27.83   5.34    32.45

SNOWFALL (IN)
  YESTERDAY        0.0           0.0  2002   0.0    0.0      0.0
                                      2001
                                      2000
  MONTH TO DATE    0.0                       0.0    0.0      0.0
  SINCE SEP 1      0.0                       0.0    0.0      0.0
  SINCE JUL 1      0.0                       0.0    0.0      0.0
  SNOW DEPTH       0

DEGREE DAYS
 HEATING
  YESTERDAY       14                         6      8       10
  MONTH TO DATE   70                        58     12       66
  SINCE SEP 1     70                        58     12       66
  SINCE JUL 1    102                       106     -4       96

 COOLING
  YESTERDAY        0                         1     -1        0
  MONTH TO DATE   46                        28     18       46
  SINCE SEP 1     46                        28     18       46
  SINCE JAN 1    377                       441    -64      537
..................................................................


WIND (MPH)
  RESULTANT WIND SPEED   1   RESULTANT WIND DIRECTION   N (350)
  HIGHEST WIND SPEED    10   HIGHEST WIND DIRECTION     N (350)
  HIGHEST GUST SPEED    14   HIGHEST GUST DIRECTION     W (270)
  AVERAGE WIND SPEED     2.1


SKY COVER
  AVERAGE SKY COVER 0.2


WEATHER CONDITIONS
 THE FOLLOWING WEATHER WAS RECORDED YESTERDAY.
  NO SIGNIFICANT WEATHER WAS OBSERVED.


RELATIVE HUMIDITY (PERCENT)
 HIGHEST    93           500 AM
 LOWEST     37          1200 PM
 AVERAGE    65

..........................................................


THE CONCORD NH CLIMATE NORMALS FOR TODAY
                         NORMAL    RECORD    YEAR
 MAXIMUM TEMPERATURE (F)   73        95      1939
 MINIMUM TEMPERATURE (F)   47        27      1964


SUNRISE AND SUNSET
SEPTEMBER 16 2014.....SUNRISE   627 AM EDT   SUNSET   654 PM EDT
SEPTEMBER 17 2014.....SUNRISE   628 AM EDT   SUNSET   652 PM EDT


-  INDICATES NEGATIVE NUMBERS.
R  INDICATES RECORD WAS SET OR TIED.
MM INDICATES DATA IS MISSING.
T  INDICATES TRACE AMOUNT.




$$
