000
CDUS41 KGYX 030801
CLICON


CLIMATE REPORT
NATIONAL WEATHER SERVICE GRAY ME
401 AM EDT FRI JUL 3 2015


...................................

...THE CONCORD NH CLIMATE SUMMARY FOR JULY 2 2015...

CLIMATE NORMAL PERIOD 1981 TO 2010
CLIMATE RECORD PERIOD 1868 TO 2015


WEATHER ITEM   OBSERVED TIME   RECORD YEAR NORMAL DEPARTURE LAST
                VALUE   (LST)  VALUE       VALUE  FROM      YEAR
                                                  NORMAL
..................................................................
TEMPERATURE (F)
 YESTERDAY
  MAXIMUM         79    403 PM  98    1966  81     -2       92
  MINIMUM         56    431 AM  38    1978  57     -1       67
  AVERAGE         68                        69     -1       80

PRECIPITATION (IN)
  YESTERDAY        0.00          1.65 2009   0.11  -0.11     1.49
  MONTH TO DATE    1.24                      0.22   1.02     1.49
  SINCE JUN 1      6.54                      3.91   2.63     5.32
  SINCE JAN 1     16.99                     19.57  -2.58    23.06

SNOWFALL (IN)
  YESTERDAY        0.0           0.0  2002   0.0    0.0      0.0
                                      2001
                                      2000
  MONTH TO DATE    0.0                       0.0    0.0      0.0
  SINCE JUN 1      0.0                       0.0    0.0      0.0
  SINCE JUL 1      0.0                       0.0    0.0      0.0
  SNOW DEPTH       0

DEGREE DAYS
 HEATING
  YESTERDAY        0                         1     -1        0
  MONTH TO DATE    0                         2     -2        0
  SINCE JUN 1     95                        87      8       56
  SINCE JUL 1      0                         2     -2        0

 COOLING
  YESTERDAY        3                         5     -2       15
  MONTH TO DATE    7                        10     -3       28
  SINCE JUN 1     72                        94    -22      101
  SINCE JAN 1    138                       112     26      103
..................................................................


WIND (MPH)
  RESULTANT WIND SPEED   5   RESULTANT WIND DIRECTION   W (270)
  HIGHEST WIND SPEED    15   HIGHEST WIND DIRECTION    NW (300)
  HIGHEST GUST SPEED    23   HIGHEST GUST DIRECTION     W (290)
  AVERAGE WIND SPEED     6.9


SKY COVER
  AVERAGE SKY COVER 0.2


WEATHER CONDITIONS
 THE FOLLOWING WEATHER WAS RECORDED YESTERDAY.
  NO SIGNIFICANT WEATHER WAS OBSERVED.


RELATIVE HUMIDITY (PERCENT)
 HIGHEST    93           400 AM
 LOWEST     37           400 PM
 AVERAGE    65

..........................................................


THE CONCORD NH CLIMATE NORMALS FOR TODAY
                         NORMAL    RECORD    YEAR
 MAXIMUM TEMPERATURE (F)   81       102      1966
 MINIMUM TEMPERATURE (F)   57        41      1978
                                             1962
                                             1957


SUNRISE AND SUNSET
JULY  3 2015..........SUNRISE   511 AM EDT   SUNSET   829 PM EDT
JULY  4 2015..........SUNRISE   511 AM EDT   SUNSET   829 PM EDT


-  INDICATES NEGATIVE NUMBERS.
R  INDICATES RECORD WAS SET OR TIED.
MM INDICATES DATA IS MISSING.
T  INDICATES TRACE AMOUNT.




$$
