540
CDUS41 KGYX 220801
CLICON


CLIMATE REPORT
NATIONAL WEATHER SERVICE GRAY ME
401 AM EDT SUN OCT 22 2017


...................................

...THE CONCORD NH CLIMATE SUMMARY FOR OCTOBER 21 2017...

CLIMATE NORMAL PERIOD 1981 TO 2010
CLIMATE RECORD PERIOD 1868 TO 2017


WEATHER ITEM   OBSERVED TIME   RECORD YEAR NORMAL DEPARTURE LAST
                VALUE   (LST)  VALUE       VALUE  FROM      YEAR
                                                  NORMAL
..................................................................
TEMPERATURE (F)
 YESTERDAY
  MAXIMUM         79    306 PM  81    1920  59     20       67
  MINIMUM         37    618 AM  10    1972  34      3       53
  AVERAGE         58                        46     12       60

PRECIPITATION (IN)
  YESTERDAY        0.00          3.01 2016   0.13  -0.13     3.01
  MONTH TO DATE    0.88                      2.75  -1.87     4.06
  SINCE SEP 1      3.94                      6.13  -2.19     7.00
  SINCE JAN 1     32.46                     32.40   0.06    25.18

SNOWFALL (IN)
  YESTERDAY        0.0           0.5  1940   0.0    0.0      0.0
  MONTH TO DATE    0.0                       0.0    0.0      0.0
  SINCE SEP 1      0.0                       0.0    0.0      0.0
  SINCE JUL 1      0.0                       0.0    0.0      0.0
  SNOW DEPTH       0

DEGREE DAYS
 HEATING
  YESTERDAY        7                        19    -12        5
  MONTH TO DATE  166                       321   -155      221
  SINCE SEP 1    254                       508   -254      323
  SINCE JUL 1    307                       556   -249      335

 COOLING
  YESTERDAY        0                         0      0        0
  MONTH TO DATE   11                         0     11        0
  SINCE SEP 1    116                        37     79       91
  SINCE JAN 1    561                       450    111      715
..................................................................


WIND (MPH)
  RESULTANT WIND SPEED   1   RESULTANT WIND DIRECTION   W (270)
  HIGHEST WIND SPEED    12   HIGHEST WIND DIRECTION    NW (310)
  HIGHEST GUST SPEED    15   HIGHEST GUST DIRECTION     W (250)
  AVERAGE WIND SPEED     1.5


SKY COVER
  AVERAGE SKY COVER 0.0


WEATHER CONDITIONS
 THE FOLLOWING WEATHER WAS RECORDED YESTERDAY.
  NO SIGNIFICANT WEATHER WAS OBSERVED.


RELATIVE HUMIDITY (PERCENT)
 HIGHEST    86          1100 PM
 LOWEST     28           200 PM
 AVERAGE    57

..........................................................


THE CONCORD NH CLIMATE NORMALS FOR TODAY
                         NORMAL    RECORD    YEAR
 MAXIMUM TEMPERATURE (F)   58        86      1979
 MINIMUM TEMPERATURE (F)   34        17      1948


SUNRISE AND SUNSET
OCTOBER 22 2017.......SUNRISE   709 AM EDT   SUNSET   552 PM EDT
OCTOBER 23 2017.......SUNRISE   710 AM EDT   SUNSET   550 PM EDT


-  INDICATES NEGATIVE NUMBERS.
R  INDICATES RECORD WAS SET OR TIED.
MM INDICATES DATA IS MISSING.
T  INDICATES TRACE AMOUNT.




$$
