000
CDUS45 KPUB 221050
CLICOS


CLIMATE REPORT
NATIONAL WEATHER SERVICE PUEBLO
450 AM MDT MON MAY 22 2017


...................................

...THE COLORADO SPRINGS CO CLIMATE SUMMARY FOR MAY 21 2017...

CLIMATE NORMAL PERIOD 1981 TO 2010
CLIMATE RECORD PERIOD 1872 TO 2017


WEATHER ITEM   OBSERVED TIME   RECORD YEAR NORMAL DEPARTURE LAST
                VALUE   (LST)  VALUE       VALUE  FROM      YEAR
                                                  NORMAL
..................................................................
TEMPERATURE (F)
 YESTERDAY
  MAXIMUM         66    319 PM  90    2005  71     -5       83
  MINIMUM         45    458 AM  29    1931  44      1       50
  AVERAGE         56                        57     -1       67

PRECIPITATION (IN)
  YESTERDAY        T             0.99 1985   0.07  -0.07     0.00
  MONTH TO DATE    2.33                      1.26   1.07     1.03
  SINCE MAR 1      4.91                      3.68   1.23     4.04
  SINCE JAN 1      5.30                      4.34   0.96     5.58

SNOWFALL (IN)
  YESTERDAY        0.0           T    1951   0.0    0.0      0.0
  MONTH TO DATE    0.1                       0.7   -0.6       T
  SINCE MAR 1     11.8                      13.7   -1.9     23.6
  SINCE JUL 1     25.2                      37.7  -12.5     50.7
  SNOW DEPTH       0

DEGREE DAYS
 HEATING
  YESTERDAY        9                         8      1        0
  MONTH TO DATE  210                       225    -15      259
  SINCE MAR 1   1251                      1584   -333     1512
  SINCE JUL 1   5004                      6147  -1143     5415

 COOLING
  YESTERDAY        0                         0      0        2
  MONTH TO DATE    0                         0      0        2
  SINCE MAR 1      0                         1     -1        2
  SINCE JAN 1      0                         1     -1        2
..................................................................


WIND (MPH)
  HIGHEST WIND SPEED    25   HIGHEST WIND DIRECTION     N (350)
  HIGHEST GUST SPEED    30   HIGHEST GUST DIRECTION     N (20)
  AVERAGE WIND SPEED     8.3


SKY COVER
  POSSIBLE SUNSHINE  MM
  AVERAGE SKY COVER 0.7


WEATHER CONDITIONS
 THE FOLLOWING WEATHER WAS RECORDED YESTERDAY.
  LIGHT RAIN
  FOG


RELATIVE HUMIDITY (PERCENT)
 HIGHEST    71          1100 PM
 LOWEST     31           100 PM
 AVERAGE    51

..........................................................


THE COLORADO SPRINGS CO CLIMATE NORMALS FOR TODAY
                         NORMAL    RECORD    YEAR
 MAXIMUM TEMPERATURE (F)   71        90      2012
 MINIMUM TEMPERATURE (F)   45        31      1931


SUNRISE AND SUNSET
MAY 22 2017...........SUNRISE   541 AM MDT   SUNSET   811 PM MDT
MAY 23 2017...........SUNRISE   540 AM MDT   SUNSET   812 PM MDT


-  INDICATES NEGATIVE NUMBERS.
R  INDICATES RECORD WAS SET OR TIED.
MM INDICATES DATA IS MISSING.
T  INDICATES TRACE AMOUNT.




$$
