000
CDUS45 KPUB 220031
CLICOS


CLIMATE REPORT
NATIONAL WEATHER SERVICE PUEBLO
631 PM MDT TUE OCT 21 2014


...................................

...THE COLORADO SPRINGS CO CLIMATE SUMMARY FOR OCTOBER 21 2014...
VALID TODAY AS OF 0500 PM LOCAL TIME.

CLIMATE NORMAL PERIOD 1981 TO 2010
CLIMATE RECORD PERIOD 1872 TO 2014


WEATHER ITEM   OBSERVED TIME   RECORD YEAR NORMAL DEPARTURE LAST
                VALUE   (LST)  VALUE       VALUE  FROM      YEAR
                                                  NORMAL
..................................................................
TEMPERATURE (F)
 TODAY
  MAXIMUM         71    225 PM  84    2003  61     10       56
  MINIMUM         40    458 AM  11    1911  34      6       28
  AVERAGE         56                        48      8       42

PRECIPITATION (IN)
  TODAY            0.00          0.51 1978   0.03  -0.03     0.00
  MONTH TO DATE    2.96                      0.59   2.37     0.39
  SINCE SEP 1      3.57                      1.78   1.79     5.19
  SINCE JAN 1     16.62                     15.57   1.05    18.85

SNOWFALL (IN)
  TODAY            0.0           1.5  1996   0.1   -0.1      0.0
  MONTH TO DATE    T                         1.7   -1.7      0.2
  SINCE SEP 1      T                         1.9   -1.9      0.2
  SINCE JUL 1      T                         1.9   -1.9      0.2
  SNOW DEPTH       0

DEGREE DAYS
 HEATING
  TODAY            9                        17     -8       23
  MONTH TO DATE  233                       293    -60      330
  SINCE SEP 1    320                       452   -132      403
  SINCE JUL 1    350                       483   -133      413

 COOLING
  TODAY            0                         0      0        0
  MONTH TO DATE    0                         0      0        0
  SINCE SEP 1     60                        36     24       92
  SINCE JAN 1    487                       454     33      694
..................................................................


WIND (MPH)
  HIGHEST WIND SPEED    22   HIGHEST WIND DIRECTION    SE (140)
  HIGHEST GUST SPEED    26   HIGHEST GUST DIRECTION     S (160)
  AVERAGE WIND SPEED     8.4


SKY COVER
  POSSIBLE SUNSHINE  MM
  AVERAGE SKY COVER 0.3


WEATHER CONDITIONS
 THE FOLLOWING WEATHER WAS RECORDED TODAY.
  NO SIGNIFICANT WEATHER WAS OBSERVED.


RELATIVE HUMIDITY (PERCENT)
 HIGHEST    92           500 AM
 LOWEST     26           300 PM
 AVERAGE    59

..........................................................


THE COLORADO SPRINGS CO CLIMATE NORMALS FOR TOMORROW
                         NORMAL    RECORD    YEAR
 MAXIMUM TEMPERATURE (F)   61        80      2003
                                             1975
 MINIMUM TEMPERATURE (F)   34        15      1996


SUNRISE AND SUNSET
OCTOBER 21 2014.......SUNRISE   714 AM MDT   SUNSET   612 PM MDT
OCTOBER 22 2014.......SUNRISE   715 AM MDT   SUNSET   611 PM MDT


-  INDICATES NEGATIVE NUMBERS.
R  INDICATES RECORD WAS SET OR TIED.
MM INDICATES DATA IS MISSING.
T  INDICATES TRACE AMOUNT.




$$
