000
CDUS45 KPUB 221148
CLICOS


CLIMATE REPORT
NATIONAL WEATHER SERVICE PUEBLO
447 AM MST THU FEB 22 2018


...................................

...THE COLORADO SPRINGS CO CLIMATE SUMMARY FOR FEBRUARY 21 2018...

CLIMATE NORMAL PERIOD 1981 TO 2010
CLIMATE RECORD PERIOD 1872 TO 2018


WEATHER ITEM   OBSERVED TIME   RECORD YEAR NORMAL DEPARTURE LAST
                VALUE   (LST)  VALUE       VALUE  FROM      YEAR
                                                  NORMAL
..................................................................
TEMPERATURE (F)
 YESTERDAY
  MAXIMUM         26    259 PM  72    2017  46    -20       72
  MINIMUM          1    647 AM  -5    1953  20    -19       34
                                      1939
                                      1913
  AVERAGE         14                        33    -19       53

PRECIPITATION (IN)
  YESTERDAY        T             0.66 1945   0.02  -0.02     0.00
  MONTH TO DATE    0.39                      0.23   0.16     0.05
  SINCE DEC 1      0.56                      0.89  -0.33     1.05
  SINCE JAN 1      0.55                      0.55   0.00     0.37

SNOWFALL (IN)
  YESTERDAY        0.3           6.5  1945   0.2    0.1      0.0
  MONTH TO DATE    8.7                       3.7    5.0      0.6
  SINCE DEC 1     11.3                      15.0   -3.7     13.3
  SINCE JUL 1     12.9                      22.8   -9.9     13.3
  SNOW DEPTH       2

DEGREE DAYS
 HEATING
  YESTERDAY       51                        32     19       12
  MONTH TO DATE  694                       702     -8      466
  SINCE DEC 1   2588                      2864   -276     2617
  SINCE JUL 1   3756                      4345   -589     3520

 COOLING
  YESTERDAY        0                         0      0        0
  MONTH TO DATE    0                         0      0        0
  SINCE DEC 1      0                         0      0        0
  SINCE JAN 1      0                         0      0        0
..................................................................


WIND (MPH)
  HIGHEST WIND SPEED    20   HIGHEST WIND DIRECTION     S (160)
  HIGHEST GUST SPEED    23   HIGHEST GUST DIRECTION     S (160)
  AVERAGE WIND SPEED     8.0


SKY COVER
  POSSIBLE SUNSHINE  MM
  AVERAGE SKY COVER 0.4


WEATHER CONDITIONS
 THE FOLLOWING WEATHER WAS RECORDED YESTERDAY.
  LIGHT SNOW
  FOG


RELATIVE HUMIDITY (PERCENT)
 HIGHEST    88           300 AM
 LOWEST     50           500 PM
 AVERAGE    69

..........................................................


THE COLORADO SPRINGS CO CLIMATE NORMALS FOR TODAY
                         NORMAL    RECORD    YEAR
 MAXIMUM TEMPERATURE (F)   46        70      1958
 MINIMUM TEMPERATURE (F)   21       -10      1911


SUNRISE AND SUNSET
FEBRUARY 22 2018......SUNRISE   641 AM MST   SUNSET   544 PM MST
FEBRUARY 23 2018......SUNRISE   640 AM MST   SUNSET   545 PM MST


-  INDICATES NEGATIVE NUMBERS.
R  INDICATES RECORD WAS SET OR TIED.
MM INDICATES DATA IS MISSING.
T  INDICATES TRACE AMOUNT.




$$
