000
CDUS45 KPUB 310024
CLICOS


CLIMATE REPORT
NATIONAL WEATHER SERVICE PUEBLO
624 PM MDT MON MAR 30 2015


...................................

...THE COLORADO SPRINGS CO CLIMATE SUMMARY FOR MARCH 30 2015...
VALID TODAY AS OF 0500 PM LOCAL TIME.

CLIMATE NORMAL PERIOD 1981 TO 2010
CLIMATE RECORD PERIOD 1872 TO 2015


WEATHER ITEM   OBSERVED TIME   RECORD YEAR NORMAL DEPARTURE LAST
                VALUE   (LST)  VALUE       VALUE  FROM      YEAR
                                                  NORMAL
..................................................................
TEMPERATURE (F)
 TODAY
  MAXIMUM         73    313 PM  78    2010  55     18       66
  MINIMUM         32    315 AM  -2    1926  29      3       36
  AVERAGE         53                        42     11       51

PRECIPITATION (IN)
  TODAY            0.00          0.59 1984   0.04  -0.04      T
  MONTH TO DATE    0.81                      0.97  -0.16     0.42
  SINCE MAR 1      0.81                      0.97  -0.16     0.42
  SINCE JAN 1      3.13                      1.63   1.50     1.31

SNOWFALL (IN)
  TODAY            0.0           7.0  1984   0.3   -0.3      0.0
  MONTH TO DATE    3.9                       7.9   -4.0      2.8
  SINCE MAR 1      3.9                       7.9   -4.0      2.8
  SINCE JUL 1     44.8                      31.9   12.9     26.9
  SNOW DEPTH       0

DEGREE DAYS
 HEATING
  TODAY           12                        23    -11       14
  MONTH TO DATE  660                       783   -123      762
  SINCE MAR 1    660                       783   -123      762
  SINCE JUL 1   4881                      5346   -465     5249

 COOLING
  TODAY            0                         0      0        0
  MONTH TO DATE    0                         0      0        0
  SINCE MAR 1      0                         0      0        0
  SINCE JAN 1      0                         0      0        0
..................................................................


WIND (MPH)
  HIGHEST WIND SPEED    16   HIGHEST WIND DIRECTION    NW (300)
  HIGHEST GUST SPEED    20   HIGHEST GUST DIRECTION     W (270)
  AVERAGE WIND SPEED     6.6


SKY COVER
  POSSIBLE SUNSHINE  MM
  AVERAGE SKY COVER 0.4


WEATHER CONDITIONS
 THE FOLLOWING WEATHER WAS RECORDED TODAY.
  NO SIGNIFICANT WEATHER WAS OBSERVED.


RELATIVE HUMIDITY (PERCENT)
 HIGHEST    61           300 AM
 LOWEST      6           200 PM
 AVERAGE    34

..........................................................


THE COLORADO SPRINGS CO CLIMATE NORMALS FOR TOMORROW
                         NORMAL    RECORD    YEAR
 MAXIMUM TEMPERATURE (F)   56        78      2012
 MINIMUM TEMPERATURE (F)   29         5      1954


SUNRISE AND SUNSET
MARCH 30 2015.........SUNRISE   647 AM MDT   SUNSET   720 PM MDT
MARCH 31 2015.........SUNRISE   645 AM MDT   SUNSET   721 PM MDT


-  INDICATES NEGATIVE NUMBERS.
R  INDICATES RECORD WAS SET OR TIED.
MM INDICATES DATA IS MISSING.
T  INDICATES TRACE AMOUNT.




$$
