000
CDUS45 KPUB 271143
CLICOS


CLIMATE REPORT
NATIONAL WEATHER SERVICE PUEBLO
441 AM MST MON FEB 27 2017


...................................

...THE COLORADO SPRINGS CO CLIMATE SUMMARY FOR FEBRUARY 26 2017...

CLIMATE NORMAL PERIOD 1981 TO 2010
CLIMATE RECORD PERIOD 1872 TO 2017


WEATHER ITEM   OBSERVED TIME   RECORD YEAR NORMAL DEPARTURE LAST
                VALUE   (LST)  VALUE       VALUE  FROM      YEAR
                                                  NORMAL
..................................................................
TEMPERATURE (F)
 YESTERDAY
  MAXIMUM         44    335 PM  72    1986  47     -3       59
  MINIMUM         15    628 AM  -5    1964  22     -7       22
                                      1962
  AVERAGE         30                        34     -4       41

PRECIPITATION (IN)
  YESTERDAY        0.00          1.49 1987   0.02  -0.02     0.00
  MONTH TO DATE    0.06                      0.31  -0.25     1.00
  SINCE DEC 1      1.06                      0.97   0.09     1.79
  SINCE JAN 1      0.38                      0.63  -0.25     1.54

SNOWFALL (IN)
  YESTERDAY        0.0          14.8  1987   0.1   -0.1      0.0
  MONTH TO DATE    0.7                       4.5   -3.8     10.1
  SINCE DEC 1     13.4                      15.8   -2.4     21.3
  SINCE JUL 1     13.4                      23.6  -10.2     27.1
  SNOW DEPTH       0

DEGREE DAYS
 HEATING
  YESTERDAY       35                        31      4       24
  MONTH TO DATE  635                       858   -223      756
  SINCE DEC 1   2786                      3020   -234     2750
  SINCE JUL 1   3689                      4501   -812     3853

 COOLING
  YESTERDAY        0                         0      0        0
  MONTH TO DATE    0                         0      0        0
  SINCE DEC 1      0                         0      0        0
  SINCE JAN 1      0                         0      0        0
..................................................................


WIND (MPH)
  HIGHEST WIND SPEED    16   HIGHEST WIND DIRECTION     E (100)
  HIGHEST GUST SPEED    21   HIGHEST GUST DIRECTION    SW (240)
  AVERAGE WIND SPEED     7.5


SKY COVER
  POSSIBLE SUNSHINE  MM
  AVERAGE SKY COVER 0.2


WEATHER CONDITIONS
 THE FOLLOWING WEATHER WAS RECORDED YESTERDAY.
  NO SIGNIFICANT WEATHER WAS OBSERVED.


RELATIVE HUMIDITY (PERCENT)
 HIGHEST    43           600 AM
 LOWEST      9           300 PM
 AVERAGE    26

..........................................................


THE COLORADO SPRINGS CO CLIMATE NORMALS FOR TODAY
                         NORMAL    RECORD    YEAR
 MAXIMUM TEMPERATURE (F)   48        73      1932
 MINIMUM TEMPERATURE (F)   22       -12      1962


SUNRISE AND SUNSET
FEBRUARY 27 2017......SUNRISE   634 AM MST   SUNSET   550 PM MST
FEBRUARY 28 2017......SUNRISE   632 AM MST   SUNSET   551 PM MST


-  INDICATES NEGATIVE NUMBERS.
R  INDICATES RECORD WAS SET OR TIED.
MM INDICATES DATA IS MISSING.
T  INDICATES TRACE AMOUNT.




$$
