000
CDUS43 KLSX 010736
CLICOU


CLIMATE REPORT
NATIONAL WEATHER SERVICE ST LOUIS MO
235 AM CDT SAT NOV 1 2014


...................................

...THE COLUMBIA ASOS CLIMATE SUMMARY FOR OCTOBER 31 2014...

CLIMATE NORMAL PERIOD 1981 TO 2010
CLIMATE RECORD PERIOD 1890 TO 2014


WEATHER ITEM   OBSERVED TIME   RECORD YEAR NORMAL DEPARTURE LAST
                VALUE   (LST)  VALUE       VALUE  FROM      YEAR
                                                  NORMAL
..................................................................
TEMPERATURE (F)
 YESTERDAY
  MAXIMUM         49    345 AM  87    1950  62    -13       63
  MINIMUM         28   1158 PM  22    1993  41    -13       43
                                      1930
                                      1898
  AVERAGE         39                        51    -12       53

PRECIPITATION (IN)
  YESTERDAY        0.00          2.06 1946   0.09  -0.09     1.13
  MONTH TO DATE   10.18                      3.31   6.87     2.83
  SINCE SEP 1     16.33                      7.18   9.15     5.25
  SINCE JAN 1     40.62                     36.93   3.69    38.34

SNOWFALL (IN)
  YESTERDAY        0.0           0.3  1912   0.0    0.0      0.0
  MONTH TO DATE    0.0                       0.0    0.0      0.0
  SINCE SEP 1      0.0                       0.0    0.0      0.0
  SINCE JUL 1      0.0                       0.0    0.0      0.0
  SNOW DEPTH       0

DEGREE DAYS
 HEATING
  YESTERDAY       26                        14     12       12
  MONTH TO DATE  247                       298    -51      308
  SINCE SEP 1    294                       363    -69      324
  SINCE JUL 1    294                       365    -71      324

 COOLING
  YESTERDAY        0                         0      0        0
  MONTH TO DATE   18                        20     -2       48
  SINCE SEP 1    156                       164     -8      255
  SINCE JAN 1   1266                      1247     19     1322
..................................................................


WIND (MPH)
  HIGHEST WIND SPEED    29   HIGHEST WIND DIRECTION     N (350)
  HIGHEST GUST SPEED    38   HIGHEST GUST DIRECTION     N (340)
  AVERAGE WIND SPEED    14.3


SKY COVER
  AVERAGE SKY COVER 0.3


WEATHER CONDITIONS
 THE FOLLOWING WEATHER WAS RECORDED YESTERDAY.
  NO SIGNIFICANT WEATHER WAS OBSERVED.


RELATIVE HUMIDITY (PERCENT)
 HIGHEST    93
 LOWEST     31
 AVERAGE    62

..........................................................


THE COLUMBIA ASOS CLIMATE NORMALS FOR TODAY
                         NORMAL    RECORD    YEAR
 MAXIMUM TEMPERATURE (F)   61        84      1938
                                             1937
 MINIMUM TEMPERATURE (F)   41        16      1895


SUNRISE AND SUNSET
NOVEMBER  1 2014......SUNRISE   736 AM CDT   SUNSET   608 PM CDT
NOVEMBER  2 2014......SUNRISE   637 AM CST   SUNSET   507 PM CST


-  INDICATES NEGATIVE NUMBERS.
R  INDICATES RECORD WAS SET OR TIED.
MM INDICATES DATA IS MISSING.
T  INDICATES TRACE AMOUNT.




$$
