000
CDUS43 KLSX 132235
CLICOU


CLIMATE REPORT
NATIONAL WEATHER SERVICE ST LOUIS MO
533 PM CDT SUN JUL 13 2014


...................................

...THE COLUMBIA ASOS CLIMATE SUMMARY FOR JULY 13 2014...
VALID TODAY AS OF 0500 PM LOCAL TIME.

CLIMATE NORMAL PERIOD 1981 TO 2010
CLIMATE RECORD PERIOD 1890 TO 2014


WEATHER ITEM   OBSERVED TIME   RECORD YEAR NORMAL DEPARTURE LAST
                VALUE   (LST)  VALUE       VALUE  FROM      YEAR
                                                  NORMAL
..................................................................
TEMPERATURE (F)
 TODAY
  MAXIMUM         87    137 PM 107    1954  88     -1       81
                                      1936
  MINIMUM         76    658 AM  48    1975  67      9       62
  AVERAGE         82                        78      4       72

PRECIPITATION (IN)
  TODAY            0.03          1.37 2006   0.15  -0.12     0.00
  MONTH TO DATE    1.18                      1.96  -0.78     0.67
  SINCE JUN 1      6.25                      6.43  -0.18     2.72
  SINCE JAN 1     21.07                     22.98  -1.91    29.43


DEGREE DAYS
 HEATING
  TODAY            0                         0      0        0
  MONTH TO DATE    0                         0      0        0
  SINCE JUN 1      0                        11    -11        6
  SINCE JUL 1      0                         0      0        0

 COOLING
  TODAY           17                        12      5        7
  MONTH TO DATE  125                       156    -31      133
  SINCE JUN 1    412                       404      8      400
  SINCE JAN 1    572                       507     65      534
..................................................................


WIND (MPH)
  HIGHEST WIND SPEED    17   HIGHEST WIND DIRECTION    NW (320)
  HIGHEST GUST SPEED    22   HIGHEST GUST DIRECTION    NW (320)
  AVERAGE WIND SPEED     7.3


SKY COVER
  AVERAGE SKY COVER 0.2



RELATIVE HUMIDITY (PERCENT)
 HIGHEST    85           400 PM
 LOWEST     57          1200 PM
 AVERAGE    71

..........................................................


THE COLUMBIA ASOS CLIMATE NORMALS FOR TOMORROW
                         NORMAL    RECORD    YEAR
 MAXIMUM TEMPERATURE (F)   88       113      1954
 MINIMUM TEMPERATURE (F)   67        50      1967


SUNRISE AND SUNSET
JULY 13 2014..........SUNRISE   555 AM CDT   SUNSET   834 PM CDT
JULY 14 2014..........SUNRISE   555 AM CDT   SUNSET   834 PM CDT


-  INDICATES NEGATIVE NUMBERS.
R  INDICATES RECORD WAS SET OR TIED.
MM INDICATES DATA IS MISSING.
T  INDICATES TRACE AMOUNT.




$$
