000
CDUS43 KLSX 170734
CLICOU


CLIMATE REPORT
NATIONAL WEATHER SERVICE ST LOUIS MO
234 AM CDT WED SEP 17 2014


...................................

...THE COLUMBIA ASOS CLIMATE SUMMARY FOR SEPTEMBER 16 2014...

CLIMATE NORMAL PERIOD 1981 TO 2010
CLIMATE RECORD PERIOD 1890 TO 2014


WEATHER ITEM   OBSERVED TIME   RECORD YEAR NORMAL DEPARTURE LAST
                VALUE   (LST)  VALUE       VALUE  FROM      YEAR
                                                  NORMAL
..................................................................
TEMPERATURE (F)
 YESTERDAY
  MAXIMUM         72    433 PM  99    1954  79     -7       69
  MINIMUM         MM        MM  40    1916  56     MM       58
  AVERAGE         MM                        68     MM       64

PRECIPITATION (IN)
  YESTERDAY        0.00          5.98 1905   0.12  -0.12     0.14
  MONTH TO DATE    6.15                      2.06   4.09     1.00
  SINCE SEP 1      6.15                      2.06   4.09     1.00
  SINCE JAN 1     30.44                     31.81  -1.37    34.09

SNOWFALL (IN)
  YESTERDAY        0.0           0.0  2013   0.0    0.0      0.0
  MONTH TO DATE    0.0                       0.0    0.0      0.0
  SINCE SEP 1      0.0                       0.0    0.0      0.0
  SINCE JUL 1      0.0                       0.0    0.0      0.0
  SNOW DEPTH       0

DEGREE DAYS
 HEATING
  YESTERDAY       MM                         2     MM        1
  MONTH TO DATE   40                        12     28        3
  SINCE SEP 1     40                        12     28        3
  SINCE JUL 1     40                        14     26        3

 COOLING
  YESTERDAY       MM                         4     MM        0
  MONTH TO DATE   85                       103    -18      159
  SINCE SEP 1     85                       103    -18      159
  SINCE JAN 1   1195                      1186      9     1226
..................................................................


WIND (MPH)
  HIGHEST WIND SPEED    14   HIGHEST WIND DIRECTION    NE (40)
  HIGHEST GUST SPEED    17   HIGHEST GUST DIRECTION    NE (40)
  AVERAGE WIND SPEED     5.6


SKY COVER
  AVERAGE SKY COVER 0.5


WEATHER CONDITIONS
 THE FOLLOWING WEATHER WAS RECORDED YESTERDAY.
  NO SIGNIFICANT WEATHER WAS OBSERVED.


RELATIVE HUMIDITY (PERCENT)
 HIGHEST    93
 LOWEST     49
 AVERAGE    71

..........................................................


THE COLUMBIA ASOS CLIMATE NORMALS FOR TODAY
                         NORMAL    RECORD    YEAR
 MAXIMUM TEMPERATURE (F)   78        98      1895
 MINIMUM TEMPERATURE (F)   56        37      1903


SUNRISE AND SUNSET
SEPTEMBER 17 2014.....SUNRISE   652 AM CDT   SUNSET   714 PM CDT
SEPTEMBER 18 2014.....SUNRISE   653 AM CDT   SUNSET   712 PM CDT


-  INDICATES NEGATIVE NUMBERS.
R  INDICATES RECORD WAS SET OR TIED.
MM INDICATES DATA IS MISSING.
T  INDICATES TRACE AMOUNT.




$$
