000
CDUS43 KLSX 290726
CLICOU


CLIMATE REPORT
NATIONAL WEATHER SERVICE ST LOUIS MO
226 AM CDT MON AUG 29 2016


...................................

...THE COLUMBIA ASOS CLIMATE SUMMARY FOR AUGUST 28 2016...

CLIMATE NORMAL PERIOD 1981 TO 2010
CLIMATE RECORD PERIOD 1890 TO 2016


WEATHER ITEM   OBSERVED TIME   RECORD YEAR NORMAL DEPARTURE LAST
                VALUE   (LST)  VALUE       VALUE  FROM      YEAR
                                                  NORMAL
..................................................................
TEMPERATURE (F)
 YESTERDAY
  MAXIMUM         90    302 PM 106    1984  86      4       80
  MINIMUM         71    601 AM  42    1986  64      7       60
                                      1891
  AVERAGE         81                        75      6       70

PRECIPITATION (IN)
  YESTERDAY        0.00          2.08 1919   0.14  -0.14      T
  MONTH TO DATE    5.44                      3.94   1.50     3.11
  SINCE JUN 1     17.81                     12.78   5.03    19.07
  SINCE JAN 1     27.94                     29.33  -1.39    31.93

SNOWFALL (IN)
  YESTERDAY        0.0           0.0  2015   0.0    0.0      0.0
  MONTH TO DATE    0.0                       0.0    0.0      0.0
  SINCE JUN 1      0.0                       0.0    0.0      0.0
  SINCE JUL 1      0.0                       0.0    0.0      0.0
  SNOW DEPTH       0

DEGREE DAYS
 HEATING
  YESTERDAY        0                         0      0        0
  MONTH TO DATE    0                         0      0        1
  SINCE JUN 1      0                        11    -11        9
  SINCE JUL 1      0                         0      0        2

 COOLING
  YESTERDAY       16                        10      6        5
  MONTH TO DATE  329                       321      8      256
  SINCE JUN 1   1147                       951    196      965
  SINCE JAN 1   1271                      1054    217     1084
..................................................................


WIND (MPH)
  HIGHEST WIND SPEED    12   HIGHEST WIND DIRECTION    SE (120)
  HIGHEST GUST SPEED    15   HIGHEST GUST DIRECTION    SE (130)
  AVERAGE WIND SPEED     5.3


SKY COVER
  AVERAGE SKY COVER 0.0


WEATHER CONDITIONS
 THE FOLLOWING WEATHER WAS RECORDED YESTERDAY.
  NO SIGNIFICANT WEATHER WAS OBSERVED.


RELATIVE HUMIDITY (PERCENT)
 HIGHEST   100
 LOWEST     56
 AVERAGE    78

..........................................................


THE COLUMBIA ASOS CLIMATE NORMALS FOR TODAY
                         NORMAL    RECORD    YEAR
 MAXIMUM TEMPERATURE (F)   85       110      1984
 MINIMUM TEMPERATURE (F)   63        43      1986


SUNRISE AND SUNSET
AUGUST 29 2016........SUNRISE   636 AM CDT   SUNSET   743 PM CDT
AUGUST 30 2016........SUNRISE   637 AM CDT   SUNSET   741 PM CDT


-  INDICATES NEGATIVE NUMBERS.
R  INDICATES RECORD WAS SET OR TIED.
MM INDICATES DATA IS MISSING.
T  INDICATES TRACE AMOUNT.




$$
