000
CDUS43 KLSX 030728
CLICOU


CLIMATE REPORT
NATIONAL WEATHER SERVICE ST LOUIS MO
227 AM CDT MON AUG 3 2015


...................................

...THE COLUMBIA ASOS CLIMATE SUMMARY FOR AUGUST 2 2015...

CLIMATE NORMAL PERIOD 1981 TO 2010
CLIMATE RECORD PERIOD 1890 TO 2015


WEATHER ITEM   OBSERVED TIME   RECORD YEAR NORMAL DEPARTURE LAST
                VALUE   (LST)  VALUE       VALUE  FROM      YEAR
                                                  NORMAL
..................................................................
TEMPERATURE (F)
 YESTERDAY
  MAXIMUM         91    321 PM 108    2011  88      3       88
  MINIMUM         67    457 AM  54    1925  67      0       59
  AVERAGE         79                        77      2       74

PRECIPITATION (IN)
  YESTERDAY        0.00          1.73 1933   0.13  -0.13     0.00
  MONTH TO DATE    0.03                      0.26  -0.23     0.01
  SINCE JUN 1     15.99                      9.10   6.89     6.54
  SINCE JAN 1     28.85                     25.65   3.20    21.36

SNOWFALL (IN)
  YESTERDAY        0.0           0.0  2013   0.0    0.0      0.0
  MONTH TO DATE    0.0                       0.0    0.0      0.0
  SINCE JUN 1      0.0                       0.0    0.0      0.0
  SINCE JUL 1      0.0                       0.0    0.0      0.0
  SNOW DEPTH       0

DEGREE DAYS
 HEATING
  YESTERDAY        0                         0      0        0
  MONTH TO DATE    0                         0      0        0
  SINCE JUN 1      8                        11     -3        0
  SINCE JUL 1      1                         0      1        0

 COOLING
  YESTERDAY       14                        12      2        9
  MONTH TO DATE   27                        24      3       17
  SINCE JUN 1    736                       654     82      570
  SINCE JAN 1    855                       757     98      730
..................................................................


WIND (MPH)
  HIGHEST WIND SPEED    22   HIGHEST WIND DIRECTION     N (350)
  HIGHEST GUST SPEED    29   HIGHEST GUST DIRECTION     N (350)
  AVERAGE WIND SPEED     8.9


SKY COVER
  AVERAGE SKY COVER 0.1


WEATHER CONDITIONS
 THE FOLLOWING WEATHER WAS RECORDED YESTERDAY.
  NO SIGNIFICANT WEATHER WAS OBSERVED.


RELATIVE HUMIDITY (PERCENT)
 HIGHEST   100
 LOWEST     52
 AVERAGE    76

..........................................................


THE COLUMBIA ASOS CLIMATE NORMALS FOR TODAY
                         NORMAL    RECORD    YEAR
 MAXIMUM TEMPERATURE (F)   88       104      1930
 MINIMUM TEMPERATURE (F)   67        54      1974
                                             1950
                                             1891


SUNRISE AND SUNSET
AUGUST  3 2015........SUNRISE   612 AM CDT   SUNSET   818 PM CDT
AUGUST  4 2015........SUNRISE   612 AM CDT   SUNSET   817 PM CDT


-  INDICATES NEGATIVE NUMBERS.
R  INDICATES RECORD WAS SET OR TIED.
MM INDICATES DATA IS MISSING.
T  INDICATES TRACE AMOUNT.




$$
