000
CDUS45 KRIW 100731
CLICPR


CLIMATE REPORT
NATIONAL WEATHER SERVICE RIVERTON WY
130 AM MDT THU JUL 10 2014


...................................

...THE CASPER WY CLIMATE SUMMARY FOR JULY 9 2014...

CLIMATE NORMAL PERIOD 1981 TO 2010
CLIMATE RECORD PERIOD 1939 TO 2014


WEATHER ITEM   OBSERVED TIME   RECORD YEAR NORMAL DEPARTURE LAST
                VALUE   (LST)  VALUE       VALUE  FROM      YEAR
                                                  NORMAL
..................................................................
TEMPERATURE (F)
 YESTERDAY
  MAXIMUM         94    333 PM  99    2005  88      6       91
                                      1976
                                      1954
  MINIMUM         52    501 AM  40    2004  52      0       52
                                      1959
  AVERAGE         73                        70      3       72

PRECIPITATION (IN)
  YESTERDAY        0.00          1.18 1984   0.04  -0.04     0.00
  MONTH TO DATE    0.00                      0.37  -0.37     1.26
  SINCE JUN 1      1.35                      1.98  -0.63     2.13
  SINCE JAN 1      6.11                      7.19  -1.08     8.10

SNOWFALL (IN)
  YESTERDAY        0.0                       0.0    0.0      0.0
  MONTH TO DATE    0.0                       0.0    0.0      0.0
  SINCE JUN 1      0.0                       0.1   -0.1      0.0
  SINCE JUL 1      0.0                       0.0    0.0      0.0
  SNOW DEPTH       0

DEGREE DAYS
 HEATING
  YESTERDAY        0                         1     -1        0
  MONTH TO DATE   11                         9      2        0
  SINCE JUN 1    169                       145     24       72
  SINCE JUL 1     11                         9      2        0

 COOLING
  YESTERDAY        8                         6      2        7
  MONTH TO DATE   55                        43     12       64
  SINCE JUN 1     72                        96    -24      147
  SINCE JAN 1     78                       100    -22      157
..................................................................


WIND (MPH)
  HIGHEST WIND SPEED    24   HIGHEST WIND DIRECTION     E (90)
  HIGHEST GUST SPEED    31   HIGHEST GUST DIRECTION     E (80)
  AVERAGE WIND SPEED     7.0


SKY COVER
  POSSIBLE SUNSHINE  MM
  AVERAGE SKY COVER 0.0


WEATHER CONDITIONS
 THE FOLLOWING WEATHER WAS RECORDED YESTERDAY.
  NO SIGNIFICANT WEATHER WAS OBSERVED.


RELATIVE HUMIDITY (PERCENT)
 HIGHEST    66           200 AM
 LOWEST     13           500 PM
 AVERAGE    40

..........................................................


THE CASPER WY CLIMATE NORMALS FOR TODAY
                         NORMAL    RECORD    YEAR
 MAXIMUM TEMPERATURE (F)   88       101      1994
                                             1954
 MINIMUM TEMPERATURE (F)   53        44      1999
                                             1992
                                             1971


SUNRISE AND SUNSET
JULY 10 2014..........SUNRISE   537 AM MDT   SUNSET   845 PM MDT
JULY 11 2014..........SUNRISE   537 AM MDT   SUNSET   845 PM MDT


-  INDICATES NEGATIVE NUMBERS.
R  INDICATES RECORD WAS SET OR TIED.
MM INDICATES DATA IS MISSING.
T  INDICATES TRACE AMOUNT.




$$
