000
CDUS45 KRIW 010737
CLICPR


CLIMATE REPORT
NATIONAL WEATHER SERVICE RIVERTON WY
1234 AM MST SUN FEB 1 2015


...................................

...THE CASPER WY CLIMATE SUMMARY FOR JANUARY 31 2015...

CLIMATE NORMAL PERIOD 1981 TO 2010
CLIMATE RECORD PERIOD 1939 TO 2015


WEATHER ITEM   OBSERVED TIME   RECORD YEAR NORMAL DEPARTURE LAST
                VALUE   (LST)  VALUE       VALUE  FROM      YEAR
                                                  NORMAL
..................................................................
TEMPERATURE (F)
 YESTERDAY
  MAXIMUM         43    152 PM  58    1971  35      8       29
  MINIMUM         18   1159 PM -24    1996  14      4       10
                                      1985
  AVERAGE         31                        25      6       20

PRECIPITATION (IN)
  YESTERDAY        0.01          0.18 1981   0.02  -0.01     0.00
  MONTH TO DATE    0.52                      0.51   0.01     0.74
  SINCE DEC 1      1.77                      1.00   0.77     1.94
  SINCE JAN 1      0.52                      0.51   0.01     0.74

SNOWFALL (IN)
  YESTERDAY        0.3                       0.3    0.0      0.0
  MONTH TO DATE    6.4                       9.1   -2.7     14.2
  SINCE DEC 1     24.2                      20.1    4.1     29.9
  SINCE JUL 1     39.0                      39.6   -0.6     54.7
  SNOW DEPTH       0

DEGREE DAYS
 HEATING
  YESTERDAY       34                        40     -6       45
  MONTH TO DATE 1183                      1245    -62     1262
  SINCE DEC 1   2307                      2523   -216     2638
  SINCE JUL 1   4082                      4377   -295     4482

 COOLING
  YESTERDAY        0                         0      0        0
  MONTH TO DATE    0                         0      0        0
  SINCE DEC 1      0                         0      0        0
  SINCE JAN 1      0                         0      0        0
..................................................................


WIND (MPH)
  HIGHEST WIND SPEED    23   HIGHEST WIND DIRECTION     N (10)
  HIGHEST GUST SPEED    29   HIGHEST GUST DIRECTION     N (10)
  AVERAGE WIND SPEED    10.8


SKY COVER
  POSSIBLE SUNSHINE  MM
  AVERAGE SKY COVER 0.2


WEATHER CONDITIONS
 THE FOLLOWING WEATHER WAS RECORDED YESTERDAY.
  LIGHT SNOW
  FOG


RELATIVE HUMIDITY (PERCENT)
 HIGHEST    88           300 AM
 LOWEST     36           100 PM
 AVERAGE    62

..........................................................


THE CASPER WY CLIMATE NORMALS FOR TODAY
                         NORMAL    RECORD    YEAR
 MAXIMUM TEMPERATURE (F)   35        61      2003
 MINIMUM TEMPERATURE (F)   14       -26      1985


SUNRISE AND SUNSET
FEBRUARY  1 2015......SUNRISE   721 AM MST   SUNSET   519 PM MST
FEBRUARY  2 2015......SUNRISE   720 AM MST   SUNSET   520 PM MST


-  INDICATES NEGATIVE NUMBERS.
R  INDICATES RECORD WAS SET OR TIED.
MM INDICATES DATA IS MISSING.
T  INDICATES TRACE AMOUNT.




$$
