000
CDUS45 KRIW 310741
CLICPR


CLIMATE REPORT
NATIONAL WEATHER SERVICE RIVERTON WY
131 AM MDT WED AUG 31 2016


...................................

...THE CASPER WY CLIMATE SUMMARY FOR AUGUST 30 2016...

CLIMATE NORMAL PERIOD 1981 TO 2010
CLIMATE RECORD PERIOD 1939 TO 2016


WEATHER ITEM   OBSERVED TIME   RECORD YEAR NORMAL DEPARTURE LAST
                VALUE   (LST)  VALUE       VALUE  FROM      YEAR
                                                  NORMAL
..................................................................
TEMPERATURE (F)
 YESTERDAY
  MAXIMUM         86    407 PM  96    1948  83      3       92
  MINIMUM         45    547 AM  34    1965  48     -3       62
  AVERAGE         66                        65      1       77

PRECIPITATION (IN)
  YESTERDAY        0.00          0.43 2003   0.03  -0.03     0.00
  MONTH TO DATE    1.30                      0.83   0.47     0.83
  SINCE JUN 1      2.71                      3.85  -1.14     2.90
  SINCE JAN 1     12.17                      9.06   3.11    10.40

SNOWFALL (IN)
  YESTERDAY        0.0                       0.0    0.0      0.0
  MONTH TO DATE    0.0                       0.0    0.0      0.0
  SINCE JUN 1      0.0                       0.1   -0.1      0.0
  SINCE JUL 1      0.0                       0.0    0.0      0.0
  SNOW DEPTH       0

DEGREE DAYS
 HEATING
  YESTERDAY        0                         2     -2        0
  MONTH TO DATE   55                        26     29       44
  SINCE JUN 1     97                       178    -81       86
  SINCE JUL 1     60                        42     18       60

 COOLING
  YESTERDAY        1                         3     -2       12
  MONTH TO DATE  111                       150    -39      143
  SINCE JUN 1    420                       391     29      349
  SINCE JAN 1    420                       395     25      349
..................................................................


WIND (MPH)
  HIGHEST WIND SPEED    17   HIGHEST WIND DIRECTION     E (90)
  HIGHEST GUST SPEED    21   HIGHEST GUST DIRECTION     E (90)
  AVERAGE WIND SPEED     5.2


SKY COVER
  POSSIBLE SUNSHINE  MM
  AVERAGE SKY COVER 0.0


WEATHER CONDITIONS
 THE FOLLOWING WEATHER WAS RECORDED YESTERDAY.
  NO SIGNIFICANT WEATHER WAS OBSERVED.


RELATIVE HUMIDITY (PERCENT)
 HIGHEST    93           600 AM
 LOWEST     14           400 PM
 AVERAGE    54

..........................................................


THE CASPER WY CLIMATE NORMALS FOR TODAY
                         NORMAL    RECORD    YEAR
 MAXIMUM TEMPERATURE (F)   82        94      2007
                                             1954
 MINIMUM TEMPERATURE (F)   48        33      1977
                                             1965


SUNRISE AND SUNSET
AUGUST 31 2016........SUNRISE   630 AM MDT   SUNSET   741 PM MDT
SEPTEMBER  1 2016.....SUNRISE   631 AM MDT   SUNSET   739 PM MDT


-  INDICATES NEGATIVE NUMBERS.
R  INDICATES RECORD WAS SET OR TIED.
MM INDICATES DATA IS MISSING.
T  INDICATES TRACE AMOUNT.




$$
