000
CDUS45 KRIW 270741
CLICPR


CLIMATE REPORT
NATIONAL WEATHER SERVICE RIVERTON WY
1241 AM MST FRI FEB 27 2015


...................................

...THE CASPER WY CLIMATE SUMMARY FOR FEBRUARY 26 2015...

CLIMATE NORMAL PERIOD 1981 TO 2010
CLIMATE RECORD PERIOD 1939 TO 2015


WEATHER ITEM   OBSERVED TIME   RECORD YEAR NORMAL DEPARTURE LAST
                VALUE   (LST)  VALUE       VALUE  FROM      YEAR
                                                  NORMAL
..................................................................
TEMPERATURE (F)
 YESTERDAY
  MAXIMUM         12    423 PM  63    1950  41    -29       33
  MINIMUM          0   1159 PM -13    2002  18    -18       -4
                                      1947
  AVERAGE          6                        30    -24       15

PRECIPITATION (IN)
  YESTERDAY        0.01          0.47 1987   0.03  -0.02     0.00
  MONTH TO DATE    0.79                      0.53   0.26     0.58
  SINCE DEC 1      2.56                      1.53   1.03     2.52
  SINCE JAN 1      1.31                      1.04   0.27     1.32

SNOWFALL (IN)
  YESTERDAY        0.1                       0.4   -0.3      0.0
  MONTH TO DATE   12.4                       9.1    3.3      9.5
  SINCE DEC 1     36.6                      29.2    7.4     39.4
  SINCE JUL 1     51.4                      48.7    2.7     64.2
  SNOW DEPTH       T

DEGREE DAYS
 HEATING
  YESTERDAY       59                        35     24       50
  MONTH TO DATE  868                      1000   -132     1200
  SINCE DEC 1   3175                      3523   -348     3838
  SINCE JUL 1   4950                      5377   -427     5682

 COOLING
  YESTERDAY        0                         0      0        0
  MONTH TO DATE    0                         0      0        0
  SINCE DEC 1      0                         0      0        0
  SINCE JAN 1      0                         0      0        0
..................................................................


WIND (MPH)
  HIGHEST WIND SPEED    16   HIGHEST WIND DIRECTION    NE (60)
  HIGHEST GUST SPEED    19   HIGHEST GUST DIRECTION    NE (60)
  AVERAGE WIND SPEED     9.6


SKY COVER
  POSSIBLE SUNSHINE  MM
  AVERAGE SKY COVER 0.9


WEATHER CONDITIONS
 THE FOLLOWING WEATHER WAS RECORDED YESTERDAY.
  LIGHT SNOW
  FOG
  HAZE


RELATIVE HUMIDITY (PERCENT)
 HIGHEST    79          1100 PM
 LOWEST     61           200 PM
 AVERAGE    70

..........................................................


THE CASPER WY CLIMATE NORMALS FOR TODAY
                         NORMAL    RECORD    YEAR
 MAXIMUM TEMPERATURE (F)   42        63      1992
 MINIMUM TEMPERATURE (F)   18       -23      1947


SUNRISE AND SUNSET
FEBRUARY 27 2015......SUNRISE   645 AM MST   SUNSET   553 PM MST
FEBRUARY 28 2015......SUNRISE   644 AM MST   SUNSET   554 PM MST


-  INDICATES NEGATIVE NUMBERS.
R  INDICATES RECORD WAS SET OR TIED.
MM INDICATES DATA IS MISSING.
T  INDICATES TRACE AMOUNT.




$$
