000
CDUS46 KLOX 280912
CLICQT


CLIMATE REPORT
NATIONAL WEATHER SERVICE LOS ANGELES/OXNARD CA
112 AM PST SUN DEC 28 2014


...................................

...THE DOWNTOWN LOS ANGELES (USC) CA CLIMATE SUMMARY FOR DECEMBER 27 2014...

CLIMATE NORMAL PERIOD 1981 TO 2010
CLIMATE RECORD PERIOD 1877 TO 2014


WEATHER ITEM   OBSERVED TIME   RECORD YEAR NORMAL DEPARTURE LAST
                VALUE   (LST)  VALUE       VALUE  FROM      YEAR
                                                  NORMAL
..................................................................
TEMPERATURE (F)
 YESTERDAY
  MAXIMUM         63    210 PM  85    2013  68     -5       85
  MINIMUM         39    718 AM  36    1916  47     -8       49
  AVERAGE         51                        57     -6       67

PRECIPITATION (IN)
  YESTERDAY        0.00          1.81 1936   0.10  -0.10     0.00
  MONTH TO DATE    3.69                      1.92   1.77     0.20
  SINCE JUL 1      4.47                      3.91   0.56     0.97
  SINCE JAN 1      9.58                     14.52  -4.94     3.60

SNOWFALL (IN)
  YESTERDAY        0.0
  MONTH TO DATE    0.0
  SINCE DEC 1      0.0
  SINCE JUL 1      0.0

DEGREE DAYS
 HEATING
  YESTERDAY       14                         8      6        0
  MONTH TO DATE  128                       205    -77      180
  SINCE DEC 1    128                       205    -77      180
  SINCE JUL 1    151                       336   -185      261

 COOLING
  YESTERDAY        0                         0      0        2
  MONTH TO DATE    4                         0      4       16
  SINCE DEC 1      4                         0      4       16
  SINCE JAN 1   1749                      1240    509     1225
..................................................................


WIND (MPH)
  HIGHEST WIND SPEED     7   HIGHEST WIND DIRECTION     W (280)
  HIGHEST GUST SPEED    11   HIGHEST GUST DIRECTION     W (270)
  AVERAGE WIND SPEED     1.0


SKY COVER
  POSSIBLE SUNSHINE  MM
  AVERAGE SKY COVER 0.0


WEATHER CONDITIONS
 THE FOLLOWING WEATHER WAS RECORDED YESTERDAY.
  NO SIGNIFICANT WEATHER WAS OBSERVED.


RELATIVE HUMIDITY (PERCENT)
 HIGHEST    61           900 PM
 LOWEST     17          1200 PM
 AVERAGE    39

..........................................................


THE DOWNTOWN LOS ANGELES (USC) CA CLIMATE NORMALS FOR TODAY
                         NORMAL    RECORD    YEAR
 MAXIMUM TEMPERATURE (F)   68        87      1919
 MINIMUM TEMPERATURE (F)   47        36      1954


SUNRISE AND SUNSET
DECEMBER 28 2014......SUNRISE   658 AM PST   SUNSET   452 PM PST
DECEMBER 29 2014......SUNRISE   658 AM PST   SUNSET   453 PM PST


-  INDICATES NEGATIVE NUMBERS.
R  INDICATES RECORD WAS SET OR TIED.
MM INDICATES DATA IS MISSING.
T  INDICATES TRACE AMOUNT.




$$
