000
CDUS46 KLOX 270906
CLICQT


CLIMATE REPORT
NATIONAL WEATHER SERVICE LOS ANGELES/OXNARD CA
106 AM PST TUE JAN 27 2015


...................................

...THE DOWNTOWN LOS ANGELES (USC) CA CLIMATE SUMMARY FOR JANUARY 26 2015...

CLIMATE NORMAL PERIOD 1981 TO 2010
CLIMATE RECORD PERIOD 1877 TO 2015


WEATHER ITEM   OBSERVED TIME   RECORD YEAR NORMAL DEPARTURE LAST
                VALUE   (LST)  VALUE       VALUE  FROM      YEAR
                                                  NORMAL
..................................................................
TEMPERATURE (F)
 YESTERDAY
  MAXIMUM         80   1141 AM  86    1987  68     12       69
  MINIMUM         57   1035 PM  31    1898  48      9       52
  AVERAGE         69                        58     11       61

PRECIPITATION (IN)
  YESTERDAY        0.08          5.71 1956   0.10  -0.02     0.00
  MONTH TO DATE    1.06                      2.61  -1.55     0.00
  SINCE OCT 1      5.67                      6.64  -0.97     0.88
  SINCE JAN 1      1.06                      2.61  -1.55     0.00

SNOWFALL (IN)
  YESTERDAY        0.0
  MONTH TO DATE    0.0
  SINCE DEC 1      0.0
  SINCE JUL 1      0.0

DEGREE DAYS
 HEATING
  YESTERDAY        0                         7     -7        4
  MONTH TO DATE  106                       188    -82       69
  SINCE DEC 1    288                       422   -134      268
  SINCE JUL 1    311                       553   -242      349

 COOLING
  YESTERDAY        4                         0      4        0
  MONTH TO DATE   17                         0     17       17
  SINCE DEC 1     21                         4     17       33
  SINCE JAN 1     17                         0     17       17
..................................................................


WIND (MPH)
  HIGHEST WIND SPEED    10   HIGHEST WIND DIRECTION    SE (150)
  HIGHEST GUST SPEED    20   HIGHEST GUST DIRECTION     S (160)
  AVERAGE WIND SPEED     3.0


SKY COVER
  POSSIBLE SUNSHINE  MM
  AVERAGE SKY COVER 0.6


WEATHER CONDITIONS
 THE FOLLOWING WEATHER WAS RECORDED YESTERDAY.
  LIGHT RAIN


RELATIVE HUMIDITY (PERCENT)
 HIGHEST    75           600 PM
 LOWEST     18           200 PM
 AVERAGE    47

..........................................................


THE DOWNTOWN LOS ANGELES (USC) CA CLIMATE NORMALS FOR TODAY
                         NORMAL    RECORD    YEAR
 MAXIMUM TEMPERATURE (F)   68        87      1986
 MINIMUM TEMPERATURE (F)   48        32      1898


SUNRISE AND SUNSET
JANUARY 27 2015.......SUNRISE   654 AM PST   SUNSET   519 PM PST
JANUARY 28 2015.......SUNRISE   653 AM PST   SUNSET   520 PM PST


-  INDICATES NEGATIVE NUMBERS.
R  INDICATES RECORD WAS SET OR TIED.
MM INDICATES DATA IS MISSING.
T  INDICATES TRACE AMOUNT.




$$
