386
CDUS46 KLOX 212212
CLICQT


CLIMATE REPORT
NATIONAL WEATHER SERVICE LOS ANGELES/OXNARD CA
212 PM PST TUE NOV 21 2017


...................................

...THE DOWNTOWN LOS ANGELES (USC) CA CLIMATE SUMMARY FOR NOVEMBER 21 2017...
VALID AS OF 0200 PM LOCAL TIME.

CLIMATE NORMAL PERIOD 1981 TO 2010
CLIMATE RECORD PERIOD 1877 TO 2017


WEATHER ITEM   OBSERVED TIME   RECORD YEAR NORMAL DEPARTURE LAST
                VALUE   (LST)  VALUE       VALUE  FROM      YEAR
                                                  NORMAL
..................................................................
TEMPERATURE (F)
 TODAY
  MAXIMUM         88   1201 PM  93    1924  71     17       67
  MINIMUM         58    641 AM  39    1905  51      7       56
                                      1902
  AVERAGE         73                        61     12       62

PRECIPITATION (IN)
  TODAY            0.00          2.97 1967   0.04  -0.04     0.20
  MONTH TO DATE    0.01                      0.65  -0.64     0.75
  SINCE OCT 1      0.11                      1.31  -1.20     1.27
  SINCE JAN 1     13.23                     12.21   1.02     7.12

SNOWFALL (IN)
  TODAY            0.0
  MONTH TO DATE    0.0
  SINCE SEP 1      0.0
  SINCE JUL 1      0.0

DEGREE DAYS
 HEATING
  TODAY            0                         5     -5        3
  MONTH TO DATE   10                        63    -53       17
  SINCE SEP 1     10                        83    -73       19
  SINCE JUL 1     10                        83    -73       19

 COOLING
  TODAY            8                         1      7        0
  MONTH TO DATE   31                        31      0       96
  SINCE SEP 1    634                       404    230      527
  SINCE JAN 1   1836                      1238    598     1522
..................................................................


WIND (MPH)
  HIGHEST WIND SPEED     8   HIGHEST WIND DIRECTION     W (270)
  HIGHEST GUST SPEED    10   HIGHEST GUST DIRECTION     W (270)
  AVERAGE WIND SPEED     0.2


SKY COVER
  POSSIBLE SUNSHINE  MM
  AVERAGE SKY COVER 0.0


WEATHER CONDITIONS
 THE FOLLOWING WEATHER WAS RECORDED TODAY.
  NO SIGNIFICANT WEATHER WAS OBSERVED.


RELATIVE HUMIDITY (PERCENT)
 HIGHEST    67           400 AM
 LOWEST     12          1200 PM
 AVERAGE    40

..........................................................


THE DOWNTOWN LOS ANGELES (USC) CA CLIMATE NORMALS FOR TOMORROW
                         NORMAL    RECORD    YEAR
 MAXIMUM TEMPERATURE (F)   71        89      1950
 MINIMUM TEMPERATURE (F)   50        36      1882


SUNRISE AND SUNSET
NOVEMBER 21 2017......SUNRISE   632 AM PST   SUNSET   446 PM PST
NOVEMBER 22 2017......SUNRISE   633 AM PST   SUNSET   446 PM PST


-  INDICATES NEGATIVE NUMBERS.
R  INDICATES RECORD WAS SET OR TIED.
MM INDICATES DATA IS MISSING.
T  INDICATES TRACE AMOUNT.




$$
