000
CDUS46 KLOX 240902
CLICQT


CLIMATE REPORT
NATIONAL WEATHER SERVICE LOS ANGELES/OXNARD CA
202 AM PDT WED AUG 24 2016


...................................

...THE DOWNTOWN LOS ANGELES (USC) CA CLIMATE SUMMARY FOR AUGUST 23 2016...

CLIMATE NORMAL PERIOD 1981 TO 2010
CLIMATE RECORD PERIOD 1877 TO 2016


WEATHER ITEM   OBSERVED TIME   RECORD YEAR NORMAL DEPARTURE LAST
                VALUE   (LST)  VALUE       VALUE  FROM      YEAR
                                                  NORMAL
..................................................................
TEMPERATURE (F)
 YESTERDAY
  MAXIMUM         83   1121 AM 100    1968  85     -2       83
  MINIMUM         64    527 AM  54    1905  64      0       66
                                      1901
                                      1886
  AVERAGE         74                        74      0       75

PRECIPITATION (IN)
  YESTERDAY        0.00          T    1959   0.00   0.00     0.00
                                      1921
                                      1910
  MONTH TO DATE    0.00                      0.03  -0.03     0.00
  SINCE OCT 1      6.88                     14.68  -7.80     8.85
  SINCE JAN 1      5.85                     10.65  -4.80     4.24

SNOWFALL (IN)
  YESTERDAY        0.0
  MONTH TO DATE    0.0
  SINCE JUN 1      0.0
  SINCE JUL 1      0.0

DEGREE DAYS
 HEATING
  YESTERDAY        0                         0      0        0
  MONTH TO DATE    0                         0      0        0
  SINCE JUN 1      0                         8     -8        0
  SINCE JUL 1      0                         0      0        0

 COOLING
  YESTERDAY        9                         9      0       10
  MONTH TO DATE  203                       207     -4      255
  SINCE JUN 1    719                       600    119      705
  SINCE JAN 1    926                       754    172      993
..................................................................


WIND (MPH)
  HIGHEST WIND SPEED     9   HIGHEST WIND DIRECTION     W (260)
  HIGHEST GUST SPEED    14   HIGHEST GUST DIRECTION     W (270)
  AVERAGE WIND SPEED     1.2


SKY COVER
  POSSIBLE SUNSHINE  MM
  AVERAGE SKY COVER 0.0


WEATHER CONDITIONS
 THE FOLLOWING WEATHER WAS RECORDED YESTERDAY.
  NO SIGNIFICANT WEATHER WAS OBSERVED.


RELATIVE HUMIDITY (PERCENT)
 HIGHEST    87           600 AM
 LOWEST     47          1100 AM
 AVERAGE    67

..........................................................


THE DOWNTOWN LOS ANGELES (USC) CA CLIMATE NORMALS FOR TODAY
                         NORMAL    RECORD    YEAR
 MAXIMUM TEMPERATURE (F)   85        96      1931
 MINIMUM TEMPERATURE (F)   64        53      1900


SUNRISE AND SUNSET
AUGUST 24 2016........SUNRISE   622 AM PDT   SUNSET   729 PM PDT
AUGUST 25 2016........SUNRISE   622 AM PDT   SUNSET   727 PM PDT


-  INDICATES NEGATIVE NUMBERS.
R  INDICATES RECORD WAS SET OR TIED.
MM INDICATES DATA IS MISSING.
T  INDICATES TRACE AMOUNT.




$$
