000
CDUS46 KLOX 260902
CLICQT


CLIMATE REPORT
NATIONAL WEATHER SERVICE LOS ANGELES/OXNARD CA
102 AM PST WED NOV 26 2014


...................................

...THE DOWNTOWN LOS ANGELES (USC) CA CLIMATE SUMMARY FOR NOVEMBER 25 2014...

CLIMATE NORMAL PERIOD 1981 TO 2010
CLIMATE RECORD PERIOD 1877 TO 2014


WEATHER ITEM   OBSERVED TIME   RECORD YEAR NORMAL DEPARTURE LAST
                VALUE   (LST)  VALUE       VALUE  FROM      YEAR
                                                  NORMAL
..................................................................
TEMPERATURE (F)
 YESTERDAY
  MAXIMUM         80    203 PM  92    1977  70     10       72
  MINIMUM         52    237 AM  36    1879  50      2       48
  AVERAGE         66                        60      6       60

PRECIPITATION (IN)
  YESTERDAY        0.00          0.78 1885   0.04  -0.04     0.00
  MONTH TO DATE    0.18                      0.82  -0.64     0.39
  SINCE JUL 1      0.48                      1.77  -1.29     0.54
  SINCE JAN 1      5.59                     12.38  -6.79     3.17

SNOWFALL (IN)
  YESTERDAY        0.0
  MONTH TO DATE    0.0
  SINCE SEP 1      0.0
  SINCE JUL 1      0.0

DEGREE DAYS
 HEATING
  YESTERDAY        0                         5     -5        5
  MONTH TO DATE   19                        83    -64       44
  SINCE SEP 1     19                       103    -84       68
  SINCE JUL 1     19                       103    -84       68

 COOLING
  YESTERDAY        1                         0      1        0
  MONTH TO DATE   48                        32     16       45
  SINCE SEP 1    653                       405    248      404
  SINCE JAN 1   1730                      1239    491     1209
..................................................................


WIND (MPH)
  HIGHEST WIND SPEED     8   HIGHEST WIND DIRECTION     W (270)
  HIGHEST GUST SPEED    15   HIGHEST GUST DIRECTION     W (280)
  AVERAGE WIND SPEED     1.2


SKY COVER
  POSSIBLE SUNSHINE  MM
  AVERAGE SKY COVER 0.0


WEATHER CONDITIONS
 THE FOLLOWING WEATHER WAS RECORDED YESTERDAY.
  NO SIGNIFICANT WEATHER WAS OBSERVED.


RELATIVE HUMIDITY (PERCENT)
 HIGHEST    62          1100 PM
 LOWEST      8          1100 AM
 AVERAGE    35

..........................................................


THE DOWNTOWN LOS ANGELES (USC) CA CLIMATE NORMALS FOR TODAY
                         NORMAL    RECORD    YEAR
 MAXIMUM TEMPERATURE (F)   70        90      1903
 MINIMUM TEMPERATURE (F)   50        40      1880


SUNRISE AND SUNSET
NOVEMBER 26 2014......SUNRISE   636 AM PST   SUNSET   445 PM PST
NOVEMBER 27 2014......SUNRISE   637 AM PST   SUNSET   445 PM PST


-  INDICATES NEGATIVE NUMBERS.
R  INDICATES RECORD WAS SET OR TIED.
MM INDICATES DATA IS MISSING.
T  INDICATES TRACE AMOUNT.




$$
