000
CDUS46 KLOX 302211
CLICQT


CLIMATE REPORT
NATIONAL WEATHER SERVICE LOS ANGELES/OXNARD CA
310 PM PDT SAT MAY 30 2015


...................................

...THE DOWNTOWN LOS ANGELES (USC) CA CLIMATE SUMMARY FOR MAY 30 2015...
VALID AS OF 0300 PM LOCAL TIME.

CLIMATE NORMAL PERIOD 1981 TO 2010
CLIMATE RECORD PERIOD 1877 TO 2015


WEATHER ITEM   OBSERVED TIME   RECORD YEAR NORMAL DEPARTURE LAST
                VALUE   (LST)  VALUE       VALUE  FROM      YEAR
                                                  NORMAL
..................................................................
TEMPERATURE (F)
 TODAY
  MAXIMUM         77   1203 PM  95    1972  75      2       78
  MINIMUM         59    349 AM  48    1878  58      1       60
  AVERAGE         68                        67      1       69

PRECIPITATION (IN)
  TODAY            0.00          0.14 1887   0.01  -0.01     0.00
  MONTH TO DATE    0.93                      0.26   0.67     0.00
  SINCE OCT 1      8.46                     14.55  -6.09     5.99
  SINCE JAN 1      3.85                     10.52  -6.67     5.11

SNOWFALL (IN)
  TODAY            0.0
  MONTH TO DATE    0.0
  SINCE MAR 1      0.0
  SINCE JUL 1      0.0

DEGREE DAYS
 HEATING
  TODAY            0                         1     -1        0
  MONTH TO DATE   41                        43     -2        9
  SINCE MAR 1    107                       301   -194      124
  SINCE JUL 1    470                      1076   -606      601

 COOLING
  TODAY            3                         3      0        4
  MONTH TO DATE   22                        61    -39      179
  SINCE MAR 1    230                       125    105      265
  SINCE JAN 1    287                       148    139      288
..................................................................


WIND (MPH)
  HIGHEST WIND SPEED     9   HIGHEST WIND DIRECTION     W (270)
  HIGHEST GUST SPEED    14   HIGHEST GUST DIRECTION     W (280)
  AVERAGE WIND SPEED     0.9


SKY COVER
  POSSIBLE SUNSHINE  MM
  AVERAGE SKY COVER 0.5


WEATHER CONDITIONS
 THE FOLLOWING WEATHER WAS RECORDED TODAY.
  FOG
  HAZE


RELATIVE HUMIDITY (PERCENT)
 HIGHEST    93           100 AM
 LOWEST     57           100 PM
 AVERAGE    75

..........................................................


THE DOWNTOWN LOS ANGELES (USC) CA CLIMATE NORMALS FOR TOMORROW
                         NORMAL    RECORD    YEAR
 MAXIMUM TEMPERATURE (F)   75        98      1909
 MINIMUM TEMPERATURE (F)   58        47      1908


SUNRISE AND SUNSET
MAY 30 2015...........SUNRISE   544 AM PDT   SUNSET   758 PM PDT
MAY 31 2015...........SUNRISE   543 AM PDT   SUNSET   759 PM PDT


-  INDICATES NEGATIVE NUMBERS.
R  INDICATES RECORD WAS SET OR TIED.
MM INDICATES DATA IS MISSING.
T  INDICATES TRACE AMOUNT.




$$
