000
CDUS42 KILM 242041
CLICRE


CLIMATE REPORT
NATIONAL WEATHER SERVICE WILMINGTON NC
441 PM EDT TUE MAY 24 2016


...................................

...THE NORTH MYRTLE BEACH SC CLIMATE SUMMARY FOR MAY 24 2016...
VALID TODAY AS OF 0400 PM LOCAL TIME.

CLIMATE NORMAL PERIOD 1981 TO 2010
CLIMATE RECORD PERIOD 1949 TO 2016


WEATHER ITEM   OBSERVED TIME   RECORD YEAR NORMAL DEPARTURE LAST
                VALUE   (LST)  VALUE       VALUE  FROM      YEAR
                                                  NORMAL
..................................................................
TEMPERATURE (F)
 TODAY
  MAXIMUM         77    249 PM  90    1949  80     -3       80
  MINIMUM         52    448 AM  46    1954  63    -11       62
  AVERAGE         65                        72     -7       71

PRECIPITATION (IN)
  TODAY            0.00                      0.12  -0.12     0.00
  MONTH TO DATE    4.23                      2.49   1.74     6.80
  SINCE MAR 1      6.69                      9.37  -2.68    12.87
  SINCE JAN 1     14.76                     16.48  -1.72    20.06

DEGREE DAYS
 HEATING
  TODAY            0                         0      0        0
  MONTH TO DATE   12                        23    -11        8
  SINCE MAR 1    306                       502   -196      363
  SINCE JUL 1   1781                      2446   -665     2450

 COOLING
  TODAY            0                         7     -7        6
  MONTH TO DATE  129                       115     14      133
  SINCE MAR 1    229                       157     72      185
  SINCE JAN 1    229                       157     72      186
..................................................................


WIND (MPH)
  HIGHEST WIND SPEED    18   HIGHEST WIND DIRECTION     S (200)
  HIGHEST GUST SPEED    23   HIGHEST GUST DIRECTION     S (200)
  AVERAGE WIND SPEED     5.6


SKY COVER
  POSSIBLE SUNSHINE  MM
  AVERAGE SKY COVER 0.0


WEATHER CONDITIONS
 THE FOLLOWING WEATHER WAS RECORDED TODAY.
  FOG


RELATIVE HUMIDITY (PERCENT)
 HIGHEST    93          1200 AM
 LOWEST     46          1000 AM
 AVERAGE    70

..........................................................


THE NORTH MYRTLE BEACH SC CLIMATE NORMALS FOR TOMORROW
                         NORMAL    RECORD    YEAR
 MAXIMUM TEMPERATURE (F)   80        90      1996
 MINIMUM TEMPERATURE (F)   64        46      2013


SUNRISE AND SUNSET
MAY 24 2016...........SUNRISE   608 AM EDT   SUNSET   816 PM EDT
MAY 25 2016...........SUNRISE   608 AM EDT   SUNSET   816 PM EDT


-  INDICATES NEGATIVE NUMBERS.
R  INDICATES RECORD WAS SET OR TIED.
MM INDICATES DATA IS MISSING.
T  INDICATES TRACE AMOUNT.




$$
