000
CDUS42 KILM 310848
CLICRE


CLIMATE REPORT
NATIONAL WEATHER SERVICE WILMINGTON NC
448 AM EDT FRI OCT 31 2014


...................................

...THE NORTH MYRTLE BEACH SC CLIMATE SUMMARY FOR OCTOBER 30 2014...

CLIMATE NORMAL PERIOD 1981 TO 2010
CLIMATE RECORD PERIOD 1949 TO 2014


WEATHER ITEM   OBSERVED TIME   RECORD YEAR NORMAL DEPARTURE LAST
                VALUE   (LST)  VALUE       VALUE  FROM      YEAR
                                                  NORMAL
..................................................................
TEMPERATURE (F)
 YESTERDAY
  MAXIMUM         71    345 PM  85    1950  71      0       74
  MINIMUM         53   1155 PM  25    1952  51      2       50
  AVERAGE         62                        61      1       62

PRECIPITATION (IN)
  YESTERDAY        0.36                      0.10   0.26     0.00
  MONTH TO DATE    0.71                      3.77  -3.06     1.37
  SINCE SEP 1      5.28                     10.05  -4.77     2.73
  SINCE JAN 1     33.93                     45.40 -11.47    43.49

DEGREE DAYS
 HEATING
  YESTERDAY        3                         6     -3        3
  MONTH TO DATE   52                        81    -29       76
  SINCE SEP 1     53                        85    -32       76
  SINCE JUL 1     53                        85    -32       76

 COOLING
  YESTERDAY        0                         2     -2        0
  MONTH TO DATE  116                        98     18       89
  SINCE SEP 1    437                       406     31      366
  SINCE JAN 1   2025                      1882    143     1817
..................................................................


WIND (MPH)
  HIGHEST WIND SPEED    17   HIGHEST WIND DIRECTION     N (10)
  HIGHEST GUST SPEED    24   HIGHEST GUST DIRECTION     N (10)
  AVERAGE WIND SPEED     7.7


SKY COVER
  POSSIBLE SUNSHINE  MM
  AVERAGE SKY COVER 0.5


WEATHER CONDITIONS
 THE FOLLOWING WEATHER WAS RECORDED YESTERDAY.
  THUNDERSTORM
  HEAVY RAIN
  RAIN
  LIGHT RAIN
  FOG


RELATIVE HUMIDITY (PERCENT)
 HIGHEST    93          1100 PM
 LOWEST     49           300 PM
 AVERAGE    71

..........................................................


THE NORTH MYRTLE BEACH SC CLIMATE NORMALS FOR TODAY
                         NORMAL    RECORD    YEAR
 MAXIMUM TEMPERATURE (F)   71        85      2004
                                             1950
 MINIMUM TEMPERATURE (F)   50        32      2008
                                             1952


SUNRISE AND SUNSET
OCTOBER 31 2014.......SUNRISE   733 AM EDT   SUNSET   623 PM EDT
NOVEMBER  1 2014......SUNRISE   734 AM EDT   SUNSET   622 PM EDT


-  INDICATES NEGATIVE NUMBERS.
R  INDICATES RECORD WAS SET OR TIED.
MM INDICATES DATA IS MISSING.
T  INDICATES TRACE AMOUNT.




$$
