000
CDUS42 KILM 012045
CLICRE


CLIMATE REPORT
NATIONAL WEATHER SERVICE WILMINGTON NC
444 PM EDT FRI AUG 1 2014


...................................

...THE NORTH MYRTLE BEACH SC CLIMATE SUMMARY FOR AUGUST 1 2014...
VALID TODAY AS OF 0400 PM LOCAL TIME.

CLIMATE NORMAL PERIOD 1981 TO 2010
CLIMATE RECORD PERIOD 1949 TO 2014


WEATHER ITEM   OBSERVED TIME   RECORD YEAR NORMAL DEPARTURE LAST
                VALUE   (LST)  VALUE       VALUE  FROM      YEAR
                                                  NORMAL
..................................................................
TEMPERATURE (F)
 TODAY
  MAXIMUM         82   1214 AM  98    1999  87     -5       82
  MINIMUM         75    918 AM  65    1993  73      2       72
  AVERAGE         79                        80     -1       77

PRECIPITATION (IN)
  TODAY            1.12                      0.22   0.90     0.68
  MONTH TO DATE    1.12                      0.22   0.90     0.68
  SINCE JUN 1     10.19                     10.76  -0.57    19.81
  SINCE JAN 1     23.17                     28.16  -4.99    37.25

DEGREE DAYS
 HEATING
  TODAY            0                         0      0        0
  MONTH TO DATE    0                         0      0        0
  SINCE JUN 1      0                         0      0        0
  SINCE JUL 1      0                         0      0        0

 COOLING
  TODAY           14                        15     -1       12
  MONTH TO DATE   14                        15     -1       12
  SINCE JUN 1    880                       848     32      868
  SINCE JAN 1   1162                      1060    102     1048
..................................................................


WIND (MPH)
  HIGHEST WIND SPEED    21   HIGHEST WIND DIRECTION     S (200)
  HIGHEST GUST SPEED    28   HIGHEST GUST DIRECTION     S (200)
  AVERAGE WIND SPEED    10.7


SKY COVER
  POSSIBLE SUNSHINE  MM
  AVERAGE SKY COVER 0.9


WEATHER CONDITIONS
 THE FOLLOWING WEATHER WAS RECORDED TODAY.
  HEAVY RAIN
  RAIN
  LIGHT RAIN
  FOG


RELATIVE HUMIDITY (PERCENT)
 HIGHEST    94           800 AM
 LOWEST     74          1200 AM
 AVERAGE    84

..........................................................


THE NORTH MYRTLE BEACH SC CLIMATE NORMALS FOR TOMORROW
                         NORMAL    RECORD    YEAR
 MAXIMUM TEMPERATURE (F)   87        98      2011
 MINIMUM TEMPERATURE (F)   73        64      1997


SUNRISE AND SUNSET
AUGUST  1 2014........SUNRISE   627 AM EDT   SUNSET   815 PM EDT
AUGUST  2 2014........SUNRISE   627 AM EDT   SUNSET   814 PM EDT


-  INDICATES NEGATIVE NUMBERS.
R  INDICATES RECORD WAS SET OR TIED.
MM INDICATES DATA IS MISSING.
T  INDICATES TRACE AMOUNT.




$$
