000
CDUS42 KILM 022100
CLICRE


CLIMATE REPORT
NATIONAL WEATHER SERVICE WILMINGTON NC
450 PM EDT MON MAY 2 2016


...................................

...THE NORTH MYRTLE BEACH SC CLIMATE SUMMARY FOR MAY 2 2016...
VALID TODAY AS OF 0400 PM LOCAL TIME.

CLIMATE NORMAL PERIOD 1981 TO 2010
CLIMATE RECORD PERIOD 1949 TO 2016


WEATHER ITEM   OBSERVED TIME   RECORD YEAR NORMAL DEPARTURE LAST
                VALUE   (LST)  VALUE       VALUE  FROM      YEAR
                                                  NORMAL
..................................................................
TEMPERATURE (F)
 TODAY
  MAXIMUM         79    253 PM  90    1952  76      3       76
  MINIMUM         70    216 AM  48    2006  57     13       50
                                      1955
  AVERAGE         75                        66      9       63

PRECIPITATION (IN)
  TODAY            0.00                      0.10  -0.10     0.00
  MONTH TO DATE    0.70                      0.19   0.51      T
  SINCE MAR 1      3.16                      7.07  -3.91     6.07
  SINCE JAN 1     11.23                     14.18  -2.95    13.26

DEGREE DAYS
 HEATING
  TODAY            0                         2     -2        2
  MONTH TO DATE    0                         4     -4        7
  SINCE MAR 1    294                       483   -189      362
  SINCE JUL 1   1769                      2427   -658     2449

 COOLING
  TODAY           10                         3      7        0
  MONTH TO DATE   17                         6     11        0
  SINCE MAR 1    117                        48     69       52
  SINCE JAN 1    117                        48     69       53
..................................................................


WIND (MPH)
  HIGHEST WIND SPEED    18   HIGHEST WIND DIRECTION     S (200)
  HIGHEST GUST SPEED    25   HIGHEST GUST DIRECTION     S (190)
  AVERAGE WIND SPEED     8.9


SKY COVER
  POSSIBLE SUNSHINE  MM
  AVERAGE SKY COVER 0.2


WEATHER CONDITIONS
 THE FOLLOWING WEATHER WAS RECORDED TODAY.
  THUNDERSTORM
  FOG


RELATIVE HUMIDITY (PERCENT)
 HIGHEST    97           100 AM
 LOWEST     74           200 PM
 AVERAGE    86

..........................................................


THE NORTH MYRTLE BEACH SC CLIMATE NORMALS FOR TOMORROW
                         NORMAL    RECORD    YEAR
 MAXIMUM TEMPERATURE (F)   76        87      2002
                                             1991
 MINIMUM TEMPERATURE (F)   57        48      1995


SUNRISE AND SUNSET
MAY  2 2016...........SUNRISE   625 AM EDT   SUNSET   759 PM EDT
MAY  3 2016...........SUNRISE   624 AM EDT   SUNSET   800 PM EDT


-  INDICATES NEGATIVE NUMBERS.
R  INDICATES RECORD WAS SET OR TIED.
MM INDICATES DATA IS MISSING.
T  INDICATES TRACE AMOUNT.




$$
