000
CDUS42 KILM 312142
CLICRE


CLIMATE REPORT
NATIONAL WEATHER SERVICE WILMINGTON NC
442 PM EST SAT JAN 31 2015


...................................

...THE NORTH MYRTLE BEACH SC CLIMATE SUMMARY FOR JANUARY 31 2015...
VALID TODAY AS OF 0400 PM LOCAL TIME.

CLIMATE NORMAL PERIOD 1981 TO 2010
CLIMATE RECORD PERIOD 1949 TO 2015


WEATHER ITEM   OBSERVED TIME   RECORD YEAR NORMAL DEPARTURE LAST
                VALUE   (LST)  VALUE       VALUE  FROM      YEAR
                                                  NORMAL
..................................................................
TEMPERATURE (F)
 TODAY
  MAXIMUM         52    356 PM  75    1950  55     -3       53
  MINIMUM         28    735 AM  17    1952  37     -9       29
  AVERAGE         40                        46     -6       41

PRECIPITATION (IN)
  TODAY            0.00                      0.16  -0.16      T
  MONTH TO DATE    4.12                      3.69   0.43     1.81
  SINCE DEC 1      7.32                      7.15   0.17     3.39
  SINCE JAN 1      4.12                      3.69   0.43     1.81

SNOWFALL (IN)
  TODAY           MM
  MONTH TO DATE   MM
  SINCE DEC 1     MM
  SINCE JUL 1     MM
  SNOW DEPTH      MM

DEGREE DAYS
 HEATING
  TODAY           25                        19      6       24
  MONTH TO DATE  512                       600    -88      697
  SINCE DEC 1    960                      1107   -147     1110
  SINCE JUL 1   1410                      1468    -58     1523

 COOLING
  TODAY            0                         0      0        0
  MONTH TO DATE    1                         0      1        0
  SINCE DEC 1      3                         3      0        8
  SINCE JAN 1      1                         0      1        0
..................................................................


WIND (MPH)
  HIGHEST WIND SPEED    16   HIGHEST WIND DIRECTION     N (10)
  HIGHEST GUST SPEED    20   HIGHEST GUST DIRECTION     N (20)
  AVERAGE WIND SPEED     7.6


SKY COVER
  POSSIBLE SUNSHINE  MM
  AVERAGE SKY COVER 0.0


WEATHER CONDITIONS
 THE FOLLOWING WEATHER WAS RECORDED TODAY.
  NO SIGNIFICANT WEATHER WAS OBSERVED.


RELATIVE HUMIDITY (PERCENT)
 HIGHEST    58           700 AM
 LOWEST     18           100 PM
 AVERAGE    38

..........................................................


THE NORTH MYRTLE BEACH SC CLIMATE NORMALS FOR TOMORROW
                         NORMAL    RECORD    YEAR
 MAXIMUM TEMPERATURE (F)   55        76      1950
 MINIMUM TEMPERATURE (F)   37        21      1952


SUNRISE AND SUNSET
JANUARY 31 2015.......SUNRISE   712 AM EST   SUNSET   545 PM EST
FEBRUARY  1 2015......SUNRISE   712 AM EST   SUNSET   546 PM EST


-  INDICATES NEGATIVE NUMBERS.
R  INDICATES RECORD WAS SET OR TIED.
MM INDICATES DATA IS MISSING.
T  INDICATES TRACE AMOUNT.




$$
