000
CDUS42 KILM 220848
CLICRE


CLIMATE REPORT
NATIONAL WEATHER SERVICE WILMINGTON NC
446 AM EDT WED OCT 22 2014


...................................

...THE NORTH MYRTLE BEACH SC CLIMATE SUMMARY FOR OCTOBER 21 2014...

CLIMATE NORMAL PERIOD 1981 TO 2010
CLIMATE RECORD PERIOD 1949 TO 2014


WEATHER ITEM   OBSERVED TIME   RECORD YEAR NORMAL DEPARTURE LAST
                VALUE   (LST)  VALUE       VALUE  FROM      YEAR
                                                  NORMAL
..................................................................
TEMPERATURE (F)
 YESTERDAY
  MAXIMUM         77    109 PM  83    1953  74      3       71
  MINIMUM         55    349 AM  34    1954  54      1       54
  AVERAGE         66                        64      2       63

PRECIPITATION (IN)
  YESTERDAY        0.00                      0.12  -0.12     0.00
  MONTH TO DATE    0.35                      2.90  -2.55     1.15
  SINCE SEP 1      4.92                      9.18  -4.26     2.51
  SINCE JAN 1     33.57                     44.53 -10.96    43.27

DEGREE DAYS
 HEATING
  YESTERDAY        0                         4     -4        2
  MONTH TO DATE   26                        38    -12        6
  SINCE SEP 1     27                        42    -15        6
  SINCE JUL 1     27                        42    -15        6

 COOLING
  YESTERDAY        1                         2     -1        0
  MONTH TO DATE  101                        80     21       89
  SINCE SEP 1    422                       388     34      366
  SINCE JAN 1   2010                      1864    146     1817
..................................................................


WIND (MPH)
  HIGHEST WIND SPEED    15   HIGHEST WIND DIRECTION    SW (210)
  HIGHEST GUST SPEED    19   HIGHEST GUST DIRECTION    SW (210)
  AVERAGE WIND SPEED     5.2


SKY COVER
  POSSIBLE SUNSHINE  MM
  AVERAGE SKY COVER 0.1


WEATHER CONDITIONS
 THE FOLLOWING WEATHER WAS RECORDED YESTERDAY.
  FOG


RELATIVE HUMIDITY (PERCENT)
 HIGHEST   100           200 AM
 LOWEST     46          1200 PM
 AVERAGE    73

..........................................................


THE NORTH MYRTLE BEACH SC CLIMATE NORMALS FOR TODAY
                         NORMAL    RECORD    YEAR
 MAXIMUM TEMPERATURE (F)   73        84      2005
 MINIMUM TEMPERATURE (F)   53        34      1952


SUNRISE AND SUNSET
OCTOBER 22 2014.......SUNRISE   725 AM EDT   SUNSET   633 PM EDT
OCTOBER 23 2014.......SUNRISE   726 AM EDT   SUNSET   632 PM EDT


-  INDICATES NEGATIVE NUMBERS.
R  INDICATES RECORD WAS SET OR TIED.
MM INDICATES DATA IS MISSING.
T  INDICATES TRACE AMOUNT.




$$
