000
CDUS44 KCRP 300856
CLICRP

CLIMATE REPORT
NATIONAL WEATHER SERVICE CORPUS CHRISTI TX
355 AM CDT MON MAR 30 2015


...................................

...THE CORPUS CHRISTI CLIMATE SUMMARY FOR MARCH 29 2015...

CLIMATE NORMAL PERIOD 1981 TO 2010
CLIMATE RECORD PERIOD 1887 TO 2015


WEATHER ITEM   OBSERVED TIME   RECORD YEAR NORMAL DEPARTURE LAST
                VALUE   (LST)  VALUE       VALUE  FROM      YEAR
                                                  NORMAL
..................................................................
TEMPERATURE (F)
 YESTERDAY
  MAXIMUM         79    334 PM  92    2000  79      0       82
                                      1974
  MINIMUM         60    653 AM  40    1894  59      1       59
  AVERAGE         70                        69      1       71

PRECIPITATION (IN)
  YESTERDAY        0.00          1.57 1990   0.06  -0.06     0.00
  MONTH TO DATE    6.13                      1.80   4.33     1.65
  SINCE MAR 1      6.13                      1.80   4.33     1.65
  SINCE JAN 1      9.58                      5.27   4.31     2.56

SNOWFALL (IN)
  YESTERDAY        0.0
  MONTH TO DATE    0.0
  SINCE MAR 1      0.0
  SINCE JUL 1      0.0
  SNOW DEPTH       0

DEGREE DAYS
 HEATING
  YESTERDAY        0                         1     -1        0
  MONTH TO DATE  116                        79     37      132
  SINCE MAR 1    116                        79     37      132
  SINCE JUL 1   1053                       879    174     1131

 COOLING
  YESTERDAY        5                         5      0        6
  MONTH TO DATE   59                       105    -46       74
  SINCE MAR 1     59                       105    -46       74
  SINCE JAN 1     87                       181    -94      151
..................................................................


WIND (MPH)
  HIGHEST WIND SPEED    35   HIGHEST WIND DIRECTION     S (160)
  HIGHEST GUST SPEED    41   HIGHEST GUST DIRECTION     S (160)
  AVERAGE WIND SPEED    19.0


SKY COVER
  POSSIBLE SUNSHINE  MM
  AVERAGE SKY COVER 0.1


WEATHER CONDITIONS
 THE FOLLOWING WEATHER WAS RECORDED YESTERDAY.
  NO SIGNIFICANT WEATHER WAS OBSERVED.


RELATIVE HUMIDITY (PERCENT)
 HIGHEST    97           600 AM
 LOWEST     62           100 PM
 AVERAGE    80

..........................................................


THE CORPUS CHRISTI CLIMATE NORMALS FOR TODAY
                         NORMAL    RECORD    YEAR
 MAXIMUM TEMPERATURE (F)   79       102      1989
 MINIMUM TEMPERATURE (F)   59        36      2003
                                             1987


SUNRISE AND SUNSET
MARCH 30 2015.........SUNRISE   723 AM CDT   SUNSET   747 PM CDT
MARCH 31 2015.........SUNRISE   722 AM CDT   SUNSET   747 PM CDT


-  INDICATES NEGATIVE NUMBERS.
R  INDICATES RECORD WAS SET OR TIED.
MM INDICATES DATA IS MISSING.
T  INDICATES TRACE AMOUNT.




$$
