000
CDUS44 KCRP 092330
CLICRP

CLIMATE REPORT
NATIONAL WEATHER SERVICE CORPUS CHRISTI TX
630 PM CDT WED JUL 9 2014

...................................

...THE CORPUS CHRISTI CLIMATE SUMMARY FOR JULY 9 2014...
VALID TODAY AS OF 630 PM LOCAL TIME.

CLIMATE NORMAL PERIOD 1981 TO 2010
CLIMATE RECORD PERIOD 1887 TO 2014


WEATHER ITEM   OBSERVED TIME   RECORD YEAR NORMAL DEPARTURE LAST
                VALUE   (LST)  VALUE       VALUE  FROM      YEAR
                                                  NORMAL
..................................................................
TEMPERATURE (F)
 TODAY
  MAXIMUM         96   1255 PM 100    2005  93      3       97
  MINIMUM         76    559 AM  70    2005  75      1       78
                                      1986
                                      1905
  AVERAGE         86                        84      2       88

PRECIPITATION (IN)
  TODAY            0.00          1.88 1976   0.11  -0.11     0.00
  MONTH TO DATE    0.29                      1.07  -0.78      T
  SINCE JUN 1      1.70                      4.43  -2.73     2.34
  SINCE JAN 1      8.80                     14.70  -5.90     7.07

SNOWFALL (IN)
  TODAY            0.0
  MONTH TO DATE    0.0
  SINCE JUN 1      0.0
  SINCE JUL 1      0.0
  SNOW DEPTH       0

DEGREE DAYS
 HEATING
  TODAY            0                         0      0        0
  MONTH TO DATE    0                         0      0        0
  SINCE JUN 1      0                         0      0        0
  SINCE JUL 1      0                         0      0        0

 COOLING
  TODAY           21                        19      2       23
  MONTH TO DATE  176                       167      9      186
  SINCE JUN 1    783                       689     94      844
  SINCE JAN 1   1589                      1530     59     1862
..................................................................


WIND (MPH)
  HIGHEST WIND SPEED    23   HIGHEST WIND DIRECTION    SE (140)
  HIGHEST GUST SPEED    29   HIGHEST GUST DIRECTION    SE (140)


SKY COVER
  POSSIBLE SUNSHINE  MM
  AVERAGE SKY COVER 0.9


WEATHER CONDITIONS
 THE FOLLOWING WEATHER WAS RECORDED TODAY.
  NO SIGNIFICANT WEATHER WAS OBSERVED.


RELATIVE HUMIDITY (PERCENT)
 HIGHEST    94           400 AM
 LOWEST     46           100 PM
 AVERAGE    70

..........................................................


THE CORPUS CHRISTI CLIMATE NORMALS FOR TOMORROW
                         NORMAL    RECORD    YEAR
 MAXIMUM TEMPERATURE (F)   93        98      2009
                                             1975
                                             1964
 MINIMUM TEMPERATURE (F)   75        68      1905


SUNRISE AND SUNSET
JULY  9 2014..........SUNRISE   641 AM CDT   SUNSET   829 PM CDT
JULY 10 2014..........SUNRISE   642 AM CDT   SUNSET   829 PM CDT


-  INDICATES NEGATIVE NUMBERS.
R  INDICATES RECORD WAS SET OR TIED.
MM INDICATES DATA IS MISSING.
T  INDICATES TRACE AMOUNT.




$$
