000
CDUS44 KCRP 162150
CLICRP

CLIMATE REPORT
NATIONAL WEATHER SERVICE CORPUS CHRISTI TX
448 PM CDT WED AUG 16 2017


...................................

...THE CORPUS CHRISTI CLIMATE SUMMARY FOR AUGUST 16 2017...
VALID AS OF 400 PM LOCAL TIME.

CLIMATE NORMAL PERIOD 1981 TO 2010
CLIMATE RECORD PERIOD 1887 TO 2017


WEATHER ITEM   OBSERVED TIME   RECORD YEAR NORMAL DEPARTURE LAST
                VALUE   (LST)  VALUE       VALUE  FROM      YEAR
                                                  NORMAL
..................................................................
TEMPERATURE (F)
 TODAY
  MAXIMUM         96    215 PM 100    1948  95      1       86
  MINIMUM         80    639 AM  70    2004  75      5       78
                                      1967
  AVERAGE         88                        85      3       82

PRECIPITATION (IN)
  TODAY            0.00          0.98 1989   0.10  -0.10     0.01
  MONTH TO DATE    0.82                      1.09  -0.27     0.62
  SINCE JUN 1      4.02                      7.24  -3.22     3.57
  SINCE JAN 1     17.29                     17.51  -0.22    21.79

SNOWFALL (IN)
  TODAY            0.0
  MONTH TO DATE    0.0
  SINCE JUN 1      0.0
  SINCE JUL 1      0.0
  SNOW DEPTH       0

DEGREE DAYS
 HEATING
  TODAY            0                         0      0        0
  MONTH TO DATE    0                         0      0        0
  SINCE JUN 1      0                         0      0        0
  SINCE JUL 1      0                         0      0        0

 COOLING
  TODAY           23                        20      3       17
  MONTH TO DATE  344                       320     24      349
  SINCE JUN 1   1521                      1429     92     1578
  SINCE JAN 1   2711                      2270    441     2614
..................................................................


WIND (MPH)
  HIGHEST WIND SPEED    23   HIGHEST WIND DIRECTION    SE (140)
  HIGHEST GUST SPEED    30   HIGHEST GUST DIRECTION    SE (120)


SKY COVER
  POSSIBLE SUNSHINE  MM
  AVERAGE SKY COVER 0.5


WEATHER CONDITIONS
 THE FOLLOWING WEATHER WAS RECORDED TODAY.
  NO SIGNIFICANT WEATHER WAS OBSERVED.


RELATIVE HUMIDITY (PERCENT)
 HIGHEST    94           400 AM
 LOWEST     51           200 PM
 AVERAGE    73

..........................................................


THE CORPUS CHRISTI CLIMATE NORMALS FOR TOMORROW
                         NORMAL    RECORD    YEAR
 MAXIMUM TEMPERATURE (F)   95       101      2012
 MINIMUM TEMPERATURE (F)   75        68      2004


SUNRISE AND SUNSET
AUGUST 16 2017........SUNRISE   701 AM CDT   SUNSET   807 PM CDT
AUGUST 17 2017........SUNRISE   702 AM CDT   SUNSET   806 PM CDT


-  INDICATES NEGATIVE NUMBERS.
R  INDICATES RECORD WAS SET OR TIED.
MM INDICATES DATA IS MISSING.
T  INDICATES TRACE AMOUNT.




$$
