000
CDUS44 KCRP 270652
CLICRP

CLIMATE REPORT
NATIONAL WEATHER SERVICE CORPUS CHRISTI TX
1252 AM CST THU NOV 27 2014


...THE CORPUS CHRISTI CLIMATE SUMMARY FOR NOVEMBER 26 2014...

CLIMATE NORMAL PERIOD 1981 TO 2010
CLIMATE RECORD PERIOD 1887 TO 2014


WEATHER ITEM   OBSERVED TIME   RECORD YEAR NORMAL DEPARTURE LAST
                VALUE   (LST)  VALUE       VALUE  FROM      YEAR
                                                  NORMAL
..................................................................
TEMPERATURE (F)
 YESTERDAY
  MAXIMUM         73    331 PM  92    1965  73      0       50
  MINIMUM         42    729 AM  34    2007  53    -11       40
                                      1993
                                      1972
  AVERAGE         58                        63     -5       45

PRECIPITATION (IN)
  YESTERDAY        0.00          4.05 2005   0.05  -0.05     0.07
  MONTH TO DATE    2.84                      1.78   1.06     3.39
  SINCE SEP 1     14.48                     10.40   4.08    12.15
  SINCE JAN 1     28.32                     29.74  -1.42    23.16

SNOWFALL (IN)
  YESTERDAY        0.0
  MONTH TO DATE    0.0
  SINCE SEP 1      0.0
  SINCE JUL 1      0.0
  SNOW DEPTH       0

DEGREE DAYS
 HEATING
  YESTERDAY        7                         5      2       20
  MONTH TO DATE  154                        70     84      113
  SINCE SEP 1    154                        80     74      113
  SINCE JUL 1    154                        80     74      113

 COOLING
  YESTERDAY        0                         3     -3        0
  MONTH TO DATE   52                       114    -62      129
  SINCE SEP 1    930                       904     26     1099
  SINCE JAN 1   3633                      3465    168     4112
..................................................................


WIND (MPH)
  HIGHEST WIND SPEED    23   HIGHEST WIND DIRECTION    SW (220)
  HIGHEST GUST SPEED    26   HIGHEST GUST DIRECTION    SW (220)
  AVERAGE WIND SPEED     9.2


SKY COVER
  POSSIBLE SUNSHINE  MM
  AVERAGE SKY COVER 0.0


WEATHER CONDITIONS
 THE FOLLOWING WEATHER WAS RECORDED YESTERDAY.
  NO SIGNIFICANT WEATHER WAS OBSERVED.


RELATIVE HUMIDITY (PERCENT)
 HIGHEST    93          1000 PM
 LOWEST     35           400 PM
 AVERAGE    64

..........................................................


THE CORPUS CHRISTI CLIMATE NORMALS FOR TODAY
                         NORMAL    RECORD    YEAR
 MAXIMUM TEMPERATURE (F)   72        93      1994
 MINIMUM TEMPERATURE (F)   53        31      2010


SUNRISE AND SUNSET
NOVEMBER 27 2014......SUNRISE   700 AM CST   SUNSET   535 PM CST
NOVEMBER 28 2014......SUNRISE   701 AM CST   SUNSET   535 PM CST


-  INDICATES NEGATIVE NUMBERS.
R  INDICATES RECORD WAS SET OR TIED.
MM INDICATES DATA IS MISSING.
T  INDICATES TRACE AMOUNT.

$$

TMT
