038
CDUS41 KRLX 040852
CLICRW


CLIMATE REPORT
NATIONAL WEATHER SERVICE CHARLESTON WV
352 AM EST SUN DEC 4 2016


...................................

...THE CHARLESTON WV CLIMATE SUMMARY FOR DECEMBER 3 2016...

CLIMATE NORMAL PERIOD 1981 TO 2010
CLIMATE RECORD PERIOD 1901 TO 2016


WEATHER ITEM   OBSERVED TIME   RECORD YEAR NORMAL DEPARTURE LAST
                VALUE   (LST)  VALUE       VALUE  FROM      YEAR
                                                  NORMAL
..................................................................
TEMPERATURE (F)
 YESTERDAY
  MAXIMUM         40    428 PM  80    1982  49     -9       40
  MINIMUM         32   1123 PM  10    1966  32      0       29
                                      1942
  AVERAGE         36                        41     -5       35

PRECIPITATION (IN)
  YESTERDAY        0.00          1.01 1978   0.12  -0.12      T
  MONTH TO DATE    0.00                      0.34  -0.34     2.06
  SINCE JAN 1     38.10                     41.10  -3.00    44.98

SNOWFALL (IN)
  YESTERDAY        0.0
  MONTH TO DATE    0.0
  SINCE SEP 1      0.1
  SNOW DEPTH       0

DEGREE DAYS
 HEATING
  YESTERDAY       29                        24      5       30
  MONTH TO DATE   74                        72      2       57
  SINCE DEC 1     74                        72      2       57
  SINCE JUL 1    728                       956   -228      709

 COOLING
  YESTERDAY        0                         0      0        0
  MONTH TO DATE    0                         0      0        0
  SINCE DEC 1      0                         0      0        0
  SINCE JAN 1   1473                      1096    377     1266
..................................................................


WIND (MPH)
  HIGHEST WIND SPEED     8   HIGHEST WIND DIRECTION    SW (240)
  HIGHEST GUST SPEED    12   HIGHEST GUST DIRECTION     W (250)
  AVERAGE WIND SPEED     1.8


SKY COVER
  POSSIBLE SUNSHINE  MM
  AVERAGE SKY COVER 1.0


WEATHER CONDITIONS
 THE FOLLOWING WEATHER WAS RECORDED YESTERDAY.
  NO SIGNIFICANT WEATHER WAS OBSERVED.


RELATIVE HUMIDITY (PERCENT)
 HIGHEST    82          1000 PM
 LOWEST     59          1100 AM
 AVERAGE    71

..........................................................


THE CHARLESTON WV CLIMATE NORMALS FOR TODAY
                         NORMAL    RECORD    YEAR
 MAXIMUM TEMPERATURE (F)   49        76      1982
 MINIMUM TEMPERATURE (F)   32         9      1966


SUNRISE AND SUNSET
DECEMBER  4 2016......SUNRISE   728 AM EST   SUNSET   506 PM EST
DECEMBER  5 2016......SUNRISE   729 AM EST   SUNSET   506 PM EST


-  INDICATES NEGATIVE NUMBERS.
R  INDICATES RECORD WAS SET OR TIED.
MM INDICATES DATA IS MISSING.
T  INDICATES TRACE AMOUNT.




$$
