000
CDUS41 KRLX 300718
CLICRW


CLIMATE REPORT
NATIONAL WEATHER SERVICE CHARLESTON WV
318 AM EDT SAT MAY 30 2015


...................................

...THE CHARLESTON WV CLIMATE SUMMARY FOR MAY 29 2015...

CLIMATE NORMAL PERIOD 1981 TO 2010
CLIMATE RECORD PERIOD 1901 TO 2015


WEATHER ITEM   OBSERVED TIME   RECORD YEAR NORMAL DEPARTURE LAST
                VALUE   (LST)  VALUE       VALUE  FROM      YEAR
                                                  NORMAL
..................................................................
TEMPERATURE (F)
 YESTERDAY
  MAXIMUM         86    347 PM  96    1931  78      8       80
                                      1914
  MINIMUM         63    353 AM  38    1949  57      6       63
  AVERAGE         75                        67      8       72

PRECIPITATION (IN)
  YESTERDAY        0.09          2.02 1982   0.17  -0.08     0.03
  MONTH TO DATE    1.94                      4.47  -2.53     2.37
  SINCE JAN 1     19.20                     17.81   1.39    16.12

SNOWFALL (IN)
  YESTERDAY        0.0
  MONTH TO DATE    0.0
  SINCE SEP 1     29.1
  SNOW DEPTH       0

DEGREE DAYS
 HEATING
  YESTERDAY        0                         2     -2        0
  MONTH TO DATE   54                       113    -59       87
  SINCE MAR 1    930                      1007    -77     1006
  SINCE JUL 1   4835                      4461    374     4773

 COOLING
  YESTERDAY       10                         4      6        7
  MONTH TO DATE  153                        68     85       93
  SINCE MAR 1    168                       100     68      111
  SINCE JAN 1    168                       100     68      111
..................................................................


WIND (MPH)
  HIGHEST WIND SPEED    25   HIGHEST WIND DIRECTION     S (180)
  HIGHEST GUST SPEED    30   HIGHEST GUST DIRECTION     S (160)
  AVERAGE WIND SPEED     3.1


SKY COVER
  POSSIBLE SUNSHINE  MM
  AVERAGE SKY COVER 0.5


WEATHER CONDITIONS
 THE FOLLOWING WEATHER WAS RECORDED YESTERDAY.
  THUNDERSTORM
  LIGHT RAIN
  FOG


RELATIVE HUMIDITY (PERCENT)
 HIGHEST   100           700 AM
 LOWEST     48           300 PM
 AVERAGE    74

..........................................................


THE CHARLESTON WV CLIMATE NORMALS FOR TODAY
                         NORMAL    RECORD    YEAR
 MAXIMUM TEMPERATURE (F)   78        96      1931
 MINIMUM TEMPERATURE (F)   57        38      1949


SUNRISE AND SUNSET
MAY 30 2015...........SUNRISE   605 AM EDT   SUNSET   843 PM EDT
MAY 31 2015...........SUNRISE   605 AM EDT   SUNSET   843 PM EDT


-  INDICATES NEGATIVE NUMBERS.
R  INDICATES RECORD WAS SET OR TIED.
MM INDICATES DATA IS MISSING.
T  INDICATES TRACE AMOUNT.




$$
