000
CDUS41 KRLX 252216
CLICRW


CLIMATE REPORT
NATIONAL WEATHER SERVICE CHARLESTON WV
516 PM EST SUN JAN 25 2015


...................................

...THE CHARLESTON WV CLIMATE SUMMARY FOR JANUARY 25 2015...
VALID TODAY AS OF 0500 PM LOCAL TIME.

CLIMATE NORMAL PERIOD 1981 TO 2010
CLIMATE RECORD PERIOD 1901 TO 2015


WEATHER ITEM   OBSERVED TIME   RECORD YEAR NORMAL DEPARTURE LAST
                VALUE   (LST)  VALUE       VALUE  FROM      YEAR
                                                  NORMAL
..................................................................
TEMPERATURE (F)
 TODAY
  MAXIMUM         49    348 PM  79    1950  43      6       31
  MINIMUM         30    721 AM  -6    1961  27      3       18
  AVERAGE         40                        35      5       25

PRECIPITATION (IN)
  TODAY            0.00          0.92 1978   0.10  -0.10     0.14
  MONTH TO DATE    1.85                      2.40  -0.55     2.42
  SINCE DEC 1      4.70                      5.67  -0.97     8.66
  SINCE JAN 1      1.85                      2.40  -0.55     2.42

DEGREE DAYS
 HEATING
  TODAY           25                        30     -5       40
  MONTH TO DATE  778                       772      6      890
  SINCE DEC 1   1544                      1628    -84     1683
  SINCE JUL 1   2587                      2512     75     2640

 COOLING
  TODAY            0                         0      0        0
  MONTH TO DATE    0                         0      0        0
  SINCE DEC 1      0                         1     -1        2
  SINCE JAN 1      0                         0      0        0
..................................................................


WIND (MPH)
  HIGHEST WIND SPEED     9   HIGHEST WIND DIRECTION    SE (150)
  HIGHEST GUST SPEED    12   HIGHEST GUST DIRECTION    SW (210)
  AVERAGE WIND SPEED     3.1


SKY COVER
  POSSIBLE SUNSHINE  MM
  AVERAGE SKY COVER 0.7


WEATHER CONDITIONS
 THE FOLLOWING WEATHER WAS RECORDED TODAY.
  FOG


RELATIVE HUMIDITY (PERCENT)
 HIGHEST    92           700 AM
 LOWEST     54           500 PM
 AVERAGE    73

..........................................................


THE CHARLESTON WV CLIMATE NORMALS FOR TOMORROW
                         NORMAL    RECORD    YEAR
 MAXIMUM TEMPERATURE (F)   43        74      1950
 MINIMUM TEMPERATURE (F)   27        -1      1948


SUNRISE AND SUNSET
JANUARY 25 2015.......SUNRISE   737 AM EST   SUNSET   541 PM EST
JANUARY 26 2015.......SUNRISE   736 AM EST   SUNSET   542 PM EST


-  INDICATES NEGATIVE NUMBERS.
R  INDICATES RECORD WAS SET OR TIED.
MM INDICATES DATA IS MISSING.
T  INDICATES TRACE AMOUNT.




$$
