000
CDUS42 KFFC 280921
CLICSG


CLIMATE REPORT
NATIONAL WEATHER SERVICE PEACHTREE CITY GA
421 AM EST FRI NOV 28 2014


...................................

...THE COLUMBUS CLIMATE SUMMARY FOR NOVEMBER 27 2014...

CLIMATE NORMAL PERIOD 1981 TO 2010
CLIMATE RECORD PERIOD 1948 TO 2014


WEATHER ITEM   OBSERVED TIME   RECORD YEAR NORMAL DEPARTURE LAST
                VALUE   (LST)  VALUE       VALUE  FROM      YEAR
                                                  NORMAL
..................................................................
TEMPERATURE (F)
 YESTERDAY
  MAXIMUM         53    233 PM  82    1990  65    -12       48
  MINIMUM         35   1153 PM  26    1956  43     -8       32
  AVERAGE         44                        54    -10       40

PRECIPITATION (IN)
  YESTERDAY        0.00          2.28 1948   0.16  -0.16     0.30
  MONTH TO DATE    2.96                      3.61  -0.65     1.79
  SINCE SEP 1     11.33                      9.25   2.08     3.41
  SINCE JAN 1     47.51                     41.99   5.52    53.78

SNOWFALL (IN)
  YESTERDAY        0.0           0.0  2001   0.0    0.0      0.0
  MONTH TO DATE    0.0                       0.0    0.0      0.0
  SINCE SEP 1      0.0                       0.0    0.0      0.0
  SINCE JUL 1      0.0                       0.0    0.0      0.0
  SNOW DEPTH       0

DEGREE DAYS
 HEATING
  YESTERDAY       21                        12      9       25
  MONTH TO DATE  372                       219    153      235
  SINCE SEP 1    416                       295    121      282
  SINCE JUL 1    416                       295    121      282

 COOLING
  YESTERDAY        0                         0      0        0
  MONTH TO DATE    4                        23    -19       11
  SINCE SEP 1    518                       491     27      563
  SINCE JAN 1   2313                      2363    -50     2347
..................................................................


WIND (MPH)
  HIGHEST WIND SPEED    21   HIGHEST WIND DIRECTION    NW (320)
  HIGHEST GUST SPEED    29   HIGHEST GUST DIRECTION    NW (320)
  AVERAGE WIND SPEED     9.3


SKY COVER
  AVERAGE SKY COVER 0.1


WEATHER CONDITIONS
 THE FOLLOWING WEATHER WAS RECORDED YESTERDAY.
  NO SIGNIFICANT WEATHER WAS OBSERVED.


RELATIVE HUMIDITY (PERCENT)
 HIGHEST    70          1000 PM
 LOWEST     38           100 PM
 AVERAGE    54

..........................................................


THE COLUMBUS CLIMATE NORMALS FOR TODAY
                         NORMAL    RECORD    YEAR
 MAXIMUM TEMPERATURE (F)   64        82      1990
 MINIMUM TEMPERATURE (F)   43        21      1956
                                             1950


SUNRISE AND SUNSET
NOVEMBER 28 2014......SUNRISE   721 AM EST   SUNSET   534 PM EST
NOVEMBER 29 2014......SUNRISE   722 AM EST   SUNSET   534 PM EST


-  INDICATES NEGATIVE NUMBERS.
R  INDICATES RECORD WAS SET OR TIED.
MM INDICATES DATA IS MISSING.
T  INDICATES TRACE AMOUNT.




$$
