228
CDUS42 KFFC 290025
CLICSG


CLIMATE REPORT
NATIONAL WEATHER SERVICE PEACHTREE CITY GA
824 PM EDT TUE MAR 28 2017


...................................

...THE COLUMBUS CLIMATE SUMMARY FOR MARCH 28 2017...
VALID AS OF 0800 PM LOCAL TIME.

CLIMATE NORMAL PERIOD 1981 TO 2010
CLIMATE RECORD PERIOD 1948 TO 2017


WEATHER ITEM   OBSERVED TIME   RECORD YEAR NORMAL DEPARTURE LAST
                VALUE   (LST)  VALUE       VALUE  FROM      YEAR
                                                  NORMAL
..................................................................
TEMPERATURE (F)
 TODAY
  MAXIMUM         80    440 PM  90    1929  73      7       79
  MINIMUM         66    548 AM  31    1937  48     18       58
  AVERAGE         73                        60     13       69

PRECIPITATION (IN)
  TODAY            0.19          3.79 2009   0.17   0.02     0.00
  MONTH TO DATE    1.41                      4.97  -3.56     2.39
  SINCE MAR 1      1.41                      4.97  -3.56     2.39
  SINCE JAN 1     15.67                     13.26   2.41     9.82

SNOWFALL (IN)
  TODAY            0.0           0.0  2002   0.0    0.0      0.0
                                      2001
                                      2000
  MONTH TO DATE    0.0                       0.1   -0.1      0.0
  SINCE MAR 1      0.0                       0.1   -0.1      0.0
  SINCE JUL 1      0.0                       0.4   -0.4      0.0
  SNOW DEPTH       0

DEGREE DAYS
 HEATING
  TODAY            0                         6     -6        0
  MONTH TO DATE  203                       230    -27      137
  SINCE MAR 1    203                       230    -27      137
  SINCE JUL 1   1333                      2007   -674     1527

 COOLING
  TODAY            8                         1      7        4
  MONTH TO DATE   47                        21     26       55
  SINCE MAR 1     47                        21     26       55
  SINCE JAN 1     64                        25     39       57
..................................................................


WIND (MPH)
  HIGHEST WIND SPEED    15   HIGHEST WIND DIRECTION    NW (310)
  HIGHEST GUST SPEED    21   HIGHEST GUST DIRECTION    NW (310)
  AVERAGE WIND SPEED     6.2


SKY COVER
  AVERAGE SKY COVER 0.8


WEATHER CONDITIONS
 THE FOLLOWING WEATHER WAS RECORDED TODAY.
  RAIN
  LIGHT RAIN
  HAZE


RELATIVE HUMIDITY (PERCENT)
 HIGHEST    87           800 AM
 LOWEST     54           600 PM

..........................................................


THE COLUMBUS CLIMATE NORMALS FOR TOMORROW
                         NORMAL    RECORD
 MAXIMUM TEMPERATURE (F)   73        89
 MINIMUM TEMPERATURE (F)   49        32


SUNRISE AND SUNSET
MARCH 28 2017.........SUNRISE   733 AM EDT   SUNSET   757 PM EDT
MARCH 29 2017.........SUNRISE   731 AM EDT   SUNSET   758 PM EDT


-  INDICATES NEGATIVE NUMBERS.
R  INDICATES RECORD WAS SET OR TIED.
MM INDICATES DATA IS MISSING.
T  INDICATES TRACE AMOUNT.




$$
