000
CDUS42 KFFC 300023
CLICSG


CLIMATE REPORT
NATIONAL WEATHER SERVICE PEACHTREE CITY GA
822 PM EDT THU SEP 29 2016


...................................

...THE COLUMBUS CLIMATE SUMMARY FOR SEPTEMBER 29 2016...
VALID AS OF 0800 PM LOCAL TIME.

CLIMATE NORMAL PERIOD 1981 TO 2010
CLIMATE RECORD PERIOD 1948 TO 2016


WEATHER ITEM   OBSERVED TIME   RECORD YEAR NORMAL DEPARTURE LAST
                VALUE   (LST)  VALUE       VALUE  FROM      YEAR
                                                  NORMAL
..................................................................
TEMPERATURE (F)
 TODAY
  MAXIMUM         86    116 PM 100    1904  82      4       80
  MINIMUM         59    617 AM  42    1967  62     -3       72
  AVERAGE         73                        72      1       76

PRECIPITATION (IN)
  TODAY            0.00          3.61 1998   0.10  -0.10     0.54
  MONTH TO DATE    0.75                      2.96  -2.21     1.91
  SINCE SEP 1      0.75                      2.96  -2.21     1.91
  SINCE JAN 1     27.67                     35.70  -8.03    35.20

DEGREE DAYS
 HEATING
  TODAY            0                         0      0        0
  MONTH TO DATE    0                         0      0        0
  SINCE SEP 1      0                         0      0        0
  SINCE JUL 1      0                         0      0        0

 COOLING
  TODAY            8                         8      0       11
  MONTH TO DATE  465                       341    124      308
  SINCE SEP 1    465                       341    124      308
  SINCE JAN 1   2522                      2213    309     2335
..................................................................


WIND (MPH)
  HIGHEST WIND SPEED    20   HIGHEST WIND DIRECTION    NW (330)
  HIGHEST GUST SPEED    23   HIGHEST GUST DIRECTION    NW (320)
  AVERAGE WIND SPEED     6.0


SKY COVER
  AVERAGE SKY COVER 0.0


WEATHER CONDITIONS
 THE FOLLOWING WEATHER WAS RECORDED TODAY.
  NO SIGNIFICANT WEATHER WAS OBSERVED.


RELATIVE HUMIDITY (PERCENT)
 HIGHEST    90           500 AM
 LOWEST     28           500 PM

..........................................................


THE COLUMBUS CLIMATE NORMALS FOR TOMORROW
                         NORMAL    RECORD
 MAXIMUM TEMPERATURE (F)   82       100
 MINIMUM TEMPERATURE (F)   62        38


SUNRISE AND SUNSET
SEPTEMBER 29 2016.....SUNRISE   733 AM EDT   SUNSET   726 PM EDT
SEPTEMBER 30 2016.....SUNRISE   733 AM EDT   SUNSET   725 PM EDT


-  INDICATES NEGATIVE NUMBERS.
R  INDICATES RECORD WAS SET OR TIED.
MM INDICATES DATA IS MISSING.
T  INDICATES TRACE AMOUNT.




$$
