000
CDUS42 KFFC 290927
CLICSG


CLIMATE REPORT
NATIONAL WEATHER SERVICE PEACHTREE CITY GA
426 AM EST THU JAN 29 2015


...................................

...THE COLUMBUS CLIMATE SUMMARY FOR JANUARY 28 2015...

CLIMATE NORMAL PERIOD 1981 TO 2010
CLIMATE RECORD PERIOD 1948 TO 2015


WEATHER ITEM   OBSERVED TIME   RECORD YEAR NORMAL DEPARTURE LAST
                VALUE   (LST)  VALUE       VALUE  FROM      YEAR
                                                  NORMAL
..................................................................
TEMPERATURE (F)
 YESTERDAY
  MAXIMUM         58    449 PM  78    1974  59     -1       41
  MINIMUM         31    659 AM  15    1986  37     -6       24
                                      1963
  AVERAGE         45                        48     -3       33

PRECIPITATION (IN)
  YESTERDAY        0.00          2.56 1952   0.14  -0.14     0.27
  MONTH TO DATE    3.15                      3.44  -0.29     2.91
  SINCE DEC 1      7.77                      7.71   0.06    11.78
  SINCE JAN 1      3.15                      3.44  -0.29     2.91

SNOWFALL (IN)
  YESTERDAY        0.0           T    2005   0.0    0.0      1.2
  MONTH TO DATE    0.0                       0.2   -0.2      1.2
  SINCE DEC 1      0.0                       0.3   -0.3      1.2
  SINCE JUL 1      0.0                       0.3   -0.3      1.2
  SNOW DEPTH       0

DEGREE DAYS
 HEATING
  YESTERDAY       20                        17      3       32
  MONTH TO DATE  532                       500     32      671
  SINCE DEC 1    927                       997    -70     1099
  SINCE JUL 1   1395                      1329     66     1447

 COOLING
  YESTERDAY        0                         0      0        0
  MONTH TO DATE    0                         0      0        0
  SINCE DEC 1      1                         4     -3       17
  SINCE JAN 1      0                         0      0        0
..................................................................


WIND (MPH)
  HIGHEST WIND SPEED    13   HIGHEST WIND DIRECTION    NE (40)
  HIGHEST GUST SPEED    16   HIGHEST GUST DIRECTION    NE (50)
  AVERAGE WIND SPEED     3.1


SKY COVER
  AVERAGE SKY COVER 0.0


WEATHER CONDITIONS
 THE FOLLOWING WEATHER WAS RECORDED YESTERDAY.
  NO SIGNIFICANT WEATHER WAS OBSERVED.


RELATIVE HUMIDITY (PERCENT)
 HIGHEST    78           700 AM
 LOWEST     30           400 PM
 AVERAGE    54

..........................................................


THE COLUMBUS CLIMATE NORMALS FOR TODAY
                         NORMAL    RECORD    YEAR
 MAXIMUM TEMPERATURE (F)   59        81      1957
 MINIMUM TEMPERATURE (F)   37        15      1966


SUNRISE AND SUNSET
JANUARY 29 2015.......SUNRISE   736 AM EST   SUNSET   610 PM EST
JANUARY 30 2015.......SUNRISE   736 AM EST   SUNSET   611 PM EST


-  INDICATES NEGATIVE NUMBERS.
R  INDICATES RECORD WAS SET OR TIED.
MM INDICATES DATA IS MISSING.
T  INDICATES TRACE AMOUNT.




$$
