000
CDUS42 KFFC 020820
CLICSG


CLIMATE REPORT
NATIONAL WEATHER SERVICE PEACHTREE CITY GA
420 AM EDT TUE JUN 2 2015


...................................

...THE COLUMBUS CLIMATE SUMMARY FOR JUNE 1 2015...

CLIMATE NORMAL PERIOD 1981 TO 2010
CLIMATE RECORD PERIOD 1948 TO 2015


WEATHER ITEM   OBSERVED TIME   RECORD YEAR NORMAL DEPARTURE LAST
                VALUE   (LST)  VALUE       VALUE  FROM      YEAR
                                                  NORMAL
..................................................................
TEMPERATURE (F)
 YESTERDAY
  MAXIMUM         82    116 PM 102    2011  88     -6       81
  MINIMUM         68    500 AM  48    1972  67      1       69
  AVERAGE         75                        77     -2       75

PRECIPITATION (IN)
  YESTERDAY        0.20          3.88 1959   0.12   0.08     0.20
  MONTH TO DATE    0.20                      0.12   0.08     0.20
  SINCE JUN 1      0.20                      0.12   0.08     0.20
  SINCE JAN 1     19.68                     20.61  -0.93    25.99

DEGREE DAYS
 HEATING
  YESTERDAY        0                         0      0        0
  MONTH TO DATE    0                         0      0        0
  SINCE JUN 1      0                         0      0        0
  SINCE JUL 1   2212                      2120     92     2349

 COOLING
  YESTERDAY       10                        12     -2       10
  MONTH TO DATE   10                        12     -2       10
  SINCE JUN 1     10                        12     -2       10
  SINCE JAN 1    456                       370     86      346
..................................................................


WIND (MPH)
  HIGHEST WIND SPEED    12   HIGHEST WIND DIRECTION    SW (210)
  HIGHEST GUST SPEED    15   HIGHEST GUST DIRECTION    SW (220)
  AVERAGE WIND SPEED     3.0


SKY COVER
  AVERAGE SKY COVER 0.4


WEATHER CONDITIONS
 THE FOLLOWING WEATHER WAS RECORDED YESTERDAY.
  THUNDERSTORM
  HEAVY RAIN
  LIGHT RAIN
  FOG


RELATIVE HUMIDITY (PERCENT)
 HIGHEST    97           200 AM
 LOWEST     67           100 PM
 AVERAGE    82

..........................................................


THE COLUMBUS CLIMATE NORMALS FOR TODAY
                         NORMAL    RECORD    YEAR
 MAXIMUM TEMPERATURE (F)   88       101      2011
 MINIMUM TEMPERATURE (F)   67        49      1966


SUNRISE AND SUNSET
JUNE  2 2015..........SUNRISE   633 AM EDT   SUNSET   843 PM EDT
JUNE  3 2015..........SUNRISE   633 AM EDT   SUNSET   843 PM EDT


-  INDICATES NEGATIVE NUMBERS.
R  INDICATES RECORD WAS SET OR TIED.
MM INDICATES DATA IS MISSING.
T  INDICATES TRACE AMOUNT.




$$
