000
CDUS42 KFFC 180919
CLICSG


CLIMATE REPORT
NATIONAL WEATHER SERVICE PEACHTREE CITY GA
418 AM EST WED JAN 18 2017


...................................

...THE COLUMBUS CLIMATE SUMMARY FOR JANUARY 17 2017...

CLIMATE NORMAL PERIOD 1981 TO 2010
CLIMATE RECORD PERIOD 1948 TO 2017


WEATHER ITEM   OBSERVED TIME   RECORD YEAR NORMAL DEPARTURE LAST
                VALUE   (LST)  VALUE       VALUE  FROM      YEAR
                                                  NORMAL
..................................................................
TEMPERATURE (F)
 YESTERDAY
  MAXIMUM         77    255 PM  81    1943  57     20       52
  MINIMUM         50    652 AM   9    1977  37     13       37
  AVERAGE         64                        47     17       45

PRECIPITATION (IN)
  YESTERDAY        0.00          2.18 1925   0.11  -0.11     0.00
  MONTH TO DATE    8.55                      2.03   6.52     1.01
  SINCE DEC 1     12.92                      6.30   6.62    18.39
  SINCE JAN 1      8.55                      2.03   6.52     1.01

SNOWFALL (IN)
  YESTERDAY        0.0           0.0  2002   0.0    0.0      0.0
  MONTH TO DATE    0.0                       0.1   -0.1      0.0
  SINCE DEC 1      0.0                       0.2   -0.2      0.0
  SINCE JUL 1      0.0                       0.2   -0.2      0.0
  SNOW DEPTH       0

DEGREE DAYS
 HEATING
  YESTERDAY        1                        18    -17       20
  MONTH TO DATE  205                       306   -101      317
  SINCE DEC 1    592                       803   -211      526
  SINCE JUL 1    779                      1135   -356      722

 COOLING
  YESTERDAY        0                         0      0        0
  MONTH TO DATE    0                         0      0        0
  SINCE DEC 1      5                         4      1       34
  SINCE JAN 1      0                         0      0        0
..................................................................


WIND (MPH)
  HIGHEST WIND SPEED    17   HIGHEST WIND DIRECTION    SW (240)
  HIGHEST GUST SPEED    21   HIGHEST GUST DIRECTION     S (200)
  AVERAGE WIND SPEED     3.5


SKY COVER
  AVERAGE SKY COVER 0.3


WEATHER CONDITIONS
 THE FOLLOWING WEATHER WAS RECORDED YESTERDAY.
  NO SIGNIFICANT WEATHER WAS OBSERVED.


RELATIVE HUMIDITY (PERCENT)
 HIGHEST    93           300 AM
 LOWEST     47           300 PM
 AVERAGE    70

..........................................................


THE COLUMBUS CLIMATE NORMALS FOR TODAY
                         NORMAL    RECORD    YEAR
 MAXIMUM TEMPERATURE (F)   57        79      1937
 MINIMUM TEMPERATURE (F)   37        16      1957


SUNRISE AND SUNSET
JANUARY 18 2017.......SUNRISE   741 AM EST   SUNSET   600 PM EST
JANUARY 19 2017.......SUNRISE   741 AM EST   SUNSET   601 PM EST


-  INDICATES NEGATIVE NUMBERS.
R  INDICATES RECORD WAS SET OR TIED.
MM INDICATES DATA IS MISSING.
T  INDICATES TRACE AMOUNT.




$$
