000
CDUS42 KFFC 270818
CLICSG


CLIMATE REPORT
NATIONAL WEATHER SERVICE PEACHTREE CITY GA
418 AM EDT FRI MAR 27 2015


...................................

...THE COLUMBUS CLIMATE SUMMARY FOR MARCH 26 2015...

CLIMATE NORMAL PERIOD 1981 TO 2010
CLIMATE RECORD PERIOD 1948 TO 2015


WEATHER ITEM   OBSERVED TIME   RECORD YEAR NORMAL DEPARTURE LAST
                VALUE   (LST)  VALUE       VALUE  FROM      YEAR
                                                  NORMAL
..................................................................
TEMPERATURE (F)
 YESTERDAY
  MAXIMUM         75    246 PM  86    1991  72      3       57
                                      1949
  MINIMUM         57    641 AM  28    1955  48      9       31
  AVERAGE         66                        60      6       44

PRECIPITATION (IN)
  YESTERDAY        0.01          2.18 1993   0.18  -0.17     0.00
  MONTH TO DATE    2.05                      4.62  -2.57     3.54
  SINCE MAR 1      2.05                      4.62  -2.57     3.54
  SINCE JAN 1      9.42                     12.91  -3.49    11.86

SNOWFALL (IN)
  YESTERDAY        0.0           0.0  2002   0.0    0.0      0.0
                                      2001
                                      2000
  MONTH TO DATE    0.0                       0.1   -0.1      0.0
  SINCE MAR 1      0.0                       0.1   -0.1      0.0
  SINCE JUL 1      0.0                       0.4   -0.4      1.2
  SNOW DEPTH       0

DEGREE DAYS
 HEATING
  YESTERDAY        0                         6     -6       21
  MONTH TO DATE  130                       218    -88      278
  SINCE MAR 1    130                       218    -88      278
  SINCE JUL 1   2140                      1995    145     2221

 COOLING
  YESTERDAY        1                         1      0        0
  MONTH TO DATE   29                        19     10        0
  SINCE MAR 1     29                        19     10        0
  SINCE JAN 1     29                        23      6        3
..................................................................


WIND (MPH)
  HIGHEST WIND SPEED    15   HIGHEST WIND DIRECTION     W (250)
  HIGHEST GUST SPEED    18   HIGHEST GUST DIRECTION    SW (240)
  AVERAGE WIND SPEED     5.4


SKY COVER
  AVERAGE SKY COVER 0.4


WEATHER CONDITIONS
 THE FOLLOWING WEATHER WAS RECORDED YESTERDAY.
  LIGHT RAIN
  FOG


RELATIVE HUMIDITY (PERCENT)
 HIGHEST   100           700 AM
 LOWEST     46           100 PM
 AVERAGE    73

..........................................................


THE COLUMBUS CLIMATE NORMALS FOR TODAY
                         NORMAL    RECORD    YEAR
 MAXIMUM TEMPERATURE (F)   72        88      1994
 MINIMUM TEMPERATURE (F)   48        21      1955


SUNRISE AND SUNSET
MARCH 27 2015.........SUNRISE   735 AM EDT   SUNSET   756 PM EDT
MARCH 28 2015.........SUNRISE   733 AM EDT   SUNSET   757 PM EDT


-  INDICATES NEGATIVE NUMBERS.
R  INDICATES RECORD WAS SET OR TIED.
MM INDICATES DATA IS MISSING.
T  INDICATES TRACE AMOUNT.




$$
