126
CDUS42 KFFC 290025
CLICSG


CLIMATE REPORT
NATIONAL WEATHER SERVICE PEACHTREE CITY GA
825 PM EDT SUN AUG 28 2016


...................................

...THE COLUMBUS CLIMATE SUMMARY FOR AUGUST 28 2016...
VALID AS OF 0800 PM LOCAL TIME.

CLIMATE NORMAL PERIOD 1981 TO 2010
CLIMATE RECORD PERIOD 1948 TO 2016


WEATHER ITEM   OBSERVED TIME   RECORD YEAR NORMAL DEPARTURE LAST
                VALUE   (LST)  VALUE       VALUE  FROM      YEAR
                                                  NORMAL
..................................................................
TEMPERATURE (F)
 TODAY
  MAXIMUM         94    527 PM 103    1924  91      3       88
  MINIMUM         73    630 AM  57    1952  72      1       72
  AVERAGE         84                        81      3       80

PRECIPITATION (IN)
  TODAY            0.00          2.21 2009   0.11  -0.11     0.20
  MONTH TO DATE    4.37                      3.45   0.92     7.19
  SINCE JUN 1      7.48                     11.93  -4.45    13.50
  SINCE JAN 1     26.92                     32.42  -5.50    32.98

DEGREE DAYS
 COOLING
  TODAY           19                        16      3       15
  MONTH TO DATE  514                       475     39      478
  SINCE JUN 1   1617                      1465    152     1539
  SINCE JAN 1   2003                      1823    180     1985
..................................................................


WIND (MPH)
  HIGHEST WIND SPEED    17   HIGHEST WIND DIRECTION     E (110)
  HIGHEST GUST SPEED    23   HIGHEST GUST DIRECTION     E (90)
  AVERAGE WIND SPEED     8.1


SKY COVER
  AVERAGE SKY COVER 0.2


WEATHER CONDITIONS
 THE FOLLOWING WEATHER WAS RECORDED TODAY.
  NO SIGNIFICANT WEATHER WAS OBSERVED.


RELATIVE HUMIDITY (PERCENT)
 HIGHEST    84           700 AM
 LOWEST     41           400 PM

..........................................................


THE COLUMBUS CLIMATE NORMALS FOR TOMORROW
                         NORMAL    RECORD
 MAXIMUM TEMPERATURE (F)   90       102
 MINIMUM TEMPERATURE (F)   71        59


SUNRISE AND SUNSET
AUGUST 28 2016........SUNRISE   712 AM EDT   SUNSET   809 PM EDT
AUGUST 29 2016........SUNRISE   713 AM EDT   SUNSET   807 PM EDT


-  INDICATES NEGATIVE NUMBERS.
R  INDICATES RECORD WAS SET OR TIED.
MM INDICATES DATA IS MISSING.
T  INDICATES TRACE AMOUNT.




$$
