000
CDUS42 KFFC 290825
CLICSG


CLIMATE REPORT
NATIONAL WEATHER SERVICE PEACHTREE CITY GA
425 AM EDT FRI AUG 29 2014


...................................

...THE COLUMBUS CLIMATE SUMMARY FOR AUGUST 28 2014...

CLIMATE NORMAL PERIOD 1981 TO 2010
CLIMATE RECORD PERIOD 1948 TO 2014


WEATHER ITEM   OBSERVED TIME   RECORD YEAR NORMAL DEPARTURE LAST
                VALUE   (LST)  VALUE       VALUE  FROM      YEAR
                                                  NORMAL
..................................................................
TEMPERATURE (F)
 YESTERDAY
  MAXIMUM         95    441 PM 101    1990  91      4       91
  MINIMUM         65    518 AM  57    1952  72     -7       68
  AVERAGE         80                        81     -1       80

PRECIPITATION (IN)
  YESTERDAY        0.00          2.21 2009   0.11  -0.11     0.00
  MONTH TO DATE    1.18                      3.45  -2.27     8.59
  SINCE JUN 1      9.88                     11.93  -2.05    24.72
  SINCE JAN 1     35.67                     32.42   3.25    50.33

DEGREE DAYS
 HEATING
  YESTERDAY        0                         0      0        0
  MONTH TO DATE    0                         0      0        0
  SINCE JUN 1      0                         0      0        0
  SINCE JUL 1      0                         0      0        0

 COOLING
  YESTERDAY       15                        16     -1       15
  MONTH TO DATE  462                       475    -13      426
  SINCE JUN 1   1403                      1465    -62     1362
  SINCE JAN 1   1739                      1823    -84     1725
..................................................................


WIND (MPH)
  HIGHEST WIND SPEED    10   HIGHEST WIND DIRECTION     E (70)
  HIGHEST GUST SPEED    17   HIGHEST GUST DIRECTION    SE (150)
  AVERAGE WIND SPEED     2.3


SKY COVER
  AVERAGE SKY COVER 0.0


WEATHER CONDITIONS
 THE FOLLOWING WEATHER WAS RECORDED YESTERDAY.
  NO SIGNIFICANT WEATHER WAS OBSERVED.


RELATIVE HUMIDITY (PERCENT)
 HIGHEST    87           500 AM
 LOWEST     20           300 PM
 AVERAGE    54

..........................................................


THE COLUMBUS CLIMATE NORMALS FOR TODAY
                         NORMAL    RECORD    YEAR
 MAXIMUM TEMPERATURE (F)   90       102      1990
 MINIMUM TEMPERATURE (F)   71        59      1992


SUNRISE AND SUNSET
AUGUST 29 2014........SUNRISE   713 AM EDT   SUNSET   808 PM EDT
AUGUST 30 2014........SUNRISE   713 AM EDT   SUNSET   807 PM EDT


-  INDICATES NEGATIVE NUMBERS.
R  INDICATES RECORD WAS SET OR TIED.
MM INDICATES DATA IS MISSING.
T  INDICATES TRACE AMOUNT.




$$
