000
CDUS42 KFFC 190922
CLICSG


CLIMATE REPORT
NATIONAL WEATHER SERVICE PEACHTREE CITY GA
420 AM EST FRI DEC 19 2014


...................................

...THE COLUMBUS CLIMATE SUMMARY FOR DECEMBER 18 2014...

CLIMATE NORMAL PERIOD 1981 TO 2010
CLIMATE RECORD PERIOD 1948 TO 2014


WEATHER ITEM   OBSERVED TIME   RECORD YEAR NORMAL DEPARTURE LAST
                VALUE   (LST)  VALUE       VALUE  FROM      YEAR
                                                  NORMAL
..................................................................
TEMPERATURE (F)
 YESTERDAY
  MAXIMUM         63    425 PM  78    1984  59      4       59
  MINIMUM         39    831 AM  18    1953  38      1       34
  AVERAGE         51                        48      3       47

PRECIPITATION (IN)
  YESTERDAY        0.00          1.75 1948   0.13  -0.13     0.00
  MONTH TO DATE    0.39                      2.58  -2.19     2.36
  SINCE DEC 1      0.39                      2.58  -2.19     2.36
  SINCE JAN 1     47.90                     45.06   2.84    56.14

SNOWFALL (IN)
  YESTERDAY        0.0           0.0  2001   0.0    0.0      0.0
  MONTH TO DATE    0.0                       0.0    0.0      0.0
  SINCE DEC 1      0.0                       0.0    0.0      0.0
  SINCE JUL 1      0.0                       0.0    0.0      0.0
  SNOW DEPTH       0

DEGREE DAYS
 HEATING
  YESTERDAY       14                        17     -3       18
  MONTH TO DATE  220                       267    -47      214
  SINCE DEC 1    220                       267    -47      214
  SINCE JUL 1    688                       599     89      562

 COOLING
  YESTERDAY        0                         0      0        0
  MONTH TO DATE    1                         0      1       15
  SINCE DEC 1      1                         0      1       15
  SINCE JAN 1   2314                      2364    -50     2362
..................................................................


WIND (MPH)
  HIGHEST WIND SPEED     8   HIGHEST WIND DIRECTION     N (350)
  HIGHEST GUST SPEED    12   HIGHEST GUST DIRECTION     N (10)
  AVERAGE WIND SPEED     3.9


SKY COVER
  AVERAGE SKY COVER 0.2


WEATHER CONDITIONS
 THE FOLLOWING WEATHER WAS RECORDED YESTERDAY.
  NO SIGNIFICANT WEATHER WAS OBSERVED.


RELATIVE HUMIDITY (PERCENT)
 HIGHEST    85           200 AM
 LOWEST     25           500 PM
 AVERAGE    55

..........................................................


THE COLUMBUS CLIMATE NORMALS FOR TODAY
                         NORMAL    RECORD    YEAR
 MAXIMUM TEMPERATURE (F)   58        77      2006
 MINIMUM TEMPERATURE (F)   38        15      1963
                                             1953


SUNRISE AND SUNSET
DECEMBER 19 2014......SUNRISE   736 AM EST   SUNSET   537 PM EST
DECEMBER 20 2014......SUNRISE   737 AM EST   SUNSET   538 PM EST


-  INDICATES NEGATIVE NUMBERS.
R  INDICATES RECORD WAS SET OR TIED.
MM INDICATES DATA IS MISSING.
T  INDICATES TRACE AMOUNT.




$$
