000
CDUS45 KTFX 201113
CLICTB


CLIMATE REPORT
NATIONAL WEATHER SERVICE GREAT FALLS MT
410 AM MST THU NOV 20 2014


...................................

...THE CUT BANK MT CLIMATE SUMMARY FOR NOVEMBER 19 2014...

CLIMATE NORMAL PERIOD 1981 TO 2010
CLIMATE RECORD PERIOD 1903 TO 2014


WEATHER ITEM   OBSERVED TIME   RECORD YEAR NORMAL DEPARTURE LAST
                VALUE   (LST)  VALUE       VALUE  FROM      YEAR
                                                  NORMAL
..................................................................
TEMPERATURE (F)
 YESTERDAY
  MAXIMUM         22    434 PM  68    1936  39    -17       42
  MINIMUM          6    817 AM -33    1921  19    -13        5
  AVERAGE         14                        29    -15       24

PRECIPITATION (IN)
  YESTERDAY        0.00          0.17 1996   0.01  -0.01      T
  MONTH TO DATE    0.31                      0.24   0.07     0.40
  SINCE OCT 1      0.58                      0.68  -0.10     0.75
  SINCE JAN 1     15.49                     10.56   4.93    14.45

SNOWFALL (IN)
  YESTERDAY       MM
  SNOW DEPTH       1

DEGREE DAYS
 HEATING
  YESTERDAY       51                        36     15       41
  MONTH TO DATE  765                       617    148      653
  SINCE SEP 1   1551                      1647    -96     1602
  SINCE JUL 1   1648                      1841   -193     1674

 COOLING
  YESTERDAY        0                         0      0        0
  MONTH TO DATE    0                         0      0        0
  SINCE SEP 1     11                         9      2       31
  SINCE JAN 1    208                       162     46      226
..................................................................


WIND (MPH)
  HIGHEST WIND SPEED     9   HIGHEST WIND DIRECTION     S (160)
  HIGHEST GUST SPEED    11   HIGHEST GUST DIRECTION    SE (150)
  AVERAGE WIND SPEED     5.3


SKY COVER
  AVERAGE SKY COVER 0.6


WEATHER CONDITIONS
 THE FOLLOWING WEATHER WAS RECORDED YESTERDAY.
  FOG
  FOG W/VISIBILITY <= 1/4 MILE


RELATIVE HUMIDITY (PERCENT)
 HIGHEST   100           100 PM
 LOWEST     73          1200 AM
 AVERAGE    87

..........................................................


THE CUT BANK MT CLIMATE NORMALS FOR TODAY
                         NORMAL    RECORD    YEAR
 MAXIMUM TEMPERATURE (F)   38        62      2005
                                             1987
 MINIMUM TEMPERATURE (F)   19       -21      1996


SUNRISE AND SUNSET
NOVEMBER 20 2014......SUNRISE   745 AM MST   SUNSET   444 PM MST
NOVEMBER 21 2014......SUNRISE   747 AM MST   SUNSET   443 PM MST


-  INDICATES NEGATIVE NUMBERS.
R  INDICATES RECORD WAS SET OR TIED.
MM INDICATES DATA IS MISSING.
T  INDICATES TRACE AMOUNT.




$$
