000
CDUS45 KTFX 230739
CLICTB


CLIMATE REPORT
NATIONAL WEATHER SERVICE GREAT FALLS MT
137 AM MDT SAT SEP 23 2017


...................................

...THE CUT BANK MT CLIMATE SUMMARY FOR SEPTEMBER 22 2017...

CLIMATE NORMAL PERIOD 1981 TO 2010
CLIMATE RECORD PERIOD 1903 TO 2017


WEATHER ITEM   OBSERVED TIME   RECORD YEAR NORMAL DEPARTURE LAST
                VALUE   (LST)  VALUE       VALUE  FROM      YEAR
                                                  NORMAL
..................................................................
TEMPERATURE (F)
 YESTERDAY
  MAXIMUM         42    155 PM  87    1938  65    -23       50
  MINIMUM         31    503 AM  16    1934  38     -7       45
  AVERAGE         37                        52    -15       48

PRECIPITATION (IN)
  YESTERDAY        0.01          1.28 1945   0.04  -0.03     0.54
  MONTH TO DATE    0.53                      0.96  -0.43     1.26
  SINCE OCT 1      9.47                     10.64  -1.17    11.82
  SINCE JAN 1      8.04                      9.62  -1.58     9.90

SNOWFALL (IN)
  YESTERDAY       MM
  SNOW DEPTH       0

DEGREE DAYS
 HEATING
  YESTERDAY       28                        14     14       17
  MONTH TO DATE  220                       224     -4      271
  SINCE SEP 1    220                       224     -4      271
  SINCE JUL 1    303                       418   -115      444

 COOLING
  YESTERDAY        0                         0      0        0
  MONTH TO DATE   24                         6     18        5
  SINCE SEP 1     24                         6     18        5
  SINCE JAN 1    250                       159     91      108
..................................................................


WIND (MPH)
  HIGHEST WIND SPEED    16   HIGHEST WIND DIRECTION     N (340)
  HIGHEST GUST SPEED    18   HIGHEST GUST DIRECTION     N (340)
  AVERAGE WIND SPEED     5.6


SKY COVER
  AVERAGE SKY COVER 0.9


WEATHER CONDITIONS
 THE FOLLOWING WEATHER WAS RECORDED YESTERDAY.
  LIGHT RAIN
  FOG


RELATIVE HUMIDITY (PERCENT)
 HIGHEST   100           500 AM
 LOWEST     60           200 PM
 AVERAGE    80

..........................................................


THE CUT BANK MT CLIMATE NORMALS FOR TODAY
                         NORMAL    RECORD    YEAR
 MAXIMUM TEMPERATURE (F)   65        92      2009
 MINIMUM TEMPERATURE (F)   38        15      1934


SUNRISE AND SUNSET
SEPTEMBER 23 2017.....SUNRISE   718 AM MDT   SUNSET   725 PM MDT
SEPTEMBER 24 2017.....SUNRISE   719 AM MDT   SUNSET   722 PM MDT


-  INDICATES NEGATIVE NUMBERS.
R  INDICATES RECORD WAS SET OR TIED.
MM INDICATES DATA IS MISSING.
T  INDICATES TRACE AMOUNT.




$$
