000
CDUS45 KTFX 012227
CLICTB


CLIMATE REPORT
NATIONAL WEATHER SERVICE GREAT FALLS MT
426 PM MDT WED JUL 1 2015


...................................

...THE CUT BANK MT CLIMATE SUMMARY FOR JULY 1 2015...
VALID TODAY AS OF 0400 PM LOCAL TIME.

CLIMATE NORMAL PERIOD 1981 TO 2010
CLIMATE RECORD PERIOD 1903 TO 2015


WEATHER ITEM   OBSERVED TIME   RECORD YEAR NORMAL DEPARTURE LAST
                VALUE   (LST)  VALUE       VALUE  FROM      YEAR
                                                  NORMAL
..................................................................
TEMPERATURE (F)
 TODAY
  MAXIMUM         78    238 PM  92    1990  75      3       75
  MINIMUM         52    437 AM  34    1927  48      4       49
  AVERAGE         65                        61      4       62

PRECIPITATION (IN)
  TODAY            0.03          0.74 1998   0.06  -0.03     0.00
  MONTH TO DATE    0.03                      0.06  -0.03     0.00
  SINCE OCT 1      6.76                      7.27  -0.51    11.93
  SINCE JAN 1      4.23                      6.25  -2.02    10.73

SNOWFALL (IN)
  TODAY            0.0
  SNOW DEPTH       0

DEGREE DAYS
 HEATING
  TODAY            0                         5     -5        3
  MONTH TO DATE    0                         5     -5        3
  SINCE JUN 1    130                       238   -108      276
  SINCE JUL 1      0                         5     -5        3

 COOLING
  TODAY            0                         1     -1        0
  MONTH TO DATE    0                         1     -1        0
  SINCE JUN 1     60                        16     44        1
  SINCE JAN 1     60                        18     42        1
..................................................................


WIND (MPH)
  HIGHEST WIND SPEED    28   HIGHEST WIND DIRECTION     N (20)
  HIGHEST GUST SPEED    33   HIGHEST GUST DIRECTION     N (20)
  AVERAGE WIND SPEED     7.8


SKY COVER
  AVERAGE SKY COVER 0.3


WEATHER CONDITIONS
 THE FOLLOWING WEATHER WAS RECORDED TODAY.
  THUNDERSTORM
  RAIN
  LIGHT RAIN
  FOG
  HAZE


RELATIVE HUMIDITY (PERCENT)
 HIGHEST    93           500 AM
 LOWEST     46           200 PM
 AVERAGE    70

..........................................................


THE CUT BANK MT CLIMATE NORMALS FOR TOMORROW
                         NORMAL    RECORD    YEAR
 MAXIMUM TEMPERATURE (F)   76        97      2013
 MINIMUM TEMPERATURE (F)   48        35      1915


SUNRISE AND SUNSET
JULY  1 2015..........SUNRISE   531 AM MDT   SUNSET   935 PM MDT
JULY  2 2015..........SUNRISE   532 AM MDT   SUNSET   935 PM MDT


-  INDICATES NEGATIVE NUMBERS.
R  INDICATES RECORD WAS SET OR TIED.
MM INDICATES DATA IS MISSING.
T  INDICATES TRACE AMOUNT.




$$
