788
CDUS45 KTFX 270832
CLICTB


CLIMATE REPORT
NATIONAL WEATHER SERVICE GREAT FALLS MT
230 AM MDT THU JUL 27 2017


...................................

...THE CUT BANK MT CLIMATE SUMMARY FOR JULY 26 2017...

CLIMATE NORMAL PERIOD 1981 TO 2010
CLIMATE RECORD PERIOD 1903 TO 2017


WEATHER ITEM   OBSERVED TIME   RECORD YEAR NORMAL DEPARTURE LAST
                VALUE   (LST)  VALUE       VALUE  FROM      YEAR
                                                  NORMAL
..................................................................
TEMPERATURE (F)
 YESTERDAY
  MAXIMUM         89    532 PM  97    1984  82      7       84
  MINIMUM         46    449 AM  36    2005  51     -5       54
  AVERAGE         68                        66      2       69

PRECIPITATION (IN)
  YESTERDAY        0.00          1.52 1915   0.04  -0.04     0.04
  MONTH TO DATE    0.01                      1.11  -1.10     0.93
  SINCE OCT 1      8.94                      8.32   0.62     8.86
  SINCE JAN 1      7.51                      7.30   0.21     6.94

SNOWFALL (IN)
  YESTERDAY       MM
  SNOW DEPTH       0

DEGREE DAYS
 HEATING
  YESTERDAY        0                         2     -2        0
  MONTH TO DATE   15                        78    -63       72
  SINCE JUN 1    186                       311   -125      236
  SINCE JUL 1     15                        78    -63       72

 COOLING
  YESTERDAY        3                         3      0        4
  MONTH TO DATE  112                        57     55       35
  SINCE JUN 1    124                        72     52       57
  SINCE JAN 1    126                        74     52       57
..................................................................


WIND (MPH)
  HIGHEST WIND SPEED    21   HIGHEST WIND DIRECTION    SE (150)
  HIGHEST GUST SPEED    25   HIGHEST GUST DIRECTION    SE (140)
  AVERAGE WIND SPEED     7.2


SKY COVER
  AVERAGE SKY COVER 0.0


WEATHER CONDITIONS
 THE FOLLOWING WEATHER WAS RECORDED YESTERDAY.
  NO SIGNIFICANT WEATHER WAS OBSERVED.


RELATIVE HUMIDITY (PERCENT)
 HIGHEST    76           400 AM
 LOWEST     15           300 PM
 AVERAGE    46

..........................................................


THE CUT BANK MT CLIMATE NORMALS FOR TODAY
                         NORMAL    RECORD    YEAR
 MAXIMUM TEMPERATURE (F)   82        99      1933
 MINIMUM TEMPERATURE (F)   51        36      1930


SUNRISE AND SUNSET
JULY 27 2017..........SUNRISE   558 AM MDT   SUNSET   914 PM MDT
JULY 28 2017..........SUNRISE   559 AM MDT   SUNSET   912 PM MDT


-  INDICATES NEGATIVE NUMBERS.
R  INDICATES RECORD WAS SET OR TIED.
MM INDICATES DATA IS MISSING.
T  INDICATES TRACE AMOUNT.




$$
