000
CDUS45 KTFX 252326
CLICTB


CLIMATE REPORT
NATIONAL WEATHER SERVICE GREAT FALLS MT
425 PM MST TUE NOV 25 2014


...................................

...THE CUT BANK MT CLIMATE SUMMARY FOR NOVEMBER 25 2014...
VALID TODAY AS OF 0400 PM LOCAL TIME.

CLIMATE NORMAL PERIOD 1981 TO 2010
CLIMATE RECORD PERIOD 1903 TO 2014


WEATHER ITEM   OBSERVED TIME   RECORD YEAR NORMAL DEPARTURE LAST
                VALUE   (LST)  VALUE       VALUE  FROM      YEAR
                                                  NORMAL
..................................................................
TEMPERATURE (F)
 TODAY
  MAXIMUM         39    627 AM  58    2005  36      3       39
                                      1949
  MINIMUM         33    359 PM -20    1985  17     16       14
  AVERAGE         36                        27      9       27

PRECIPITATION (IN)
  TODAY            0.00          0.26 1990   0.01  -0.01     0.00
                                      1990
  MONTH TO DATE    0.63                      0.31   0.32     0.41
  SINCE OCT 1      1.15                      0.75   0.40     0.76
  SINCE JAN 1     16.06                     10.63   5.43    14.46

SNOWFALL (IN)
  TODAY           MM
  SNOW DEPTH       0

DEGREE DAYS
 HEATING
  TODAY           29                        38     -9       38
  MONTH TO DATE  941                       842     99      924
  SINCE SEP 1   1727                      1872   -145     1873
  SINCE JUL 1   1824                      2066   -242     1945

 COOLING
  TODAY            0                         0      0        0
  MONTH TO DATE    0                         0      0        0
  SINCE SEP 1     11                         9      2       31
  SINCE JAN 1    208                       162     46      226
..................................................................


WIND (MPH)
  HIGHEST WIND SPEED    36   HIGHEST WIND DIRECTION     W (250)
  HIGHEST GUST SPEED    42   HIGHEST GUST DIRECTION     W (250)
  AVERAGE WIND SPEED    17.3


SKY COVER
  AVERAGE SKY COVER 0.7


WEATHER CONDITIONS
 THE FOLLOWING WEATHER WAS RECORDED TODAY.
  NO SIGNIFICANT WEATHER WAS OBSERVED.


RELATIVE HUMIDITY (PERCENT)
 HIGHEST    70           800 AM
 LOWEST     52          1200 PM
 AVERAGE    61

..........................................................


THE CUT BANK MT CLIMATE NORMALS FOR TOMORROW
                         NORMAL    RECORD    YEAR
 MAXIMUM TEMPERATURE (F)   36        62      1922
 MINIMUM TEMPERATURE (F)   17       -23      1985


SUNRISE AND SUNSET
NOVEMBER 25 2014......SUNRISE   753 AM MST   SUNSET   440 PM MST
NOVEMBER 26 2014......SUNRISE   754 AM MST   SUNSET   439 PM MST


-  INDICATES NEGATIVE NUMBERS.
R  INDICATES RECORD WAS SET OR TIED.
MM INDICATES DATA IS MISSING.
T  INDICATES TRACE AMOUNT.




$$
