000
CDUS45 KTFX 312230
CLICTB


CLIMATE REPORT
NATIONAL WEATHER SERVICE GREAT FALLS MT
430 PM MDT TUE MAY 31 2016


...................................

...THE CUT BANK MT CLIMATE SUMMARY FOR MAY 31 2016...
VALID TODAY AS OF 0400 PM LOCAL TIME.

CLIMATE NORMAL PERIOD 1981 TO 2010
CLIMATE RECORD PERIOD 1903 TO 2016


WEATHER ITEM   OBSERVED TIME   RECORD YEAR NORMAL DEPARTURE LAST
                VALUE   (LST)  VALUE       VALUE  FROM      YEAR
                                                  NORMAL
..................................................................
TEMPERATURE (F)
 TODAY
  MAXIMUM         62    259 PM  86    1914  67     -5       78
  MINIMUM         38    523 AM  28    1979  42     -4       41
  AVERAGE         50                        54     -4       60

PRECIPITATION (IN)
  TODAY            0.00          2.00 1923   0.09  -0.09     0.00
  MONTH TO DATE    2.19                      1.95   0.24     1.65
  SINCE OCT 1      6.77                      4.66   2.11     5.53
  SINCE JAN 1      4.85                      3.64   1.21     3.00

DEGREE DAYS
 HEATING
  TODAY           15                        11      4        5
  MONTH TO DATE  484                       469     15      513
  SINCE MAR 1   1899                      2228   -329     1989
  SINCE JUL 1   7364                      8288   -924     7651

 COOLING
  TODAY            0                         0      0        0
  MONTH TO DATE    0                         2     -2        0
  SINCE MAR 1      0                         2     -2        0
  SINCE JAN 1      0                         2     -2        0
..................................................................


WIND (MPH)
  HIGHEST WIND SPEED    23   HIGHEST WIND DIRECTION    NW (330)
  HIGHEST GUST SPEED    33   HIGHEST GUST DIRECTION     N (340)
  AVERAGE WIND SPEED    13.6


SKY COVER
  AVERAGE SKY COVER 0.3


WEATHER CONDITIONS
 THE FOLLOWING WEATHER WAS RECORDED TODAY.
  NO SIGNIFICANT WEATHER WAS OBSERVED.


RELATIVE HUMIDITY (PERCENT)
 HIGHEST    92           200 AM
 LOWEST     32           300 PM
 AVERAGE    62

..........................................................


THE CUT BANK MT CLIMATE NORMALS FOR TOMORROW
                         NORMAL    RECORD    YEAR
 MAXIMUM TEMPERATURE (F)   67        91      1986
 MINIMUM TEMPERATURE (F)   42        31      1951


SUNRISE AND SUNSET
MAY 31 2016...........SUNRISE   532 AM MDT   SUNSET   923 PM MDT
JUNE  1 2016..........SUNRISE   531 AM MDT   SUNSET   924 PM MDT


-  INDICATES NEGATIVE NUMBERS.
R  INDICATES RECORD WAS SET OR TIED.
MM INDICATES DATA IS MISSING.
T  INDICATES TRACE AMOUNT.




$$
