000
CDUS45 KTFX 281032
CLICTB


CLIMATE REPORT
NATIONAL WEATHER SERVICE GREAT FALLS MT
431 AM MDT FRI AUG 28 2015


...................................

...THE CUT BANK MT CLIMATE SUMMARY FOR AUGUST 27 2015...

CLIMATE NORMAL PERIOD 1981 TO 2010
CLIMATE RECORD PERIOD 1903 TO 2015


WEATHER ITEM   OBSERVED TIME   RECORD YEAR NORMAL DEPARTURE LAST
                VALUE   (LST)  VALUE       VALUE  FROM      YEAR
                                                  NORMAL
..................................................................
TEMPERATURE (F)
 YESTERDAY
  MAXIMUM         88    218 PM  93    2001  76     12       85
                                      1971
  MINIMUM         49    504 AM  29    1911  46      3       50
  AVERAGE         69                        61      8       68

PRECIPITATION (IN)
  YESTERDAY        0.00          0.82 1946   0.04  -0.04     0.00
  MONTH TO DATE    0.60                      1.03  -0.43     2.55
  SINCE OCT 1      8.28                      9.52  -1.24    14.90
  SINCE JAN 1      5.75                      8.50  -2.75    13.70

SNOWFALL (IN)
  YESTERDAY       MM
  SNOW DEPTH       0

DEGREE DAYS
 HEATING
  YESTERDAY        0                         5     -5        0
  MONTH TO DATE   74                        84    -10       70
  SINCE JUN 1    271                       403   -132      360
  SINCE JUL 1    141                       170    -29       87

 COOLING
  YESTERDAY        4                         1      3        3
  MONTH TO DATE   85                        61     24       92
  SINCE JUN 1    215                       148     67      197
  SINCE JAN 1    215                       150     65      197
..................................................................


WIND (MPH)
  HIGHEST WIND SPEED    24   HIGHEST WIND DIRECTION     W (270)
  HIGHEST GUST SPEED    30   HIGHEST GUST DIRECTION     W (270)
  AVERAGE WIND SPEED     9.8


SKY COVER
  AVERAGE SKY COVER 0.8


WEATHER CONDITIONS
 THE FOLLOWING WEATHER WAS RECORDED YESTERDAY.
  HAZE


RELATIVE HUMIDITY (PERCENT)
 HIGHEST    86           500 AM
 LOWEST     15           200 PM
 AVERAGE    51

..........................................................


THE CUT BANK MT CLIMATE NORMALS FOR TODAY
                         NORMAL    RECORD    YEAR
 MAXIMUM TEMPERATURE (F)   75        95      2012
 MINIMUM TEMPERATURE (F)   45        30      1918


SUNRISE AND SUNSET
AUGUST 28 2015........SUNRISE   641 AM MDT   SUNSET   820 PM MDT
AUGUST 29 2015........SUNRISE   642 AM MDT   SUNSET   818 PM MDT


-  INDICATES NEGATIVE NUMBERS.
R  INDICATES RECORD WAS SET OR TIED.
MM INDICATES DATA IS MISSING.
T  INDICATES TRACE AMOUNT.




$$
