000
CDUS45 KTFX 010940
CLICTB


CLIMATE REPORT
NATIONAL WEATHER SERVICE GREAT FALLS MT
339 AM MDT MON SEP 1 2014


...................................

...THE CUT BANK MT CLIMATE SUMMARY FOR AUGUST 31 2014...

CLIMATE NORMAL PERIOD 1981 TO 2010
CLIMATE RECORD PERIOD 1903 TO 2014


WEATHER ITEM   OBSERVED TIME   RECORD YEAR NORMAL DEPARTURE LAST
                VALUE   (LST)  VALUE       VALUE  FROM      YEAR
                                                  NORMAL
..................................................................
TEMPERATURE (F)
 YESTERDAY
  MAXIMUM         70   1146 AM  97    1991  74     -4       77
  MINIMUM         48    412 AM  30    1930  45      3       44
  AVERAGE         59                        59      0       61

PRECIPITATION (IN)
  YESTERDAY        0.00          0.66 2008   0.04  -0.04     0.00
  MONTH TO DATE    2.69                      1.19   1.50     1.52
  SINCE OCT 1     15.04                      9.68   5.36    13.19
  SINCE JAN 1     13.84                      8.66   5.18    11.02

SNOWFALL (IN)
  YESTERDAY       MM
  SNOW DEPTH       0

DEGREE DAYS
 HEATING
  YESTERDAY        6                         6      0        4
  MONTH TO DATE   80                       108    -28       31
  SINCE JUN 1    370                       427    -57      281
  SINCE JUL 1     97                       194    -97       72

 COOLING
  YESTERDAY        0                         1     -1        0
  MONTH TO DATE   92                        64     28       96
  SINCE JUN 1    197                       151     46      193
  SINCE JAN 1    197                       153     44      195
..................................................................


WIND (MPH)
  HIGHEST WIND SPEED    28   HIGHEST WIND DIRECTION     W (250)
  HIGHEST GUST SPEED    33   HIGHEST GUST DIRECTION     W (250)
  AVERAGE WIND SPEED    15.8


SKY COVER
  AVERAGE SKY COVER 0.3


WEATHER CONDITIONS
 THE FOLLOWING WEATHER WAS RECORDED YESTERDAY.
  NO SIGNIFICANT WEATHER WAS OBSERVED.


RELATIVE HUMIDITY (PERCENT)
 HIGHEST    71           300 AM
 LOWEST     32          1100 AM
 AVERAGE    52

..........................................................


THE CUT BANK MT CLIMATE NORMALS FOR TODAY
                         NORMAL    RECORD    YEAR
 MAXIMUM TEMPERATURE (F)   74        97      1967
 MINIMUM TEMPERATURE (F)   44        30      1914


SUNRISE AND SUNSET
SEPTEMBER  1 2014.....SUNRISE   647 AM MDT   SUNSET   811 PM MDT
SEPTEMBER  2 2014.....SUNRISE   648 AM MDT   SUNSET   809 PM MDT


-  INDICATES NEGATIVE NUMBERS.
R  INDICATES RECORD WAS SET OR TIED.
MM INDICATES DATA IS MISSING.
T  INDICATES TRACE AMOUNT.




$$
