000
CDUS45 KTFX 292232
CLICTB


CLIMATE REPORT
NATIONAL WEATHER SERVICE GREAT FALLS MT
430 PM MDT FRI JUL 29 2016


...................................

...THE CUT BANK MT CLIMATE SUMMARY FOR JULY 29 2016...
VALID TODAY AS OF 0400 PM LOCAL TIME.

CLIMATE NORMAL PERIOD 1981 TO 2010
CLIMATE RECORD PERIOD 1903 TO 2016


WEATHER ITEM   OBSERVED TIME   RECORD YEAR NORMAL DEPARTURE LAST
                VALUE   (LST)  VALUE       VALUE  FROM      YEAR
                                                  NORMAL
..................................................................
TEMPERATURE (F)
 TODAY
  MAXIMUM         83    244 PM  98    2007  82      1       83
                                      1934
  MINIMUM         54    521 AM  39    1963  51      3       46
  AVERAGE         69                        66      3       65

PRECIPITATION (IN)
  TODAY            0.10          0.66 1992   0.04   0.06     0.00
  MONTH TO DATE    1.46                      1.21   0.25     0.95
  SINCE OCT 1      9.39                      8.42   0.97     7.68
  SINCE JAN 1      7.47                      7.40   0.07     5.15

DEGREE DAYS
 HEATING
  TODAY            0                         2     -2        0
  MONTH TO DATE   72                        84    -12       67
  SINCE JUN 1    236                       317    -81      197
  SINCE JUL 1     72                        84    -12       67

 COOLING
  TODAY            4                         3      1        0
  MONTH TO DATE   43                        66    -23       63
  SINCE JUN 1     65                        81    -16      123
  SINCE JAN 1     65                        83    -18      123
..................................................................


WIND (MPH)
  HIGHEST WIND SPEED    15   HIGHEST WIND DIRECTION     N (360)
  HIGHEST GUST SPEED    16   HIGHEST GUST DIRECTION     N (350)
  AVERAGE WIND SPEED     5.3


SKY COVER
  AVERAGE SKY COVER 0.0


WEATHER CONDITIONS
 THE FOLLOWING WEATHER WAS RECORDED TODAY.
  THUNDERSTORM
  HEAVY RAIN
  LIGHT RAIN
  FOG


RELATIVE HUMIDITY (PERCENT)
 HIGHEST   100           500 AM
 LOWEST     34           300 PM
 AVERAGE    67

..........................................................


THE CUT BANK MT CLIMATE NORMALS FOR TOMORROW
                         NORMAL    RECORD    YEAR
 MAXIMUM TEMPERATURE (F)   82        98      1926
 MINIMUM TEMPERATURE (F)   51        40      1933


SUNRISE AND SUNSET
JULY 29 2016..........SUNRISE   601 AM MDT   SUNSET   911 PM MDT
JULY 30 2016..........SUNRISE   602 AM MDT   SUNSET   909 PM MDT


-  INDICATES NEGATIVE NUMBERS.
R  INDICATES RECORD WAS SET OR TIED.
MM INDICATES DATA IS MISSING.
T  INDICATES TRACE AMOUNT.




$$
