000
CDUS45 KTFX 251025
CLICTB


CLIMATE REPORT
NATIONAL WEATHER SERVICE GREAT FALLS MT
424 AM MDT MON MAY 25 2015


...................................

...THE CUT BANK MT CLIMATE SUMMARY FOR MAY 24 2015...

CLIMATE NORMAL PERIOD 1981 TO 2010
CLIMATE RECORD PERIOD 1903 TO 2015


WEATHER ITEM   OBSERVED TIME   RECORD YEAR NORMAL DEPARTURE LAST
                VALUE   (LST)  VALUE       VALUE  FROM      YEAR
                                                  NORMAL
..................................................................
TEMPERATURE (F)
 YESTERDAY
  MAXIMUM         67    351 PM  87    2001  65      2       71
  MINIMUM         38    506 AM  15    1904  40     -2       54
  AVERAGE         53                        52      1       63

PRECIPITATION (IN)
  YESTERDAY        0.00          0.61 2008   0.08  -0.08     0.06
  MONTH TO DATE    1.17                      1.34  -0.17     0.92
  SINCE OCT 1      5.05                      4.05   1.00     5.62
  SINCE JAN 1      2.52                      3.03  -0.51     4.42

SNOWFALL (IN)
  YESTERDAY       MM
  SNOW DEPTH       0

DEGREE DAYS
 HEATING
  YESTERDAY       12                        13     -1        2
  MONTH TO DATE  436                       387     49      397
  SINCE MAR 1   1912                      2147   -235     2326
  SINCE JUL 1   7574                      8207   -633     8532

 COOLING
  YESTERDAY        0                         0      0        0
  MONTH TO DATE    0                         0      0        0
  SINCE MAR 1      0                         0      0        0
  SINCE JAN 1      0                         0      0        0
..................................................................


WIND (MPH)
  HIGHEST WIND SPEED    16   HIGHEST WIND DIRECTION     E (90)
  HIGHEST GUST SPEED    20   HIGHEST GUST DIRECTION    SE (130)
  AVERAGE WIND SPEED     5.7


SKY COVER
  AVERAGE SKY COVER 0.4


WEATHER CONDITIONS
 THE FOLLOWING WEATHER WAS RECORDED YESTERDAY.
  NO SIGNIFICANT WEATHER WAS OBSERVED.


RELATIVE HUMIDITY (PERCENT)
 HIGHEST    93           400 AM
 LOWEST     36           600 PM
 AVERAGE    65

..........................................................


THE CUT BANK MT CLIMATE NORMALS FOR TODAY
                         NORMAL    RECORD    YEAR
 MAXIMUM TEMPERATURE (F)   65        90      1928
 MINIMUM TEMPERATURE (F)   40        25      1904


SUNRISE AND SUNSET
MAY 25 2015...........SUNRISE   537 AM MDT   SUNSET   916 PM MDT
MAY 26 2015...........SUNRISE   537 AM MDT   SUNSET   917 PM MDT


-  INDICATES NEGATIVE NUMBERS.
R  INDICATES RECORD WAS SET OR TIED.
MM INDICATES DATA IS MISSING.
T  INDICATES TRACE AMOUNT.




$$
