000
CDUS42 KTAE 302236
CLICTY


CLIMATE REPORT
NATIONAL WEATHER SERVICE TALLAHASSEE FL
536 PM EST FRI JAN 30 2015


...................................

...THE CROSS CITY (AMOS) CLIMATE SUMMARY FOR JANUARY 30 2015...
VALID TODAY AS OF 0500 PM LOCAL TIME.

CLIMATE NORMAL PERIOD 1981 TO 2010
CLIMATE RECORD PERIOD 1948 TO 2015


WEATHER ITEM   OBSERVED TIME   NORMAL DEPARTURE LAST
                VALUE   (LST)  VALUE  FROM      YEAR
                                      NORMAL
......................................................
TEMPERATURE (F)
 TODAY
  MAXIMUM         70    236 PM  68      2
  MINIMUM         39    349 AM  42     -3
  AVERAGE         55            55      0

PRECIPITATION (IN)
  TODAY            0.00          0.10  -0.10     0.00
  MONTH TO DATE    2.94          3.94  -1.00     4.94
  SINCE DEC 1      6.18          6.46  -0.28     6.76
  SINCE JAN 1      2.94          3.94  -1.00     4.94

DEGREE DAYS
 HEATING
  TODAY           10
  MONTH TO DATE  291
  SINCE DEC 1    500
  SINCE JUL 1    785

 COOLING
  TODAY            0
  MONTH TO DATE   16
  SINCE DEC 1     54
  SINCE JAN 1     16
......................................................


WIND (MPH)
  RESULTANT WIND SPEED   4   RESULTANT WIND DIRECTION   N (350)
  HIGHEST WIND SPEED    17   HIGHEST WIND DIRECTION     N (10)
  HIGHEST GUST SPEED    23   HIGHEST GUST DIRECTION     N (10)
  AVERAGE WIND SPEED     5.3



WEATHER CONDITIONS
 THE FOLLOWING WEATHER WAS RECORDED TODAY.
  NO SIGNIFICANT WEATHER WAS OBSERVED.


RELATIVE HUMIDITY (PERCENT)
 HIGHEST   100
 LOWEST     24
 AVERAGE    62

..........................................................


THE CROSS CITY (AMOS) CLIMATE NORMALS FOR TOMORROW
                         NORMAL
 MAXIMUM TEMPERATURE (F)   68
 MINIMUM TEMPERATURE (F)   42



-  INDICATES NEGATIVE NUMBERS.
R  INDICATES RECORD WAS SET OR TIED.
MM INDICATES DATA IS MISSING.
T  INDICATES TRACE AMOUNT.




$$
