000
CDUS42 KTAE 272233
CLICTY


CLIMATE REPORT
NATIONAL WEATHER SERVICE TALLAHASSEE FL
532 PM EST THU NOV 27 2014


...................................

...THE CROSS CITY CLIMATE SUMMARY FOR NOVEMBER 27 2014...
VALID TODAY AS OF 0500 PM LOCAL TIME.

CLIMATE NORMAL PERIOD 1981 TO 2010
CLIMATE RECORD PERIOD 1948 TO 2014


WEATHER ITEM   OBSERVED TIME   NORMAL DEPARTURE LAST
                VALUE   (LST)  VALUE  FROM      YEAR
                                      NORMAL
......................................................
TEMPERATURE (F)
 TODAY
  MAXIMUM         65    237 PM  72     -7
  MINIMUM         37    317 AM  47    -10
  AVERAGE         51            60     -9

PRECIPITATION (IN)
  TODAY            0.00          0.10  -0.10     0.01
  MONTH TO DATE    2.07          2.32  -0.25     2.29
  SINCE SEP 1     16.58         10.18   6.40     8.69
  SINCE JAN 1     56.96         45.55  11.41    61.47

DEGREE DAYS
 HEATING
  TODAY           14
  MONTH TO DATE  228
  SINCE SEP 1    245
  SINCE JUL 1    245

 COOLING
  TODAY            0
  MONTH TO DATE   27
  SINCE SEP 1    648
  SINCE JAN 1   2710
......................................................


WIND (MPH)
  RESULTANT WIND SPEED   5   RESULTANT WIND DIRECTION   N (340)
  HIGHEST WIND SPEED    17   HIGHEST WIND DIRECTION    NW (310)
  HIGHEST GUST SPEED    21   HIGHEST GUST DIRECTION    NW (310)
  AVERAGE WIND SPEED     5.8



WEATHER CONDITIONS
 THE FOLLOWING WEATHER WAS RECORDED TODAY.
  NO SIGNIFICANT WEATHER WAS OBSERVED.


RELATIVE HUMIDITY (PERCENT)
 HIGHEST    92
 LOWEST     30
 AVERAGE    61

..........................................................


THE CROSS CITY (AMOS) CLIMATE NORMALS FOR TOMORROW
                         NORMAL
 MAXIMUM TEMPERATURE (F)   72
 MINIMUM TEMPERATURE (F)   47



-  INDICATES NEGATIVE NUMBERS.
R  INDICATES RECORD WAS SET OR TIED.
MM INDICATES DATA IS MISSING.
T  INDICATES TRACE AMOUNT.




$$
