000
CDUS42 KTAE 302122
CLICTY


CLIMATE REPORT
NATIONAL WEATHER SERVICE TALLAHASSEE FL
520 PM EDT MON MAY 30 2016

...................................

...THE CROSS CITY  CLIMATE SUMMARY FOR MAY 30 2016...
VALID TODAY AS OF 0500 PM LOCAL TIME.

CLIMATE NORMAL PERIOD 1981 TO 2010
CLIMATE RECORD PERIOD 1948 TO 2016


WEATHER ITEM   OBSERVED TIME   NORMAL DEPARTURE LAST
                VALUE   (LST)  VALUE  FROM      YEAR
                                      NORMAL
......................................................
TEMPERATURE (F)
 TODAY
  MAXIMUM         95    251 PM  90      5       95
  MINIMUM         69    535 AM  66      3       64
  AVERAGE         82            78      4

PRECIPITATION (IN)
  TODAY            0.00          0.17  -0.17     0.40
  MONTH TO DATE    1.94          2.52  -0.58     3.81
  SINCE MAR 1      9.91          9.69   0.22     7.11
  SINCE JAN 1     16.67         17.00  -0.33    13.08

DEGREE DAYS
 HEATING
  TODAY            0
  MONTH TO DATE    4
  SINCE MAR 1     80
  SINCE JUL 1    811

 COOLING
  TODAY           17
  MONTH TO DATE  322
  SINCE MAR 1    628
  SINCE JAN 1    657
......................................................


WIND (MPH)
  RESULTANT WIND SPEED   1   RESULTANT WIND DIRECTION   W (250)
  HIGHEST WIND SPEED    16   HIGHEST WIND DIRECTION     W (250)
  HIGHEST GUST SPEED    21   HIGHEST GUST DIRECTION    NW (300)
  AVERAGE WIND SPEED     2.9



WEATHER CONDITIONS
 THE FOLLOWING WEATHER WAS RECORDED TODAY.
  NO SIGNIFICANT WEATHER WAS OBSERVED.


RELATIVE HUMIDITY (PERCENT)
 HIGHEST    93
 LOWEST     39
 AVERAGE    66

..........................................................


THE CROSS CITY  CLIMATE NORMALS FOR TOMORROW
                         NORMAL
 MAXIMUM TEMPERATURE (F)   90
 MINIMUM TEMPERATURE (F)   66



-  INDICATES NEGATIVE NUMBERS.
R  INDICATES RECORD WAS SET OR TIED.
MM INDICATES DATA IS MISSING.
T  INDICATES TRACE AMOUNT.

$$
