000
CDUS42 KTAE 250631
CLICTY


CLIMATE REPORT
NATIONAL WEATHER SERVICE TALLAHASSEE FL
230 AM EDT SUN JUN 25 2017


...................................

...THE CROSS CITY  CLIMATE SUMMARY FOR JUNE 24 2017...

CLIMATE NORMAL PERIOD 1981 TO 2010
CLIMATE RECORD PERIOD 1948 TO 2017


WEATHER ITEM   OBSERVED TIME   NORMAL DEPARTURE LAST
                VALUE   (LST)  VALUE  FROM      YEAR
                                      NORMAL
......................................................
TEMPERATURE (F)
 YESTERDAY
  MAXIMUM         91    400 PM  91      0       95
  MINIMUM         70    400 AM  70      0       72
  AVERAGE         81            80      1

PRECIPITATION (IN)
  YESTERDAY        0.00          0.20  -0.20    MM
  MONTH TO DATE   13.29          3.98   9.31     3.96
  SINCE JUN 1     13.29          3.98   9.31     3.96
  SINCE JAN 1     23.45         21.15   2.30    20.71

DEGREE DAYS
 HEATING
  YESTERDAY        0             0      0
  MONTH TO DATE    0             0      0
  SINCE JUN 1      0             0      0
  SINCE JUL 1    758          1306   -548

 COOLING
  YESTERDAY       16            16      0
  MONTH TO DATE  341           352    -11
  SINCE JUN 1    341           352    -11
  SINCE JAN 1    942           831    111
......................................................


WIND (MPH)
  RESULTANT WIND SPEED   5   RESULTANT WIND DIRECTION   W (250)
  HIGHEST WIND SPEED    13   HIGHEST WIND DIRECTION    SW (240)
  HIGHEST GUST SPEED    17   HIGHEST GUST DIRECTION    SW (240)
  AVERAGE WIND SPEED     4.8



WEATHER CONDITIONS
 THE FOLLOWING WEATHER WAS RECORDED YESTERDAY.
  FOG


RELATIVE HUMIDITY (PERCENT)
 HIGHEST   100
 LOWEST     52

..........................................................




SUNRISE AND SUNSET
JUNE 25 2017..........SUNRISE   634 AM EDT   SUNSET   836 PM EDT
JUNE 26 2017..........SUNRISE   634 AM EDT   SUNSET   836 PM EDT


-  INDICATES NEGATIVE NUMBERS.
R  INDICATES RECORD WAS SET OR TIED.
MM INDICATES DATA IS MISSING.
T  INDICATES TRACE AMOUNT.




$$
