000
CDUS42 KTAE 240636
CLICTY


CLIMATE REPORT
NATIONAL WEATHER SERVICE TALLAHASSEE FL
135 AM EST FRI FEB 24 2017


...................................

...THE CROSS CITY  CLIMATE SUMMARY FOR FEBRUARY 23 2017...

CLIMATE NORMAL PERIOD 1981 TO 2010
CLIMATE RECORD PERIOD 1948 TO 2017


WEATHER ITEM   OBSERVED TIME   NORMAL DEPARTURE LAST
                VALUE   (LST)  VALUE  FROM      YEAR
                                      NORMAL
......................................................
TEMPERATURE (F)
 YESTERDAY
  MAXIMUM         79    400 PM  72      7       82
  MINIMUM         61   1100 PM  45     16       61
  AVERAGE         70            58     12

PRECIPITATION (IN)
  YESTERDAY        0.05          0.16  -0.11     0.00
  MONTH TO DATE    1.12          2.47  -1.35     3.29
  SINCE DEC 1      6.42          9.03  -2.61     8.63
  SINCE JAN 1      2.55          6.51  -3.96     6.37

DEGREE DAYS
 HEATING
  YESTERDAY        0             7     -7
  MONTH TO DATE   93           206   -113
  SINCE DEC 1    466           916   -450
  SINCE JUL 1    591          1084   -493

 COOLING
  YESTERDAY        5             1      4
  MONTH TO DATE   16            17     -1
  SINCE DEC 1    103            46     57
  SINCE JAN 1     50            28     22
......................................................


WIND (MPH)
  RESULTANT WIND SPEED   9   RESULTANT WIND DIRECTION  NE (40)
  HIGHEST WIND SPEED    17   HIGHEST WIND DIRECTION    NE (40)
  HIGHEST GUST SPEED    24   HIGHEST GUST DIRECTION    NE (40)
  AVERAGE WIND SPEED     9.7



WEATHER CONDITIONS
 THE FOLLOWING WEATHER WAS RECORDED YESTERDAY.
  FOG


RELATIVE HUMIDITY (PERCENT)
 HIGHEST   100
 LOWEST     54

..........................................................




SUNRISE AND SUNSET
FEBRUARY 24 2017......SUNRISE   703 AM EST   SUNSET   628 PM EST
FEBRUARY 25 2017......SUNRISE   702 AM EST   SUNSET   629 PM EST


-  INDICATES NEGATIVE NUMBERS.
R  INDICATES RECORD WAS SET OR TIED.
MM INDICATES DATA IS MISSING.
T  INDICATES TRACE AMOUNT.




$$
