612
CDUS42 KTAE 190634
CLICTY


CLIMATE REPORT
NATIONAL WEATHER SERVICE TALLAHASSEE FL
233 AM EDT THU OCT 19 2017


...................................

...THE CROSS CITY  CLIMATE SUMMARY FOR OCTOBER 18 2017...

CLIMATE NORMAL PERIOD 1981 TO 2010
CLIMATE RECORD PERIOD 1948 TO 2017


WEATHER ITEM   OBSERVED TIME   NORMAL DEPARTURE LAST
                VALUE   (LST)  VALUE  FROM      YEAR
                                      NORMAL
......................................................
TEMPERATURE (F)
 YESTERDAY
  MAXIMUM         84        MM  82      2       88
  MINIMUM         57        MM  57      0       59
  AVERAGE         71            70      1

PRECIPITATION (IN)
  YESTERDAY        0.00          0.10  -0.10     0.00
  MONTH TO DATE    0.48          2.25  -1.77     0.18
  SINCE SEP 1      6.24          6.71  -0.47    15.25
  SINCE JAN 1     52.69         42.08  10.61    59.60

DEGREE DAYS
 HEATING
  YESTERDAY        0             1     -1
  MONTH TO DATE    0             8     -8
  SINCE SEP 1      0             8     -8
  SINCE JUL 1      0             8     -8

 COOLING
  YESTERDAY        6             6      0
  MONTH TO DATE  251           142    109
  SINCE SEP 1    671           546    125
  SINCE JAN 1   2789          2484    305
......................................................


WIND (MPH)
  RESULTANT WIND SPEED   9   RESULTANT WIND DIRECTION  NE (40)
  HIGHEST WIND SPEED    16   HIGHEST WIND DIRECTION    NE (30)
  HIGHEST GUST SPEED    20   HIGHEST GUST DIRECTION    NE (40)
  AVERAGE WIND SPEED     9.6



WEATHER CONDITIONS
 THE FOLLOWING WEATHER WAS RECORDED YESTERDAY.
  NO SIGNIFICANT WEATHER WAS OBSERVED.


RELATIVE HUMIDITY (PERCENT)
 HIGHEST    90
 LOWEST     56

..........................................................




SUNRISE AND SUNSET
OCTOBER 19 2017.......SUNRISE   737 AM EDT   SUNSET   657 PM EDT
OCTOBER 20 2017.......SUNRISE   737 AM EDT   SUNSET   656 PM EDT


-  INDICATES NEGATIVE NUMBERS.
R  INDICATES RECORD WAS SET OR TIED.
MM INDICATES DATA IS MISSING.
T  INDICATES TRACE AMOUNT.




$$
