376
CDUS42 KTAE 240630
CLICTY


CLIMATE REPORT
NATIONAL WEATHER SERVICE TALLAHASSEE FL
130 AM EST TUE JAN 24 2017


...................................

...THE CROSS CITY  CLIMATE SUMMARY FOR JANUARY 23 2017...

CLIMATE NORMAL PERIOD 1981 TO 2010
CLIMATE RECORD PERIOD 1948 TO 2017


WEATHER ITEM   OBSERVED TIME   NORMAL DEPARTURE LAST
                VALUE   (LST)  VALUE  FROM      YEAR
                                      NORMAL
......................................................
TEMPERATURE (F)
 YESTERDAY
  MAXIMUM         66    300 PM  67     -1       49
  MINIMUM         50    500 AM  41      9       37
  AVERAGE         58            54      4

PRECIPITATION (IN)
  YESTERDAY        0.01          0.14  -0.13     0.00
  MONTH TO DATE    1.41          3.04  -1.63     2.88
  SINCE DEC 1      5.28          5.56  -0.28     5.14
  SINCE JAN 1      1.41          3.04  -1.63     2.88

DEGREE DAYS
 HEATING
  YESTERDAY        7            11     -4
  MONTH TO DATE  117           286   -169
  SINCE DEC 1    278           623   -345
  SINCE JUL 1    403           791   -388

 COOLING
  YESTERDAY        0             0      0
  MONTH TO DATE   32             0     32
  SINCE DEC 1     85            18     67
  SINCE JAN 1     32             0     32
......................................................


WIND (MPH)
  RESULTANT WIND SPEED  11   RESULTANT WIND DIRECTION   W (280)
  HIGHEST WIND SPEED    22   HIGHEST WIND DIRECTION     W (290)
  HIGHEST GUST SPEED    32   HIGHEST GUST DIRECTION     W (270)
  AVERAGE WIND SPEED    11.7



WEATHER CONDITIONS
 THE FOLLOWING WEATHER WAS RECORDED YESTERDAY.
  NO SIGNIFICANT WEATHER WAS OBSERVED.


RELATIVE HUMIDITY (PERCENT)
 HIGHEST   100
 LOWEST     56

..........................................................




SUNRISE AND SUNSET
JANUARY 24 2017.......SUNRISE   726 AM EST   SUNSET   604 PM EST
JANUARY 25 2017.......SUNRISE   725 AM EST   SUNSET   605 PM EST


-  INDICATES NEGATIVE NUMBERS.
R  INDICATES RECORD WAS SET OR TIED.
MM INDICATES DATA IS MISSING.
T  INDICATES TRACE AMOUNT.




$$
