000
CDUS42 KCAE 190542
CLICUB


CLIMATE REPORT
NATIONAL WEATHER SERVICE COLUMBIA SC
142 AM EDT THU OCT 19 2017


...................................

...THE HAMILTON - OWENS AIRPORT SC CLIMATE SUMMARY FOR OCTOBER 18 2017...

CLIMATE NORMAL PERIOD 1981 TO 2010
CLIMATE RECORD PERIOD 9999 TO 9999


WEATHER ITEM   OBSERVED TIME   NORMAL DEPARTURE LAST
                VALUE   (LST)  VALUE  FROM      YEAR
                                      NORMAL
......................................................
TEMPERATURE (F)
 YESTERDAY
  MAXIMUM         MM        MM  75     MM       86
  MINIMUM         45        MM  53     -8       61
  AVERAGE         MM            64     MM       74

PRECIPITATION (IN)
  YESTERDAY        0.00          0.12  -0.12     0.00
  MONTH TO DATE    0.87          2.06  -1.19     4.78
  SINCE SEP 1      4.77          6.10  -1.33    10.34
  SINCE JAN 1     40.97         37.95   3.02    38.07

DEGREE DAYS
 HEATING
  YESTERDAY       MM             3     MM        0
  MONTH TO DATE    5            29    -24        5
  SINCE SEP 1      5            32    -27        5
  SINCE JUL 1      5            32    -27        5

 COOLING
  YESTERDAY       MM             2     MM        9
  MONTH TO DATE  176            75    101      100
  SINCE SEP 1    551           404    147      542
  SINCE JAN 1   2651          2222    429     2776
......................................................


WIND (MPH)
  HIGHEST WIND SPEED    MM   HIGHEST WIND DIRECTION    MM
  HIGHEST GUST SPEED    MM   HIGHEST GUST DIRECTION    MM
  AVERAGE WIND SPEED    MM


SKY COVER
  AVERAGE SKY COVER 0.0


WEATHER CONDITIONS
 THE FOLLOWING WEATHER WAS RECORDED YESTERDAY.
  NO SIGNIFICANT WEATHER WAS OBSERVED.


RELATIVE HUMIDITY (PERCENT)
 HIGHEST    86           200 AM
 LOWEST     MM

..........................................................


THE HAMILTON - OWENS AIRPORT SC CLIMATE NORMALS FOR TODAY
                         NORMAL    RECORD    YEAR
 MAXIMUM TEMPERATURE (F)   75        MM        MM
 MINIMUM TEMPERATURE (F)   53        MM        MM


SUNRISE AND SUNSET
OCTOBER 19 2017.......SUNRISE   732 AM EDT   SUNSET   645 PM EDT
OCTOBER 20 2017.......SUNRISE   733 AM EDT   SUNSET   644 PM EDT


-  INDICATES NEGATIVE NUMBERS.
R  INDICATES RECORD WAS SET OR TIED.
MM INDICATES DATA IS MISSING.
T  INDICATES TRACE AMOUNT.




$$
