000
CDUS42 KCAE 202208
CLICUB


CLIMATE REPORT
NATIONAL WEATHER SERVICE COLUMBIA SC
507 PM EST FRI JAN 20 2017


...................................

...THE HAMILTON - OWENS AIRPORT SC CLIMATE SUMMARY FOR JANUARY 20 2017...
VALID TODAY AS OF 0500 PM LOCAL TIME.

CLIMATE NORMAL PERIOD 1981 TO 2010
CLIMATE RECORD PERIOD 9999 TO 9999


WEATHER ITEM   OBSERVED TIME   NORMAL DEPARTURE LAST
                VALUE   (LST)  VALUE  FROM      YEAR
                                      NORMAL
......................................................
TEMPERATURE (F)
 TODAY
  MAXIMUM         78    359 PM  56     22       48
  MINIMUM         54    827 AM  36     18       27
  AVERAGE         66            46     20       38

PRECIPITATION (IN)
  TODAY            T             0.11  -0.11      T
  MONTH TO DATE    4.13          2.15   1.98     0.81
  SINCE DEC 1      7.51          5.35   2.16     6.05
  SINCE JAN 1      4.13          2.15   1.98     0.81

DEGREE DAYS
 HEATING
  TODAY            0            19    -19       27
  MONTH TO DATE  214           392   -178      403
  SINCE DEC 1    663           921   -258      597
  SINCE JUL 1    924          1292   -368      844

 COOLING
  TODAY            1             0      1        0
  MONTH TO DATE    2             0      2        0
  SINCE DEC 1      3             4     -1       56
  SINCE JAN 1      2             0      2        0
......................................................


WIND (MPH)
  HIGHEST WIND SPEED    15   HIGHEST WIND DIRECTION     W (280)
  HIGHEST GUST SPEED    20   HIGHEST GUST DIRECTION     W (260)
  AVERAGE WIND SPEED     3.8


SKY COVER
  AVERAGE SKY COVER 0.5


WEATHER CONDITIONS
 THE FOLLOWING WEATHER WAS RECORDED TODAY.
  NO SIGNIFICANT WEATHER WAS OBSERVED.


RELATIVE HUMIDITY (PERCENT)
 HIGHEST    93           700 AM
 LOWEST     43           400 PM
 AVERAGE    68

..........................................................


THE HAMILTON - OWENS AIRPORT SC CLIMATE NORMALS FOR TOMORROW
                         NORMAL
 MAXIMUM TEMPERATURE (F)   56
 MINIMUM TEMPERATURE (F)   36


SUNRISE AND SUNSET
JANUARY 20 2017.......SUNRISE   727 AM EST   SUNSET   543 PM EST
JANUARY 21 2017.......SUNRISE   727 AM EST   SUNSET   544 PM EST


-  INDICATES NEGATIVE NUMBERS.
R  INDICATES RECORD WAS SET OR TIED.
MM INDICATES DATA IS MISSING.
T  INDICATES TRACE AMOUNT.




$$
