000
CDUS43 KUNR 230837
CLICUT


CLIMATE REPORT
NATIONAL WEATHER SERVICE RAPID CITY SD
237 AM MDT WED AUG 23 2017


...................................

...THE CUSTER COUNTY AIRPORT SD CLIMATE SUMMARY FOR AUGUST 22 2017...

CLIMATE NORMAL PERIOD 1981 TO 2010
CLIMATE RECORD PERIOD 9999 TO 9999


WEATHER ITEM   OBSERVED TIME   NORMAL DEPARTURE LAST
                VALUE   (LST)  VALUE  FROM      YEAR
                                      NORMAL
......................................................
TEMPERATURE (F)
 YESTERDAY
  MAXIMUM         76    321 PM  77     -1       89
  MINIMUM         43    531 AM  49     -6       52
  AVERAGE         60            63     -3       71

PRECIPITATION (IN)
  YESTERDAY        0.00          0.06  -0.06     0.00
  MONTH TO DATE    2.07          1.50   0.57     0.99
  SINCE JUN 1      9.65          7.16   2.49     7.52
  SINCE JAN 1     17.53         14.27   3.26    12.10

DEGREE DAYS
 HEATING
  YESTERDAY        5             3      2        0
  MONTH TO DATE   92            54     38       56
  SINCE JUN 1    255           335    -80      155
  SINCE JUL 1    100           115    -15       99

 COOLING
  YESTERDAY        0             1     -1        6
  MONTH TO DATE    6            43    -37       51
  SINCE JUN 1    194           149     45      246
  SINCE JAN 1    194           150     44      246
......................................................


WIND (MPH)
  HIGHEST WIND SPEED    14   HIGHEST WIND DIRECTION     S (160)
  HIGHEST GUST SPEED    20   HIGHEST GUST DIRECTION    SE (150)
  AVERAGE WIND SPEED     5.8


SKY COVER
  AVERAGE SKY COVER 0.1


WEATHER CONDITIONS
 THE FOLLOWING WEATHER WAS RECORDED YESTERDAY.
  NO SIGNIFICANT WEATHER WAS OBSERVED.


RELATIVE HUMIDITY (PERCENT)
 HIGHEST    72
 LOWEST     33
 AVERAGE    53

..........................................................




SUNRISE AND SUNSET
AUGUST 23 2017........SUNRISE   608 AM MDT   SUNSET   745 PM MDT
AUGUST 24 2017........SUNRISE   609 AM MDT   SUNSET   743 PM MDT


-  INDICATES NEGATIVE NUMBERS.
R  INDICATES RECORD WAS SET OR TIED.
MM INDICATES DATA IS MISSING.
T  INDICATES TRACE AMOUNT.




$$
