000
CDUS43 KUNR 280832
CLICUT


CLIMATE REPORT
NATIONAL WEATHER SERVICE RAPID CITY SD
232 AM MDT THU AUG 28 2014


...................................

...THE CUSTER COUNTY AIRPORT SD CLIMATE SUMMARY FOR AUGUST 27 2014...

CLIMATE NORMAL PERIOD 1981 TO 2010
CLIMATE RECORD PERIOD 9999 TO 9999


WEATHER ITEM   OBSERVED TIME   NORMAL DEPARTURE LAST
                VALUE   (LST)  VALUE  FROM      YEAR
                                      NORMAL
......................................................
TEMPERATURE (F)
 YESTERDAY
  MAXIMUM         73    948 AM  76     -3       86
  MINIMUM         53    545 AM  48      5       58
  AVERAGE         63            62      1       72

PRECIPITATION (IN)
  YESTERDAY        0.12          0.07   0.05      T
  MONTH TO DATE    1.88          1.84   0.04     3.95
  SINCE JUN 1      6.77          7.50  -0.73     9.42
  SINCE JAN 1     14.49         14.61  -0.12    15.95

DEGREE DAYS
 HEATING
  YESTERDAY        2             4     -2        0
  MONTH TO DATE   34            73    -39       55
  SINCE JUN 1    386           354     32      290
  SINCE JUL 1    113           134    -21       97

 COOLING
  YESTERDAY        0             1     -1        7
  MONTH TO DATE   44            48     -4       51
  SINCE JUN 1    130           154    -24      123
  SINCE JAN 1    134           155    -21      125
......................................................


WIND (MPH)
  HIGHEST WIND SPEED    13   HIGHEST WIND DIRECTION     E (90)
  HIGHEST GUST SPEED    17   HIGHEST GUST DIRECTION    NE (40)
  AVERAGE WIND SPEED     5.9


SKY COVER
  AVERAGE SKY COVER 0.7


WEATHER CONDITIONS
 THE FOLLOWING WEATHER WAS RECORDED YESTERDAY.
  THUNDERSTORM
  RAIN
  LIGHT RAIN
  FOG


RELATIVE HUMIDITY (PERCENT)
 HIGHEST    93
 LOWEST     59
 AVERAGE    76

..........................................................




SUNRISE AND SUNSET
AUGUST 28 2014........SUNRISE   614 AM MDT   SUNSET   737 PM MDT
AUGUST 29 2014........SUNRISE   615 AM MDT   SUNSET   735 PM MDT


-  INDICATES NEGATIVE NUMBERS.
R  INDICATES RECORD WAS SET OR TIED.
MM INDICATES DATA IS MISSING.
T  INDICATES TRACE AMOUNT.




$$
