000
CDUS43 KUNR 010834
CLICUT


CLIMATE REPORT
NATIONAL WEATHER SERVICE RAPID CITY SD
234 AM MDT WED JUL 1 2015


...................................

...THE CUSTER COUNTY AIRPORT SD CLIMATE SUMMARY FOR JUNE 30 2015...

CLIMATE NORMAL PERIOD 1981 TO 2010
CLIMATE RECORD PERIOD 9999 TO 9999


WEATHER ITEM   OBSERVED TIME   NORMAL DEPARTURE LAST
                VALUE   (LST)  VALUE  FROM      YEAR
                                      NORMAL
......................................................
TEMPERATURE (F)
 YESTERDAY
  MAXIMUM         85    118 PM  77      8       65
  MINIMUM         57    110 AM  51      6       45
  AVERAGE         71            64      7       55

PRECIPITATION (IN)
  YESTERDAY        0.11          0.09   0.02     0.00
  MONTH TO DATE    6.50          3.22   3.28     3.39
  SINCE JUN 1      6.50          3.22   3.28     3.39
  SINCE JAN 1     15.81         10.33   5.48    11.11

DEGREE DAYS
 HEATING
  YESTERDAY        0             3     -3       10
  MONTH TO DATE  102           220   -118      273
  SINCE JUN 1    102           220   -118      273
  SINCE JUL 1   7686          8389   -703     8433

 COOLING
  YESTERDAY        6             2      4        0
  MONTH TO DATE   27            25      2        1
  SINCE JUN 1     27            25      2        1
  SINCE JAN 1     27            26      1        5
......................................................


WIND (MPH)
  HIGHEST WIND SPEED    15   HIGHEST WIND DIRECTION     W (280)
  HIGHEST GUST SPEED    21   HIGHEST GUST DIRECTION     W (270)
  AVERAGE WIND SPEED     4.1


SKY COVER
  AVERAGE SKY COVER 0.2


WEATHER CONDITIONS
 THE FOLLOWING WEATHER WAS RECORDED YESTERDAY.
  THUNDERSTORM
  HEAVY RAIN
  LIGHT RAIN
  FOG


RELATIVE HUMIDITY (PERCENT)
 HIGHEST    87
 LOWEST     28
 AVERAGE    58

..........................................................




SUNRISE AND SUNSET
JULY  1 2015..........SUNRISE   516 AM MDT   SUNSET   840 PM MDT
JULY  2 2015..........SUNRISE   517 AM MDT   SUNSET   840 PM MDT


-  INDICATES NEGATIVE NUMBERS.
R  INDICATES RECORD WAS SET OR TIED.
MM INDICATES DATA IS MISSING.
T  INDICATES TRACE AMOUNT.




$$
