000
CDUS43 KUNR 020831
CLICUT


CLIMATE REPORT
NATIONAL WEATHER SERVICE RAPID CITY SD
130 AM MST FRI DEC 2 2016


...................................

...THE CUSTER COUNTY AIRPORT SD CLIMATE SUMMARY FOR DECEMBER 1 2016...

CLIMATE NORMAL PERIOD 1981 TO 2010
CLIMATE RECORD PERIOD 9999 TO 9999


WEATHER ITEM   OBSERVED TIME   NORMAL DEPARTURE LAST
                VALUE   (LST)  VALUE  FROM      YEAR
                                      NORMAL
......................................................
TEMPERATURE (F)
 YESTERDAY
  MAXIMUM         32   1021 AM  35     -3       32
  MINIMUM         19    716 AM  15      4       20
  AVERAGE         26            25      1       26

PRECIPITATION (IN)
  YESTERDAY        0.00          0.01  -0.01     0.01
  MONTH TO DATE    0.00          0.01  -0.01     0.01
  SINCE DEC 1      0.00          0.01  -0.01     0.01
  SINCE JAN 1     15.27         18.58  -3.31    22.90

DEGREE DAYS
 HEATING
  YESTERDAY       39            40     -1       39
  MONTH TO DATE   39            40     -1       39
  SINCE DEC 1     39            40     -1       39
  SINCE JUL 1   1658          2221   -563     1827

 COOLING
  YESTERDAY        0             0      0        0
  MONTH TO DATE    0             0      0        0
  SINCE DEC 1      0             0      0        0
  SINCE JAN 1    259           177     82      231
......................................................


WIND (MPH)
  HIGHEST WIND SPEED    15   HIGHEST WIND DIRECTION     W (290)
  HIGHEST GUST SPEED    20   HIGHEST GUST DIRECTION     W (280)
  AVERAGE WIND SPEED     5.2


SKY COVER
  AVERAGE SKY COVER 0.7


WEATHER CONDITIONS
 THE FOLLOWING WEATHER WAS RECORDED YESTERDAY.
  NO SIGNIFICANT WEATHER WAS OBSERVED.


RELATIVE HUMIDITY (PERCENT)
 HIGHEST    74
 LOWEST     43
 AVERAGE    59

..........................................................




SUNRISE AND SUNSET
DECEMBER  2 2016......SUNRISE   710 AM MST   SUNSET   418 PM MST
DECEMBER  3 2016......SUNRISE   711 AM MST   SUNSET   418 PM MST


-  INDICATES NEGATIVE NUMBERS.
R  INDICATES RECORD WAS SET OR TIED.
MM INDICATES DATA IS MISSING.
T  INDICATES TRACE AMOUNT.




$$
