000
CDUS43 KUNR 220839
CLICUT


CLIMATE REPORT
NATIONAL WEATHER SERVICE RAPID CITY SD
137 AM MST SUN JAN 22 2017


...................................

...THE CUSTER COUNTY AIRPORT SD CLIMATE SUMMARY FOR JANUARY 21 2017...

CLIMATE NORMAL PERIOD 1981 TO 2010
CLIMATE RECORD PERIOD 9999 TO 9999


WEATHER ITEM   OBSERVED TIME   NORMAL DEPARTURE LAST
                VALUE   (LST)  VALUE  FROM      YEAR
                                      NORMAL
......................................................
TEMPERATURE (F)
 YESTERDAY
  MAXIMUM         39    304 PM  35      4       38
  MINIMUM         21    733 AM  14      7       19
  AVERAGE         30            24      6       29

PRECIPITATION (IN)
  YESTERDAY        0.00          0.01  -0.01     0.00
  MONTH TO DATE    0.26          0.20   0.06     0.03
  SINCE DEC 1      1.54          0.58   0.96     0.41
  SINCE JAN 1      0.26          0.20   0.06     0.03

DEGREE DAYS
 HEATING
  YESTERDAY       35            41     -6       36
  MONTH TO DATE  924           861     63      799
  SINCE DEC 1   2381          2150    231     2000
  SINCE JUL 1   4000          4331   -331     3788

 COOLING
  YESTERDAY        0             0      0        0
  MONTH TO DATE    0             0      0        0
  SINCE DEC 1      0             0      0        0
  SINCE JAN 1      0             0      0        0
......................................................


WIND (MPH)
  HIGHEST WIND SPEED    14   HIGHEST WIND DIRECTION     E (80)
  HIGHEST GUST SPEED    16   HIGHEST GUST DIRECTION     E (80)
  AVERAGE WIND SPEED     2.0


SKY COVER
  AVERAGE SKY COVER 0.4


WEATHER CONDITIONS
 THE FOLLOWING WEATHER WAS RECORDED YESTERDAY.
  FOG


RELATIVE HUMIDITY (PERCENT)
 HIGHEST    92
 LOWEST     52
 AVERAGE    72

..........................................................




SUNRISE AND SUNSET
JANUARY 22 2017.......SUNRISE   720 AM MST   SUNSET   452 PM MST
JANUARY 23 2017.......SUNRISE   720 AM MST   SUNSET   454 PM MST


-  INDICATES NEGATIVE NUMBERS.
R  INDICATES RECORD WAS SET OR TIED.
MM INDICATES DATA IS MISSING.
T  INDICATES TRACE AMOUNT.




$$
