000
CDUS43 KUNR 220851
CLICUT


CLIMATE REPORT
NATIONAL WEATHER SERVICE RAPID CITY SD
249 AM MDT MON MAY 22 2017


...................................

...THE CUSTER COUNTY AIRPORT SD CLIMATE SUMMARY FOR MAY 21 2017...

CLIMATE NORMAL PERIOD 1981 TO 2010
CLIMATE RECORD PERIOD 9999 TO 9999


WEATHER ITEM   OBSERVED TIME   NORMAL DEPARTURE LAST
                VALUE   (LST)  VALUE  FROM      YEAR
                                      NORMAL
......................................................
TEMPERATURE (F)
 YESTERDAY
  MAXIMUM         57    205 PM  62     -5       55
  MINIMUM         32   1237 AM  38     -6       48
  AVERAGE         45            50     -5       52

PRECIPITATION (IN)
  YESTERDAY        0.03          0.12  -0.09     0.06
  MONTH TO DATE    1.37          2.01  -0.64     0.72
  SINCE MAR 1      5.53          5.14   0.39     3.02
  SINCE JAN 1      7.54          6.00   1.54     3.63

DEGREE DAYS
 HEATING
  YESTERDAY       20            15      5       13
  MONTH TO DATE  345           381    -36      382
  SINCE MAR 1   1929          2196   -267     1923
  SINCE JUL 1   7297          8031   -734     6978

 COOLING
  YESTERDAY        0             0      0        0
  MONTH TO DATE    0             0      0        0
  SINCE MAR 1      0             0      0        0
  SINCE JAN 1      0             0      0        0
......................................................


WIND (MPH)
  HIGHEST WIND SPEED    28   HIGHEST WIND DIRECTION     W (270)
  HIGHEST GUST SPEED    40   HIGHEST GUST DIRECTION    NW (310)
  AVERAGE WIND SPEED     7.4


SKY COVER
  AVERAGE SKY COVER 0.4


WEATHER CONDITIONS
 THE FOLLOWING WEATHER WAS RECORDED YESTERDAY.
  LIGHT RAIN


RELATIVE HUMIDITY (PERCENT)
 HIGHEST    76
 LOWEST     35
 AVERAGE    56

..........................................................




SUNRISE AND SUNSET
MAY 22 2017...........SUNRISE   522 AM MDT   SUNSET   821 PM MDT
MAY 23 2017...........SUNRISE   521 AM MDT   SUNSET   822 PM MDT


-  INDICATES NEGATIVE NUMBERS.
R  INDICATES RECORD WAS SET OR TIED.
MM INDICATES DATA IS MISSING.
T  INDICATES TRACE AMOUNT.




$$
