000
CDUS41 KILN 282050
CLICVG


CLIMATE REPORT
NATIONAL WEATHER SERVICE WILMINGTON OH
450 PM EDT SUN MAY 28 2017


...................................

...THE CINCINNATI OH CLIMATE SUMMARY FOR MAY 28 2017...
VALID TODAY AS OF 0400 PM LOCAL TIME.

CLIMATE NORMAL PERIOD 1981 TO 2010
CLIMATE RECORD PERIOD 1869 TO 2017


WEATHER ITEM   OBSERVED TIME   RECORD YEAR NORMAL DEPARTURE LAST
                VALUE   (LST)  VALUE       VALUE  FROM      YEAR
                                                  NORMAL
..................................................................
TEMPERATURE (F)
 TODAY
  MAXIMUM         74    220 PM  95    1911  77     -3       83
  MINIMUM         61    229 AM  40    1994  57      4       66
  AVERAGE         68                        67      1       75

PRECIPITATION (IN)
  TODAY            0.00          2.16 1882   0.17  -0.17      T
  MONTH TO DATE    5.95                      4.46   1.49     2.80
  SINCE MAR 1     15.92                     12.31   3.61    12.98
  SINCE JAN 1     23.14                     18.12   5.02    19.61

SNOWFALL (IN)
  TODAY            0.0           0.0    MM   0.0    0.0      0.0
  MONTH TO DATE    0.0                       0.0    0.0      0.0
  SINCE MAR 1      2.0                       3.5   -1.5      2.3
  SINCE JUL 1     10.0                      22.1  -12.1     19.2
  SNOW DEPTH       0

DEGREE DAYS
 HEATING
  TODAY            0                         2     -2        0
  MONTH TO DATE  138                       120     18      161
  SINCE MAR 1    930                      1127   -197      926
  SINCE JUL 1   4010                      4954   -944     4134

 COOLING
  TODAY            3                         4     -1       10
  MONTH TO DATE   71                        64      7       45
  SINCE MAR 1    123                        82     41       63
  SINCE JAN 1    123                        82     41       63
..................................................................


WIND (MPH)
  HIGHEST WIND SPEED    17   HIGHEST WIND DIRECTION     W (250)
  HIGHEST GUST SPEED    24   HIGHEST GUST DIRECTION     W (260)
  AVERAGE WIND SPEED     9.1


SKY COVER
  POSSIBLE SUNSHINE  MM
  AVERAGE SKY COVER 0.9


WEATHER CONDITIONS
 THE FOLLOWING WEATHER WAS RECORDED TODAY.
  NO SIGNIFICANT WEATHER WAS OBSERVED.


RELATIVE HUMIDITY (PERCENT)
 HIGHEST    93           300 AM
 LOWEST     68          1200 PM
 AVERAGE    81

..........................................................


THE CINCINNATI OH CLIMATE NORMALS FOR TOMORROW
                         NORMAL    RECORD    YEAR
 MAXIMUM TEMPERATURE (F)   77        93      1914
 MINIMUM TEMPERATURE (F)   57        34      1965


SUNRISE AND SUNSET
MAY 28 2017...........SUNRISE   616 AM EDT   SUNSET   856 PM EDT
MAY 29 2017...........SUNRISE   616 AM EDT   SUNSET   857 PM EDT


-  INDICATES NEGATIVE NUMBERS.
R  INDICATES RECORD WAS SET OR TIED.
MM INDICATES DATA IS MISSING.
T  INDICATES TRACE AMOUNT.




$$
