000
CDUS41 KILN 250534
CLICVG


CLIMATE REPORT
NATIONAL WEATHER SERVICE WILMINGTON OH
134 AM EDT TUE APR 25 2017


...................................

...THE CINCINNATI OH CLIMATE SUMMARY FOR APRIL 24 2017...

CLIMATE NORMAL PERIOD 1981 TO 2010
CLIMATE RECORD PERIOD 1869 TO 2017


WEATHER ITEM   OBSERVED TIME   RECORD YEAR NORMAL DEPARTURE LAST
                VALUE   (LST)  VALUE       VALUE  FROM      YEAR
                                                  NORMAL
..................................................................
TEMPERATURE (F)
 YESTERDAY
  MAXIMUM         73    359 PM  90    1925  68      5       75
  MINIMUM         48    521 AM  29    1996  47      1       45
                                      1919
  AVERAGE         61                        57      4       60

PRECIPITATION (IN)
  YESTERDAY        0.00          1.63 1975   0.14  -0.14     0.00
  MONTH TO DATE    2.52                      3.07  -0.55     2.12
  SINCE MAR 1      7.33                      7.03   0.30     7.42
  SINCE JAN 1     14.55                     12.84   1.71    14.05

SNOWFALL (IN)
  YESTERDAY        0.0           0.3  2005   0.0    0.0      0.0
  MONTH TO DATE    0.0                       0.5   -0.5       T
  SINCE MAR 1      2.0                       3.5   -1.5      2.3
  SINCE JUL 1     10.0                      22.1  -12.1     19.2
  SNOW DEPTH       0

DEGREE DAYS
 HEATING
  YESTERDAY        4                         9     -5        5
  MONTH TO DATE  158                       295   -137      293
  SINCE MAR 1    781                       961   -180      747
  SINCE JUL 1   3861                      4788   -927     3955

 COOLING
  YESTERDAY        0                         1     -1        0
  MONTH TO DATE   33                        12     21        7
  SINCE MAR 1     34                        12     22        7
  SINCE JAN 1     34                        12     22        7
..................................................................


WIND (MPH)
  RESULTANT WIND SPEED  11   RESULTANT WIND DIRECTION   E (70)
  HIGHEST WIND SPEED    21   HIGHEST WIND DIRECTION     E (80)
  HIGHEST GUST SPEED    25   HIGHEST GUST DIRECTION     E (80)
  AVERAGE WIND SPEED    12.5


SKY COVER
  POSSIBLE SUNSHINE  MM
  AVERAGE SKY COVER 0.5


WEATHER CONDITIONS
 THE FOLLOWING WEATHER WAS RECORDED YESTERDAY.
  NO SIGNIFICANT WEATHER WAS OBSERVED.


RELATIVE HUMIDITY (PERCENT)
 HIGHEST    78          1100 PM
 LOWEST     39          1200 PM
 AVERAGE    59

..........................................................


THE CINCINNATI OH CLIMATE NORMALS FOR TODAY
                         NORMAL    RECORD    YEAR
 MAXIMUM TEMPERATURE (F)   68        87      1954
 MINIMUM TEMPERATURE (F)   47        26      1919


SUNRISE AND SUNSET
APRIL 25 2017.........SUNRISE   648 AM EDT   SUNSET   826 PM EDT
APRIL 26 2017.........SUNRISE   647 AM EDT   SUNSET   827 PM EDT


-  INDICATES NEGATIVE NUMBERS.
R  INDICATES RECORD WAS SET OR TIED.
MM INDICATES DATA IS MISSING.
T  INDICATES TRACE AMOUNT.




$$
