000
CDUS41 KILN 110609
CLICVG


CLIMATE REPORT
NATIONAL WEATHER SERVICE WILMINGTON OH
108 AM EST SUN DEC 11 2016


...................................

...THE CINCINNATI OH CLIMATE SUMMARY FOR DECEMBER 10 2016...

CLIMATE NORMAL PERIOD 1981 TO 2010
CLIMATE RECORD PERIOD 1869 TO 2016


WEATHER ITEM   OBSERVED TIME   RECORD YEAR NORMAL DEPARTURE LAST
                VALUE   (LST)  VALUE       VALUE  FROM      YEAR
                                                  NORMAL
..................................................................
TEMPERATURE (F)
 YESTERDAY
  MAXIMUM         30    405 PM  67    1971  43    -13       56
  MINIMUM         18    231 AM  -8    1917  28    -10       40
  AVERAGE         24                        35    -11       48

PRECIPITATION (IN)
  YESTERDAY        0.00          1.27 1879   0.11  -0.11     0.00
  MONTH TO DATE    0.69                      1.12  -0.43     0.51
  SINCE DEC 1      0.69                      1.12  -0.43     0.51
  SINCE JAN 1     40.69                     40.27   0.42    43.30

SNOWFALL (IN)
  YESTERDAY        0.0           3.3  1932   0.2   -0.2      0.0
  MONTH TO DATE    0.3                       1.1   -0.8       T
  SINCE DEC 1      0.3                       1.1   -0.8       T
  SINCE JUL 1      0.3                       1.9   -1.6       T
  SNOW DEPTH       0

DEGREE DAYS
 HEATING
  YESTERDAY       41                        30     11       17
  MONTH TO DATE  309                       281     28      230
  SINCE DEC 1    309                       281     28      230
  SINCE JUL 1    991                      1241   -250      975

 COOLING
  YESTERDAY        0                         0      0        0
  MONTH TO DATE    0                         0      0        0
  SINCE DEC 1      0                         0      0        0
  SINCE JAN 1   1477                      1121    356     1157
..................................................................


WIND (MPH)
  RESULTANT WIND SPEED   3   RESULTANT WIND DIRECTION  SW (220)
  HIGHEST WIND SPEED    14   HIGHEST WIND DIRECTION     W (280)
  HIGHEST GUST SPEED    16   HIGHEST GUST DIRECTION     W (280)
  AVERAGE WIND SPEED     4.9


SKY COVER
  POSSIBLE SUNSHINE  MM
  AVERAGE SKY COVER 0.8


WEATHER CONDITIONS
 THE FOLLOWING WEATHER WAS RECORDED YESTERDAY.
  FOG
  HAZE


RELATIVE HUMIDITY (PERCENT)
 HIGHEST    91           800 AM
 LOWEST     58           100 PM
 AVERAGE    75

..........................................................


THE CINCINNATI OH CLIMATE NORMALS FOR TODAY
                         NORMAL    RECORD    YEAR
 MAXIMUM TEMPERATURE (F)   43        70      1931
 MINIMUM TEMPERATURE (F)   28       -13      1917


SUNRISE AND SUNSET
DECEMBER 11 2016......SUNRISE   748 AM EST   SUNSET   516 PM EST
DECEMBER 12 2016......SUNRISE   749 AM EST   SUNSET   517 PM EST


-  INDICATES NEGATIVE NUMBERS.
R  INDICATES RECORD WAS SET OR TIED.
MM INDICATES DATA IS MISSING.
T  INDICATES TRACE AMOUNT.




$$
