000
CDUS41 KILN 210534
CLICVG


CLIMATE REPORT
NATIONAL WEATHER SERVICE WILMINGTON OH
1234 AM EST TUE NOV 21 2017


...................................

...THE CINCINNATI OH CLIMATE SUMMARY FOR NOVEMBER 20 2017...

CLIMATE NORMAL PERIOD 1981 TO 2010
CLIMATE RECORD PERIOD 1869 TO 2017


WEATHER ITEM   OBSERVED TIME   RECORD YEAR NORMAL DEPARTURE LAST
                VALUE   (LST)  VALUE       VALUE  FROM      YEAR
                                                  NORMAL
..................................................................
TEMPERATURE (F)
 YESTERDAY
  MAXIMUM         48    333 PM  75    1931  52     -4       39
                                      1906
  MINIMUM         22    716 AM  11    1914  35    -13       26
  AVERAGE         35                        43     -8       33

PRECIPITATION (IN)
  YESTERDAY        0.00          1.52 1900   0.12  -0.12     0.00
  MONTH TO DATE    3.95                      2.22   1.73     0.38
  SINCE SEP 1     11.16                      8.15   3.01     5.79
  SINCE JAN 1     47.95                     37.94  10.01    38.87

SNOWFALL (IN)
  YESTERDAY        0.0           0.5  1967   0.0    0.0      0.0
  MONTH TO DATE    0.0                       0.2   -0.2       T
  SINCE SEP 1      T                         0.6   -0.6       T
  SINCE JUL 1      T                         0.6   -0.6       T
  SNOW DEPTH       0

DEGREE DAYS
 HEATING
  YESTERDAY       30                        22      8       32
  MONTH TO DATE  380                       357     23      295
  SINCE SEP 1    679                       719    -40      464
  SINCE JUL 1    680                       719    -39      464

 COOLING
  YESTERDAY        0                         0      0        0
  MONTH TO DATE    3                         0      3        6
  SINCE SEP 1    180                       153     27      302
  SINCE JAN 1   1111                      1121    -10     1477
..................................................................


WIND (MPH)
  RESULTANT WIND SPEED   8   RESULTANT WIND DIRECTION   S (190)
  HIGHEST WIND SPEED    18   HIGHEST WIND DIRECTION     S (180)
  HIGHEST GUST SPEED    25   HIGHEST GUST DIRECTION     S (190)
  AVERAGE WIND SPEED     8.3


SKY COVER
  POSSIBLE SUNSHINE  MM
  AVERAGE SKY COVER 0.4


WEATHER CONDITIONS
 THE FOLLOWING WEATHER WAS RECORDED YESTERDAY.
  NO SIGNIFICANT WEATHER WAS OBSERVED.


RELATIVE HUMIDITY (PERCENT)
 HIGHEST    96           700 AM
 LOWEST     42           200 PM
 AVERAGE    69

..........................................................


THE CINCINNATI OH CLIMATE NORMALS FOR TODAY
                         NORMAL    RECORD    YEAR
 MAXIMUM TEMPERATURE (F)   51        75      1934
 MINIMUM TEMPERATURE (F)   34        11      2014
                                             1964


SUNRISE AND SUNSET
NOVEMBER 21 2017......SUNRISE   729 AM EST   SUNSET   520 PM EST
NOVEMBER 22 2017......SUNRISE   730 AM EST   SUNSET   520 PM EST


-  INDICATES NEGATIVE NUMBERS.
R  INDICATES RECORD WAS SET OR TIED.
MM INDICATES DATA IS MISSING.
T  INDICATES TRACE AMOUNT.




$$
