000
CDUS41 KILN 250527
CLICVG


CLIMATE REPORT
NATIONAL WEATHER SERVICE WILMINGTON OH
126 AM EDT MON JUL 25 2016


...................................

...THE CINCINNATI OH CLIMATE SUMMARY FOR JULY 24 2016...

CLIMATE NORMAL PERIOD 1981 TO 2010
CLIMATE RECORD PERIOD 1869 TO 2016


WEATHER ITEM   OBSERVED TIME   RECORD YEAR NORMAL DEPARTURE LAST
                VALUE   (LST)  VALUE       VALUE  FROM      YEAR
                                                  NORMAL
..................................................................
TEMPERATURE (F)
 YESTERDAY
  MAXIMUM         94    447 PM 106    1934  86      8       88
  MINIMUM         72    320 AM  54    1947  66      6       62
  AVERAGE         83                        76      7       75

PRECIPITATION (IN)
  YESTERDAY        0.00          2.56 1978   0.13  -0.13     0.00
  MONTH TO DATE    2.57                      2.90  -0.33     4.01
  SINCE JUN 1      5.06                      6.93  -1.87    11.34
  SINCE JAN 1     24.67                     25.52  -0.85    28.57

SNOWFALL (IN)
  YESTERDAY        0.0           0.0         0.0    0.0      0.0
  MONTH TO DATE    0.0                       0.0    0.0      0.0
  SINCE JUN 1      0.0                       0.0    0.0      0.0
  SINCE JUL 1      0.0                       0.0    0.0      0.0
  SNOW DEPTH       0

DEGREE DAYS
 HEATING
  YESTERDAY        0                         0      0        0
  MONTH TO DATE    0                         0      0        0
  SINCE JUN 1      2                        15    -13       19
  SINCE JUL 1      0                         0      0        0

 COOLING
  YESTERDAY       18                        11      7       10
  MONTH TO DATE  274                       262     12      227
  SINCE JUN 1    557                       488     69      486
  SINCE JAN 1    650                       582     68      635
..................................................................


WIND (MPH)
  RESULTANT WIND SPEED   4   RESULTANT WIND DIRECTION  SW (210)
  HIGHEST WIND SPEED    14   HIGHEST WIND DIRECTION     S (200)
  HIGHEST GUST SPEED    20   HIGHEST GUST DIRECTION     S (190)
  AVERAGE WIND SPEED     5.2


SKY COVER
  POSSIBLE SUNSHINE  MM
  AVERAGE SKY COVER 0.5


WEATHER CONDITIONS
 THE FOLLOWING WEATHER WAS RECORDED YESTERDAY.
  FOG


RELATIVE HUMIDITY (PERCENT)
 HIGHEST    94          1200 AM
 LOWEST     49           400 PM
 AVERAGE    72

..........................................................


THE CINCINNATI OH CLIMATE NORMALS FOR TODAY
                         NORMAL    RECORD    YEAR
 MAXIMUM TEMPERATURE (F)   86       107      1934
 MINIMUM TEMPERATURE (F)   66        55      2014


SUNRISE AND SUNSET
JULY 25 2016..........SUNRISE   634 AM EDT   SUNSET   856 PM EDT
JULY 26 2016..........SUNRISE   634 AM EDT   SUNSET   855 PM EDT


-  INDICATES NEGATIVE NUMBERS.
R  INDICATES RECORD WAS SET OR TIED.
MM INDICATES DATA IS MISSING.
T  INDICATES TRACE AMOUNT.




$$
