000
CDUS41 KILN 250547
CLICVG


CLIMATE REPORT
NATIONAL WEATHER SERVICE WILMINGTON OH
1246 AM EST THU DEC 25 2014


...................................

...THE CINCINNATI OH CLIMATE SUMMARY FOR DECEMBER 24 2014...

CLIMATE NORMAL PERIOD 1981 TO 2010
CLIMATE RECORD PERIOD 1869 TO 2014


WEATHER ITEM   OBSERVED TIME   RECORD YEAR NORMAL DEPARTURE LAST
                VALUE   (LST)  VALUE       VALUE  FROM      YEAR
                                                  NORMAL
..................................................................
TEMPERATURE (F)
 YESTERDAY
  MAXIMUM         57    109 AM  70    1964  39     18       26
  MINIMUM         39   1159 PM -12    1983  25     14       14
  AVERAGE         48                        32     16       20

PRECIPITATION (IN)
  YESTERDAY        0.18          1.68 1875   0.11   0.07      T
  MONTH TO DATE    3.08                      2.61   0.47     4.64
  SINCE DEC 1      3.08                      2.61   0.47     4.64
  SINCE JAN 1     41.77                     41.76   0.01    49.21

SNOWFALL (IN)
  YESTERDAY        0.0           1.8  1980   0.2   -0.2      0.2
                                      1914
  MONTH TO DATE    T                         3.4   -3.4     10.3
  SINCE DEC 1      T                         3.4   -3.4     10.3
  SINCE JUL 1      5.1                       4.2    0.9     12.7
  SNOW DEPTH       0

DEGREE DAYS
 HEATING
  YESTERDAY       17                        33    -16       45
  MONTH TO DATE  631                       724    -93      695
  SINCE DEC 1    631                       724    -93      695
  SINCE JUL 1   1769                      1684     85     1731

 COOLING
  YESTERDAY        0                         0      0        0
  MONTH TO DATE    0                         0      0        0
  SINCE DEC 1      0                         0      0        0
  SINCE JAN 1   1077                      1121    -44     1150
..................................................................


WIND (MPH)
  RESULTANT WIND SPEED   6   RESULTANT WIND DIRECTION  SW (230)
  HIGHEST WIND SPEED    31   HIGHEST WIND DIRECTION     W (280)
  HIGHEST GUST SPEED    39   HIGHEST GUST DIRECTION     W (270)
  AVERAGE WIND SPEED    10.9


SKY COVER
  POSSIBLE SUNSHINE  MM
  AVERAGE SKY COVER 1.0


WEATHER CONDITIONS
 THE FOLLOWING WEATHER WAS RECORDED YESTERDAY.
  RAIN
  LIGHT RAIN
  FOG
  HAZE


RELATIVE HUMIDITY (PERCENT)
 HIGHEST    89           300 AM
 LOWEST     70          1100 PM
 AVERAGE    80

..........................................................


THE CINCINNATI OH CLIMATE NORMALS FOR TODAY
                         NORMAL    RECORD    YEAR
 MAXIMUM TEMPERATURE (F)   39        66      1893
 MINIMUM TEMPERATURE (F)   25       -12      1983


SUNRISE AND SUNSET
DECEMBER 25 2014......SUNRISE   756 AM EST   SUNSET   522 PM EST
DECEMBER 26 2014......SUNRISE   756 AM EST   SUNSET   522 PM EST


-  INDICATES NEGATIVE NUMBERS.
R  INDICATES RECORD WAS SET OR TIED.
MM INDICATES DATA IS MISSING.
T  INDICATES TRACE AMOUNT.




$$
