000
CDUS41 KILN 160621
CLICVG


CLIMATE REPORT
NATIONAL WEATHER SERVICE WILMINGTON OH
220 AM EDT TUE SEP 16 2014


...................................

...THE CINCINNATI OH CLIMATE SUMMARY FOR SEPTEMBER 15 2014...

CLIMATE NORMAL PERIOD 1981 TO 2010
CLIMATE RECORD PERIOD 1869 TO 2014


WEATHER ITEM   OBSERVED TIME   RECORD YEAR NORMAL DEPARTURE LAST
                VALUE   (LST)  VALUE       VALUE  FROM      YEAR
                                                  NORMAL
..................................................................
TEMPERATURE (F)
 YESTERDAY
  MAXIMUM         71    158 PM  97    1939  79     -8       78
                                      1897
  MINIMUM         48    242 AM  41    1964  57     -9       48
  AVERAGE         60                        68     -8       63

PRECIPITATION (IN)
  YESTERDAY        0.20          1.36 1956   0.08   0.12     0.05
                                      1930
  MONTH TO DATE    3.18                      1.32   1.86     0.16
  SINCE SEP 1      3.18                      1.32   1.86     0.16
  SINCE JAN 1     33.64                     31.11   2.53    33.21

SNOWFALL (IN)
  YESTERDAY        0.0           0.0         0.0    0.0      0.0
  MONTH TO DATE    0.0                       0.0    0.0      0.0
  SINCE SEP 1      0.0                       0.0    0.0      0.0
  SINCE JUL 1      0.0                       0.0    0.0      0.0
  SNOW DEPTH       0

DEGREE DAYS
 HEATING
  YESTERDAY        5                         1      4        2
  MONTH TO DATE   20                         9     11       10
  SINCE SEP 1     20                         9     11       10
  SINCE JUL 1     25                         9     16       14

 COOLING
  YESTERDAY        0                         4     -4        0
  MONTH TO DATE   87                        94     -7      113
  SINCE SEP 1     87                        94     -7      113
  SINCE JAN 1   1033                      1062    -29     1089
..................................................................


WIND (MPH)
  RESULTANT WIND SPEED   1   RESULTANT WIND DIRECTION   S (200)
  HIGHEST WIND SPEED    17   HIGHEST WIND DIRECTION     S (170)
  HIGHEST GUST SPEED    20   HIGHEST GUST DIRECTION     S (170)
  AVERAGE WIND SPEED     3.6


SKY COVER
  POSSIBLE SUNSHINE  MM
  AVERAGE SKY COVER 0.6


WEATHER CONDITIONS
 THE FOLLOWING WEATHER WAS RECORDED YESTERDAY.
  RAIN
  LIGHT RAIN
  FOG
  HAZE


RELATIVE HUMIDITY (PERCENT)
 HIGHEST    93           600 AM
 LOWEST     51          1200 PM
 AVERAGE    72

..........................................................


THE CINCINNATI OH CLIMATE NORMALS FOR TODAY
                         NORMAL    RECORD    YEAR
 MAXIMUM TEMPERATURE (F)   78        96      1897
 MINIMUM TEMPERATURE (F)   57        40      1916


SUNRISE AND SUNSET
SEPTEMBER 16 2014.....SUNRISE   721 AM EDT   SUNSET   745 PM EDT
SEPTEMBER 17 2014.....SUNRISE   722 AM EDT   SUNSET   744 PM EDT


-  INDICATES NEGATIVE NUMBERS.
R  INDICATES RECORD WAS SET OR TIED.
MM INDICATES DATA IS MISSING.
T  INDICATES TRACE AMOUNT.




$$
