000
CDUS41 KILN 282150
CLICVG


CLIMATE REPORT
NATIONAL WEATHER SERVICE WILMINGTON OH
449 PM EST SAT FEB 28 2015


...................................

...THE CINCINNATI OH CLIMATE SUMMARY FOR FEBRUARY 28 2015...
VALID TODAY AS OF 0400 PM LOCAL TIME.

CLIMATE NORMAL PERIOD 1981 TO 2010
CLIMATE RECORD PERIOD 1869 TO 2015


WEATHER ITEM   OBSERVED TIME   RECORD YEAR NORMAL DEPARTURE LAST
                VALUE   (LST)  VALUE       VALUE  FROM      YEAR
                                                  NORMAL
..................................................................
TEMPERATURE (F)
 TODAY
  MAXIMUM         28    430 PM  72    1918  47    -19       38
  MINIMUM         11    534 AM   1    1934  29    -18       10
  AVERAGE         20                        38    -18       24

PRECIPITATION (IN)
  TODAY            0.00          0.92 1954   0.10  -0.10     0.00
  MONTH TO DATE    1.80                      2.81  -1.01     2.74
  SINCE DEC 1      7.75                      9.18  -1.43    10.47
  SINCE JAN 1      4.15                      5.81  -1.66     5.54

SNOWFALL (IN)
  TODAY            0.0           4.2  1917   0.2   -0.2      0.0
  MONTH TO DATE   18.6                       6.5   12.1     10.4
  SINCE DEC 1     19.9                      17.8    2.1     41.2
  SINCE JUL 1     25.0                      18.6    6.4     43.6
  SNOW DEPTH       3

DEGREE DAYS
 HEATING
  TODAY           45                        27     18       41
  MONTH TO DATE 1172                       855    317     1021
  SINCE DEC 1   3089                      2867    222     3208
  SINCE JUL 1   4227                      3827    400     4244

 COOLING
  TODAY            0                         0      0        0
  MONTH TO DATE    0                         0      0        0
  SINCE DEC 1      0                         0      0        0
  SINCE JAN 1      0                         0      0        0
..................................................................


WIND (MPH)
  HIGHEST WIND SPEED    10   HIGHEST WIND DIRECTION     E (90)
  HIGHEST GUST SPEED    14   HIGHEST GUST DIRECTION     E (100)
  AVERAGE WIND SPEED     7.1


SKY COVER
  POSSIBLE SUNSHINE  MM
  AVERAGE SKY COVER 0.9


WEATHER CONDITIONS
 THE FOLLOWING WEATHER WAS RECORDED TODAY.
  NO SIGNIFICANT WEATHER WAS OBSERVED.


RELATIVE HUMIDITY (PERCENT)
 HIGHEST    61          1200 AM
 LOWEST     42           200 PM
 AVERAGE    52

..........................................................


THE CINCINNATI OH CLIMATE NORMALS FOR TOMORROW
                         NORMAL    RECORD    YEAR
 MAXIMUM TEMPERATURE (F)   47        71      1976
 MINIMUM TEMPERATURE (F)   30         5      1960


SUNRISE AND SUNSET
FEBRUARY 28 2015......SUNRISE   713 AM EST   SUNSET   630 PM EST
MARCH  1 2015.........SUNRISE   712 AM EST   SUNSET   631 PM EST


-  INDICATES NEGATIVE NUMBERS.
R  INDICATES RECORD WAS SET OR TIED.
MM INDICATES DATA IS MISSING.
T  INDICATES TRACE AMOUNT.




$$
