000
CDUS45 KCYS 312129
CLICYS


CLIMATE REPORT
NATIONAL WEATHER SERVICE CHEYENNE WY
329 PM MDT FRI JUL 31 2015


...................................

...THE CHEYENNE WYOMING AIRPORT CLIMATE SUMMARY FOR JULY 31 2015...
VALID AS OF 0300 PM LOCAL TIME.

CLIMATE NORMAL PERIOD 1981 TO 2010
CLIMATE RECORD PERIOD 1871 TO 2015


WEATHER ITEM   OBSERVED TIME   RECORD YEAR NORMAL DEPARTURE LAST
                VALUE   (LST)  VALUE       VALUE  FROM      YEAR
                                                  NORMAL
..................................................................
TEMPERATURE (F)
 TODAY
  MAXIMUM         85   1213 PM  98    2002  83      2       77
  MINIMUM         54    443 AM  43    1950  56     -2       50
                                      1913
  AVERAGE         70                        70      0       64

PRECIPITATION (IN)
  TODAY            0.04          1.70 1966   0.08  -0.04     0.00
  MONTH TO DATE    1.85                      2.19  -0.34     3.24
  SINCE JUN 1      3.38                      4.53  -1.15     5.22
  SINCE JAN 1     12.96                     10.50   2.46    12.18

SNOWFALL (IN)
  TODAY            0.0          MM      MM   0.0    0.0      0.0
  MONTH TO DATE    0.0                       0.0    0.0      0.0
  SINCE JUL 1      0.0                       0.0    0.0      0.0
  SNOW DEPTH       0

DEGREE DAYS
 HEATING
  TODAY            0                         1     -1        1
  MONTH TO DATE   27                        31     -4       29
  SINCE JUN 1     63                       156    -93      155
  SINCE JUL 1     27                        22      5       29

 COOLING
  TODAY            5                         5      0        0
  MONTH TO DATE  130                       160    -30      158
  SINCE JUN 1    192                       207    -15      172
  SINCE JAN 1    192                       210    -18      173
..................................................................


WIND (MPH)
  HIGHEST WIND SPEED    22   HIGHEST WIND DIRECTION     S (180)
  HIGHEST GUST SPEED    28   HIGHEST GUST DIRECTION     S (180)
  AVERAGE WIND SPEED     8.4


SKY COVER
  AVERAGE SKY COVER 0.1


WEATHER CONDITIONS
 THE FOLLOWING WEATHER WAS RECORDED TODAY.
  THUNDERSTORM
  RAIN


RELATIVE HUMIDITY (PERCENT)
 HIGHEST    86           300 AM
 LOWEST     29          1200 PM
 AVERAGE    58

..........................................................


THE CHEYENNE WYOMING AIRPORT CLIMATE NORMALS FOR TOMORROW
                         NORMAL    RECORD    YEAR
 MAXIMUM TEMPERATURE (F)   83        98      2008
 MINIMUM TEMPERATURE (F)   56        42      1950


SUNRISE AND SUNSET
JULY 31 2015..........SUNRISE   554 AM MDT   SUNSET   817 PM MDT
AUGUST  1 2015........SUNRISE   555 AM MDT   SUNSET   816 PM MDT


-  INDICATES NEGATIVE NUMBERS.
R  INDICATES RECORD WAS SET OR TIED.
MM INDICATES DATA IS MISSING.
T  INDICATES TRACE AMOUNT.




$$
