000
CDUS45 KCYS 060434
CLICYS


CLIMATE REPORT
NATIONAL WEATHER SERVICE CHEYENNE WY
934 PM MST THU MAR 5 2015


...................................

...THE CHEYENNE WYOMING CLIMATE SUMMARY FOR MARCH 5 2015...
VALID TODAY AS OF 0900 PM LOCAL TIME.

CLIMATE NORMAL PERIOD 1981 TO 2010
CLIMATE RECORD PERIOD 1871 TO 2015


WEATHER ITEM   OBSERVED TIME   RECORD YEAR NORMAL DEPARTURE LAST
                VALUE   (LST)  VALUE       VALUE  FROM      YEAR
                                                  NORMAL
..................................................................
TEMPERATURE (F)
 TODAY
  MAXIMUM         41    357 PM  66    1910  45     -4       48
  MINIMUM          7   1200 AM -14    1948  22    -15       26
  AVERAGE         24                        34    -10       37

PRECIPITATION (IN)
  TODAY            0.00          0.93 1990   0.03  -0.03     0.00
  MONTH TO DATE    0.07                      0.13  -0.06     0.16
  SINCE MAR 1      0.07                      0.13  -0.06     0.16
  SINCE JAN 1      0.83                      0.93  -0.10     2.32

SNOWFALL (IN)
  TODAY            0.0           9.0  1983   0.3   -0.3      0.0
  MONTH TO DATE    1.3                       1.5   -0.2      1.9
  SINCE JUL 1     34.3                      38.0   -3.7     62.0
  SNOW DEPTH       T

DEGREE DAYS
 HEATING
  TODAY           41                        32      9       28
  MONTH TO DATE  217                       161     56      182
  SINCE MAR 1    217                       161     56      182
  SINCE JUL 1   4863                      5180   -317     5386

 COOLING
  TODAY            0                         0      0        0
  MONTH TO DATE    0                         0      0        0
  SINCE MAR 1      0                         0      0        0
  SINCE JAN 1      0                         0      0        0
..................................................................


WIND (MPH)
  HIGHEST WIND SPEED    22   HIGHEST WIND DIRECTION     W (260)
  HIGHEST GUST SPEED    28   HIGHEST GUST DIRECTION    NW (300)
  AVERAGE WIND SPEED     9.9


SKY COVER
  AVERAGE SKY COVER 0.0


WEATHER CONDITIONS
 THE FOLLOWING WEATHER WAS RECORDED TODAY.
  NO SIGNIFICANT WEATHER WAS OBSERVED.


RELATIVE HUMIDITY (PERCENT)
 HIGHEST    69          1200 AM
 LOWEST     32           400 PM
 AVERAGE    51

..........................................................


THE CHEYENNE WYOMING CLIMATE NORMALS FOR TOMORROW
                         NORMAL    RECORD    YEAR
 MAXIMUM TEMPERATURE (F)   45        67      1972
 MINIMUM TEMPERATURE (F)   22       -14      1920


SUNRISE AND SUNSET
MARCH  5 2015.........SUNRISE   628 AM MST   SUNSET   555 PM MST
MARCH  6 2015.........SUNRISE   626 AM MST   SUNSET   556 PM MST


-  INDICATES NEGATIVE NUMBERS.
R  INDICATES RECORD WAS SET OR TIED.
MM INDICATES DATA IS MISSING.
T  INDICATES TRACE AMOUNT.




$$
