000
CDUS45 KCYS 220728
CLICYS


CLIMATE REPORT
NATIONAL WEATHER SERVICE CHEYENNE WY
127 AM MDT FRI MAY 22 2015


...................................

...THE CHEYENNE WYOMING AIRPORT CLIMATE SUMMARY FOR MAY 21 2015...

CLIMATE NORMAL PERIOD 1981 TO 2010
CLIMATE RECORD PERIOD 1871 TO 2015


WEATHER ITEM   OBSERVED TIME   RECORD YEAR NORMAL DEPARTURE LAST
                VALUE   (LST)  VALUE       VALUE  FROM      YEAR
                                                  NORMAL
..................................................................
TEMPERATURE (F)
 YESTERDAY
  MAXIMUM         52    501 PM  86    1964  66    -14       67
  MINIMUM         35    412 AM  23    1882  42     -7       47
  AVERAGE         44                        54    -10       57

PRECIPITATION (IN)
  YESTERDAY        T             1.14 1923   0.09  -0.09     0.00
  MONTH TO DATE    4.67                      1.49   3.18     2.71
  SINCE JAN 1      8.26                      5.12   3.14     6.68

SNOWFALL (IN)
  YESTERDAY        0.0           3.0  1891   0.1   -0.1      0.0
  MONTH TO DATE    4.4                       2.0    2.4     12.9
  SINCE JUL 1     54.5                      60.0   -5.5     91.6
  SNOW DEPTH       0

DEGREE DAYS
 HEATING
  YESTERDAY       21                        11     10        8
  MONTH TO DATE  393                       295     98      344
  SINCE MAR 1   1727                      1861   -134     1850
  SINCE JUL 1   6373                      6880   -507     7054

 COOLING
  YESTERDAY        0                         0      0        0
  MONTH TO DATE    0                         0      0        0
  SINCE MAR 1      0                         0      0        0
  SINCE JAN 1      0                         0      0        0
..................................................................


WIND (MPH)
  HIGHEST WIND SPEED    20   HIGHEST WIND DIRECTION     S (160)
  HIGHEST GUST SPEED    25   HIGHEST GUST DIRECTION    SE (150)
  AVERAGE WIND SPEED    11.9


SKY COVER
  AVERAGE SKY COVER 1.0


WEATHER CONDITIONS
 THE FOLLOWING WEATHER WAS RECORDED YESTERDAY.
  FOG
  FOG W/VISIBILITY <= 1/4 MILE


RELATIVE HUMIDITY (PERCENT)
 HIGHEST   100          1200 AM
 LOWEST     66           300 PM
 AVERAGE    83

..........................................................


THE CHEYENNE WYOMING AIRPORT CLIMATE NORMALS FOR TODAY
                         NORMAL    RECORD    YEAR
 MAXIMUM TEMPERATURE (F)   67        87      2012
 MINIMUM TEMPERATURE (F)   42        29      1937
                                             1930


SUNRISE AND SUNSET
MAY 22 2015...........SUNRISE   535 AM MDT   SUNSET   817 PM MDT
MAY 23 2015...........SUNRISE   534 AM MDT   SUNSET   818 PM MDT


-  INDICATES NEGATIVE NUMBERS.
R  INDICATES RECORD WAS SET OR TIED.
MM INDICATES DATA IS MISSING.
T  INDICATES TRACE AMOUNT.




$$
