000
CDUS45 KCYS 220731
CLICYS


CLIMATE REPORT
NATIONAL WEATHER SERVICE CHEYENNE WY
1229 AM MST MON DEC 22 2014


...................................

...THE CHEYENNE WYOMING CLIMATE SUMMARY FOR DECEMBER 21 2014...

CLIMATE NORMAL PERIOD 1981 TO 2010
CLIMATE RECORD PERIOD 1871 TO 2014


WEATHER ITEM   OBSERVED TIME   RECORD YEAR NORMAL DEPARTURE LAST
                VALUE   (LST)  VALUE       VALUE  FROM      YEAR
                                                  NORMAL
..................................................................
TEMPERATURE (F)
 YESTERDAY
  MAXIMUM         47    237 PM  61    1994  38      9       28
  MINIMUM         29   1213 AM -28    1990  17     12       16
                                      1983
  AVERAGE         38                        27     11       22

PRECIPITATION (IN)
  YESTERDAY        0.05          0.40 1910   0.02   0.03     0.01
  MONTH TO DATE    0.10                      0.35  -0.25     0.38
  SINCE JAN 1     17.20                     15.80   1.40    18.06

SNOWFALL (IN)
  YESTERDAY        1.0           5.3  1948   0.2    0.8       T
  MONTH TO DATE    1.5                       5.9   -4.4      8.0
  SINCE JUL 1     12.9                      20.2   -7.3     23.6
  SNOW DEPTH       1

DEGREE DAYS
 HEATING
  YESTERDAY       27                        38    -11       43
  MONTH TO DATE  600                       786   -186      865
  SINCE DEC 1    600                       786   -186      865
  SINCE JUL 1   2198                      2534   -336     2569

 COOLING
  YESTERDAY        0                         0      0        0
  MONTH TO DATE    0                         0      0        0
  SINCE DEC 1      0                         0      0        0
  SINCE JAN 1    301                       348    -47      520
..................................................................


WIND (MPH)
  HIGHEST WIND SPEED    47   HIGHEST WIND DIRECTION     W (280)
  HIGHEST GUST SPEED    60   HIGHEST GUST DIRECTION     W (280)
  AVERAGE WIND SPEED    19.9


SKY COVER
  AVERAGE SKY COVER 0.3


WEATHER CONDITIONS
 THE FOLLOWING WEATHER WAS RECORDED YESTERDAY.
  LIGHT RAIN
  HEAVY SNOW
  SNOW
  LIGHT SNOW
  FOG
  HAZE


RELATIVE HUMIDITY (PERCENT)
 HIGHEST    76           800 PM
 LOWEST     39           900 AM
 AVERAGE    58

..........................................................


THE CHEYENNE WYOMING CLIMATE NORMALS FOR TODAY
                         NORMAL    RECORD    YEAR
 MAXIMUM TEMPERATURE (F)   38        61      1896
                                             1888
 MINIMUM TEMPERATURE (F)   17       -28      1990
                                             1989


SUNRISE AND SUNSET
DECEMBER 22 2014......SUNRISE   722 AM MST   SUNSET   434 PM MST
DECEMBER 23 2014......SUNRISE   722 AM MST   SUNSET   435 PM MST


-  INDICATES NEGATIVE NUMBERS.
R  INDICATES RECORD WAS SET OR TIED.
MM INDICATES DATA IS MISSING.
T  INDICATES TRACE AMOUNT.




$$
