000
CDUS45 KCYS 250728
CLICYS


CLIMATE REPORT
NATIONAL WEATHER SERVICE CHEYENNE WY
127 AM MDT SUN SEP 25 2016


...................................

...THE CHEYENNE WYOMING AIRPORT CLIMATE SUMMARY FOR SEPTEMBER 24 2016...

CLIMATE NORMAL PERIOD 1981 TO 2010
CLIMATE RECORD PERIOD 1871 TO 2016


WEATHER ITEM   OBSERVED TIME   RECORD YEAR NORMAL DEPARTURE LAST
                VALUE   (LST)  VALUE       VALUE  FROM      YEAR
                                                  NORMAL
..................................................................
TEMPERATURE (F)
 YESTERDAY
  MAXIMUM         63    120 PM  85    1885  68     -5       81
  MINIMUM         37    511 AM  20    1926  41     -4       48
  AVERAGE         50                        54     -4       65

PRECIPITATION (IN)
  YESTERDAY        0.08          1.09 1932   0.05   0.03     0.00
  MONTH TO DATE    0.79                      1.22  -0.43     0.10
  SINCE JAN 1     13.62                     13.67  -0.05    13.71

SNOWFALL (IN)
  YESTERDAY        0.0           6.4  2000   0.0    0.0      0.0
  MONTH TO DATE    T                         0.7   -0.7      0.0
  SINCE JUL 1      T                         0.7   -0.7      0.0
  SNOW DEPTH       0

DEGREE DAYS
 HEATING
  YESTERDAY       15                        11      4        0
  MONTH TO DATE  115                       152    -37       36
  SINCE SEP 1    115                       152    -37       36
  SINCE JUL 1    169                       208    -39      105

 COOLING
  YESTERDAY        0                         0      0        0
  MONTH TO DATE   32                        21     11       45
  SINCE SEP 1     32                        21     11       45
  SINCE JAN 1    452                       347    105      355
..................................................................


WIND (MPH)
  HIGHEST WIND SPEED    23   HIGHEST WIND DIRECTION    NW (310)
  HIGHEST GUST SPEED    32   HIGHEST GUST DIRECTION    NW (310)
  AVERAGE WIND SPEED    11.8


SKY COVER
  AVERAGE SKY COVER 0.5


WEATHER CONDITIONS
 THE FOLLOWING WEATHER WAS RECORDED YESTERDAY.
  RAIN
  LIGHT RAIN
  FOG


RELATIVE HUMIDITY (PERCENT)
 HIGHEST    92          1200 AM
 LOWEST     29           200 PM
 AVERAGE    61

..........................................................


THE CHEYENNE WYOMING AIRPORT CLIMATE NORMALS FOR TODAY
                         NORMAL    RECORD    YEAR
 MAXIMUM TEMPERATURE (F)   67        84      1946
                                             1885
 MINIMUM TEMPERATURE (F)   41        17      1984


SUNRISE AND SUNSET
SEPTEMBER 25 2016.....SUNRISE   650 AM MDT   SUNSET   650 PM MDT
SEPTEMBER 26 2016.....SUNRISE   651 AM MDT   SUNSET   649 PM MDT


-  INDICATES NEGATIVE NUMBERS.
R  INDICATES RECORD WAS SET OR TIED.
MM INDICATES DATA IS MISSING.
T  INDICATES TRACE AMOUNT.




$$
