000
CDUS45 KCYS 250740
CLICYS


CLIMATE REPORT
NATIONAL WEATHER SERVICE CHEYENNE WY
139 AM MDT THU AUG 25 2016


...................................

...THE CHEYENNE WYOMING AIRPORT CLIMATE SUMMARY FOR AUGUST 24 2016...

CLIMATE NORMAL PERIOD 1981 TO 2010
CLIMATE RECORD PERIOD 1871 TO 2016


WEATHER ITEM   OBSERVED TIME   RECORD YEAR NORMAL DEPARTURE LAST
                VALUE   (LST)  VALUE       VALUE  FROM      YEAR
                                                  NORMAL
..................................................................
TEMPERATURE (F)
 YESTERDAY
  MAXIMUM         68    253 PM  94    1936  80    -12       89
  MINIMUM         49   1152 PM  30    1910  53     -4       48
  AVERAGE         59                        66     -7       69

PRECIPITATION (IN)
  YESTERDAY        0.03          0.74 1992   0.05  -0.02     0.00
  MONTH TO DATE    0.87                      1.60  -0.73     0.26
  SINCE JAN 1     12.65                     12.10   0.55    13.22

SNOWFALL (IN)
  YESTERDAY        0.0          MM      MM   0.0    0.0      0.0
  MONTH TO DATE    0.0                       0.0    0.0      0.0
  SINCE JUL 1      0.0                       0.0    0.0      0.0
  SNOW DEPTH       0

DEGREE DAYS
 HEATING
  YESTERDAY        6                         1      5        0
  MONTH TO DATE   33                        24      9       40
  SINCE JUN 1     62                       180   -118      105
  SINCE JUL 1     36                        46    -10       69

 COOLING
  YESTERDAY        0                         3     -3        4
  MONTH TO DATE  101                       100      1       98
  SINCE JUN 1    413                       307    106      270
  SINCE JAN 1    413                       310    103      270
..................................................................


WIND (MPH)
  HIGHEST WIND SPEED    25   HIGHEST WIND DIRECTION     S (170)
  HIGHEST GUST SPEED    33   HIGHEST GUST DIRECTION     S (180)
  AVERAGE WIND SPEED     9.8


SKY COVER
  AVERAGE SKY COVER 0.4


WEATHER CONDITIONS
 THE FOLLOWING WEATHER WAS RECORDED YESTERDAY.
  LIGHT RAIN


RELATIVE HUMIDITY (PERCENT)
 HIGHEST    83          1100 PM
 LOWEST     39           300 PM
 AVERAGE    61

..........................................................


THE CHEYENNE WYOMING AIRPORT CLIMATE NORMALS FOR TODAY
                         NORMAL    RECORD    YEAR
 MAXIMUM TEMPERATURE (F)   80        94      2011
 MINIMUM TEMPERATURE (F)   53        25      1910


SUNRISE AND SUNSET
AUGUST 25 2016........SUNRISE   619 AM MDT   SUNSET   742 PM MDT
AUGUST 26 2016........SUNRISE   620 AM MDT   SUNSET   741 PM MDT


-  INDICATES NEGATIVE NUMBERS.
R  INDICATES RECORD WAS SET OR TIED.
MM INDICATES DATA IS MISSING.
T  INDICATES TRACE AMOUNT.




$$
