000
CDUS46 KSGX 301419
CLICZZ


CLIMATE REPORT
NATIONAL WEATHER SERVICE SAN DIEGO, CA
719 AM PDT THU MAR 30 2017


...................................

...THE CAMPO ASOS CA CLIMATE SUMMARY FOR MARCH 29 2017...

CLIMATE NORMAL PERIOD 1981 TO 2010
CLIMATE RECORD PERIOD 1948 TO 2017


WEATHER ITEM   OBSERVED TIME   RECORD YEAR NORMAL DEPARTURE LAST
                VALUE   (LST)  VALUE       VALUE  FROM      YEAR
                                                  NORMAL
..................................................................
TEMPERATURE (F)
 YESTERDAY
  MAXIMUM         81    142 PM  84    1971  69     12       53
  MINIMUM         35    253 AM  19    1972  36     -1       38
  AVERAGE         58                        52      6       46

PRECIPITATION (IN)
  YESTERDAY        0.00          1.09 1998   0.06  -0.06     0.11
  MONTH TO DATE    0.11                      2.58  -2.47     0.71
  SINCE OCT 1     15.69                     13.01   2.68     7.46
  SINCE JAN 1     10.46                      8.79   1.67     4.51

DEGREE DAYS
 HEATING
  YESTERDAY        7                        13     -6       19
  MONTH TO DATE  281                       393   -112      347
  SINCE MAR 1    281                       393   -112      347
  SINCE JUL 1   2191                      2444   -253     2231

 COOLING
  YESTERDAY        0                         0      0        0
  MONTH TO DATE    0                         0      0        0
  SINCE MAR 1      0                         0      0        0
  SINCE JAN 1      0                         0      0        0
..................................................................


WIND (MPH)
  RESULTANT WIND SPEED   5   RESULTANT WIND DIRECTION  NE (40)
  HIGHEST WIND SPEED    24   HIGHEST WIND DIRECTION     E (70)
  HIGHEST GUST SPEED    33   HIGHEST GUST DIRECTION     E (70)
  AVERAGE WIND SPEED     8.1


SKY COVER
  POSSIBLE SUNSHINE  MM
  AVERAGE SKY COVER 0.0



RELATIVE HUMIDITY (PERCENT)
 HIGHEST    70           300 AM
 LOWEST     11           200 PM
 AVERAGE    41

..........................................................


THE CAMPO ASOS CA CLIMATE NORMALS FOR TODAY
                         NORMAL    RECORD    YEAR
 MAXIMUM TEMPERATURE (F)   69        84      2015
 MINIMUM TEMPERATURE (F)   36        21      1967


SUNRISE AND SUNSET
MARCH 30 2017.........SUNRISE   636 AM PDT   SUNSET   705 PM PDT
MARCH 31 2017.........SUNRISE   635 AM PDT   SUNSET   705 PM PDT


-  INDICATES NEGATIVE NUMBERS.
R  INDICATES RECORD WAS SET OR TIED.
MM INDICATES DATA IS MISSING.
T  INDICATES TRACE AMOUNT.




$$
