157
CDUS46 KSGX 280015
CLICZZ


CLIMATE REPORT
NATIONAL WEATHER SERVICE SAN DIEGO, CA
515 PM PDT SAT AUG 27 2016


...................................

...THE CAMPO ASOS CA CLIMATE SUMMARY FOR AUGUST 27 2016...
VALID TODAY AS OF 0500 PM LOCAL TIME.

CLIMATE NORMAL PERIOD 1981 TO 2010
CLIMATE RECORD PERIOD 1948 TO 2016


WEATHER ITEM   OBSERVED TIME   RECORD YEAR NORMAL DEPARTURE LAST
                VALUE   (LST)  VALUE       VALUE  FROM      YEAR
                                                  NORMAL
..................................................................
TEMPERATURE (F)
 TODAY
  MAXIMUM         85    109 PM 105    1981  94     -9       98
  MINIMUM         45    536 AM  35    1954  52     -7       62
  AVERAGE         65                        73     -8       80

PRECIPITATION (IN)
  TODAY            0.00          1.16 2003   0.02  -0.02     0.00
  MONTH TO DATE    0.00                      0.62  -0.62     0.01
  SINCE OCT 1      9.32                     15.31  -5.99    10.12
  SINCE JAN 1      6.37                     11.09  -4.72     6.25

DEGREE DAYS
 HEATING
  TODAY            0                         0      0        0
  MONTH TO DATE    0                         0      0        0
  SINCE JUN 1     27                        63    -36       60
  SINCE JUL 1      0                         7     -7       10

 COOLING
  TODAY            0                         8     -8       15
  MONTH TO DATE  246                       242      4      256
  SINCE JUN 1    767                       584    183      624
  SINCE JAN 1    770                       614    156      641
..................................................................


WIND (MPH)
  RESULTANT WIND SPEED   6   RESULTANT WIND DIRECTION  SW (220)
  HIGHEST WIND SPEED    22   HIGHEST WIND DIRECTION    SW (220)
  HIGHEST GUST SPEED    26   HIGHEST GUST DIRECTION    SW (220)
  AVERAGE WIND SPEED     7.4


SKY COVER
  POSSIBLE SUNSHINE  MM
  AVERAGE SKY COVER 0.0



RELATIVE HUMIDITY (PERCENT)
 HIGHEST    93           600 AM
 LOWEST     34           100 PM
 AVERAGE    64

..........................................................


THE CAMPO ASOS CA CLIMATE NORMALS FOR TOMORROW
                         NORMAL    RECORD    YEAR
 MAXIMUM TEMPERATURE (F)   94       106      1981
 MINIMUM TEMPERATURE (F)   52        35      1973


SUNRISE AND SUNSET
AUGUST 27 2016........SUNRISE   618 AM PDT   SUNSET   716 PM PDT
AUGUST 28 2016........SUNRISE   618 AM PDT   SUNSET   715 PM PDT


-  INDICATES NEGATIVE NUMBERS.
R  INDICATES RECORD WAS SET OR TIED.
MM INDICATES DATA IS MISSING.
T  INDICATES TRACE AMOUNT.




$$
