000
CDUS46 KSGX 240016
CLICZZ


CLIMATE REPORT
NATIONAL WEATHER SERVICE SAN DIEGO, CA
516 PM PDT SAT JUL 23 2016


...................................

...THE CAMPO ASOS CA CLIMATE SUMMARY FOR JULY 23 2016...
VALID TODAY AS OF 0500 PM LOCAL TIME.

CLIMATE NORMAL PERIOD 1981 TO 2010
CLIMATE RECORD PERIOD 1948 TO 2016


WEATHER ITEM   OBSERVED TIME   RECORD YEAR NORMAL DEPARTURE LAST
                VALUE   (LST)  VALUE       VALUE  FROM      YEAR
                                                  NORMAL
..................................................................
TEMPERATURE (F)
 TODAY
  MAXIMUM        105R  1120 AM 103    2006  95     10       87
  MINIMUM         59    440 AM  39    1987  53      6       51
  AVERAGE         82                        74      8       69

PRECIPITATION (IN)
  TODAY            0.00          0.12 1976   0.01  -0.01     0.00
  MONTH TO DATE    0.00                      0.19  -0.19     0.49
  SINCE OCT 1      9.32                     14.56  -5.24    10.09
  SINCE JAN 1      6.37                     10.34  -3.97     6.22

DEGREE DAYS
 HEATING
  TODAY            0                         0      0        0
  MONTH TO DATE    0                         4     -4        9
  SINCE JUN 1     27                        60    -33       59
  SINCE JUL 1      0                         4     -4        9

 COOLING
  TODAY           17                         9      8        4
  MONTH TO DATE  181                       178      3      123
  SINCE JUN 1    402                       270    132      311
  SINCE JAN 1    405                       300    105      328
..................................................................


WIND (MPH)
  RESULTANT WIND SPEED   4   RESULTANT WIND DIRECTION  SW (210)
  HIGHEST WIND SPEED    21   HIGHEST WIND DIRECTION    SW (210)
  HIGHEST GUST SPEED    26   HIGHEST GUST DIRECTION    SW (220)
  AVERAGE WIND SPEED     9.2


SKY COVER
  POSSIBLE SUNSHINE  MM
  AVERAGE SKY COVER 0.0



RELATIVE HUMIDITY (PERCENT)
 HIGHEST    43           200 AM
 LOWEST      7           900 AM
 AVERAGE    25

..........................................................


THE CAMPO ASOS CA CLIMATE NORMALS FOR TOMORROW
                         NORMAL    RECORD    YEAR
 MAXIMUM TEMPERATURE (F)   95       105      2014
 MINIMUM TEMPERATURE (F)   53        43      1987


SUNRISE AND SUNSET
JULY 23 2016..........SUNRISE   554 AM PDT   SUNSET   750 PM PDT
JULY 24 2016..........SUNRISE   555 AM PDT   SUNSET   749 PM PDT


-  INDICATES NEGATIVE NUMBERS.
R  INDICATES RECORD WAS SET OR TIED.
MM INDICATES DATA IS MISSING.
T  INDICATES TRACE AMOUNT.




$$
