000
CDUS46 KSGX 311418
CLICZZ


CLIMATE REPORT
NATIONAL WEATHER SERVICE SAN DIEGO, CA
718 AM PDT THU JUL 31 2014


...................................

...THE CAMPO ASOS CA CLIMATE SUMMARY FOR JULY 30 2014...

CLIMATE NORMAL PERIOD 1981 TO 2010
CLIMATE RECORD PERIOD 1948 TO 2014


WEATHER ITEM   OBSERVED TIME   RECORD YEAR NORMAL DEPARTURE LAST
                VALUE   (LST)  VALUE       VALUE  FROM      YEAR
                                                  NORMAL
..................................................................
TEMPERATURE (F)
 YESTERDAY
  MAXIMUM         98    157 PM 103    1972  95      3       87
  MINIMUM         59    502 AM  41    1950  54      5       53
  AVERAGE         79                        74      5       70

PRECIPITATION (IN)
  YESTERDAY        0.00          1.61 2003   0.01  -0.01     0.00
  MONTH TO DATE    0.14                      0.30  -0.16     0.24
  SINCE JUL 1      0.14                      0.30  -0.16     0.24
  SINCE JAN 1      2.90                     10.45  -7.55     5.02

SNOWFALL (IN)
  YESTERDAY        0.0
  MONTH TO DATE    0.0
  SINCE JAN 1      0.0
  SINCE JUL 1      0.0
  SNOW DEPTH       0

DEGREE DAYS
 HEATING
  YESTERDAY        0                         0      0        0
  MONTH TO DATE    0                         4     -4        0
  SINCE JUN 1     28                        60    -32       28
  SINCE JUL 1      0                         4     -4        0

 COOLING
  YESTERDAY       14                         9      5        5
  MONTH TO DATE  271                       241     30      308
  SINCE JUN 1    331                       333     -2      415
  SINCE JAN 1    383                       363     20      442
..................................................................


WIND (MPH)
  RESULTANT WIND SPEED   3   RESULTANT WIND DIRECTION   W (260)
  HIGHEST WIND SPEED    23   HIGHEST WIND DIRECTION     W (280)
  HIGHEST GUST SPEED    30   HIGHEST GUST DIRECTION     W (280)
  AVERAGE WIND SPEED     8.7


SKY COVER
  POSSIBLE SUNSHINE  MM
  AVERAGE SKY COVER 0.0



RELATIVE HUMIDITY (PERCENT)
 HIGHEST    61          1100 PM
 LOWEST     17           200 PM
 AVERAGE    39

..........................................................


THE CAMPO ASOS CA CLIMATE NORMALS FOR TODAY
                         NORMAL    RECORD    YEAR
 MAXIMUM TEMPERATURE (F)   95       105      1972
 MINIMUM TEMPERATURE (F)   54        40      1950


SUNRISE AND SUNSET
JULY 31 2014..........SUNRISE   559 AM PDT   SUNSET   745 PM PDT
AUGUST  1 2014........SUNRISE   600 AM PDT   SUNSET   744 PM PDT


-  INDICATES NEGATIVE NUMBERS.
R  INDICATES RECORD WAS SET OR TIED.
MM INDICATES DATA IS MISSING.
T  INDICATES TRACE AMOUNT.




$$
