000
CDUS46 KSGX 260019
CLICZZ


CLIMATE REPORT
NATIONAL WEATHER SERVICE SAN DIEGO, CA
419 PM PST THU DEC 25 2014


...................................

...THE CAMPO ASOS CA CLIMATE SUMMARY FOR DECEMBER 25 2014...
VALID TODAY AS OF 0400 PM LOCAL TIME.

CLIMATE NORMAL PERIOD 1981 TO 2010
CLIMATE RECORD PERIOD 1948 TO 2014


WEATHER ITEM   OBSERVED TIME   RECORD YEAR NORMAL DEPARTURE LAST
                VALUE   (LST)  VALUE       VALUE  FROM      YEAR
                                                  NORMAL
..................................................................
TEMPERATURE (F)
 TODAY
  MAXIMUM         53    228 PM  75    1985  62     -9       66
  MINIMUM         38   1256 AM  15    1987  33      5       51
  AVERAGE         46                        47     -1       59

PRECIPITATION (IN)
  TODAY            0.01          1.11 1988   0.09  -0.08     0.00
  MONTH TO DATE    3.08                      1.75   1.33     0.55
  SINCE JUL 1      5.37                      5.06   0.31     4.19
  SINCE JAN 1      8.13                     15.21  -7.08     8.97

SNOWFALL (IN)
  TODAY           MM
  MONTH TO DATE    0.0
  SINCE JAN 1      0.0
  SINCE JUL 1      0.0
  SNOW DEPTH       0

DEGREE DAYS
 HEATING
  TODAY           19                        18      1        6
  MONTH TO DATE  337                       436    -99      415
  SINCE DEC 1    337                       436    -99      415
  SINCE JUL 1    718                      1006   -288     1044

 COOLING
  TODAY            0                         0      0        0
  MONTH TO DATE    0                         0      0        2
  SINCE DEC 1      0                         0      0        2
  SINCE JAN 1    900                       841     59      911
..................................................................


WIND (MPH)
  RESULTANT WIND SPEED   9   RESULTANT WIND DIRECTION  SW (230)
  HIGHEST WIND SPEED    20   HIGHEST WIND DIRECTION    SW (240)
  HIGHEST GUST SPEED    26   HIGHEST GUST DIRECTION    SW (230)
  AVERAGE WIND SPEED    10.2


SKY COVER
  POSSIBLE SUNSHINE  MM
  AVERAGE SKY COVER 0.0



RELATIVE HUMIDITY (PERCENT)
 HIGHEST   100           800 AM
 LOWEST     70          1200 AM
 AVERAGE    85

..........................................................


THE CAMPO ASOS CA CLIMATE NORMALS FOR TOMORROW
                         NORMAL    RECORD    YEAR
 MAXIMUM TEMPERATURE (F)   62        78      1980
 MINIMUM TEMPERATURE (F)   33        12      1974


SUNRISE AND SUNSET
DECEMBER 25 2014......SUNRISE   646 AM PST   SUNSET   446 PM PST
DECEMBER 26 2014......SUNRISE   646 AM PST   SUNSET   447 PM PST


-  INDICATES NEGATIVE NUMBERS.
R  INDICATES RECORD WAS SET OR TIED.
MM INDICATES DATA IS MISSING.
T  INDICATES TRACE AMOUNT.




$$
