000
CDUS46 KSGX 311422
CLICZZ


CLIMATE REPORT
NATIONAL WEATHER SERVICE SAN DIEGO, CA
722 AM PDT TUE MAY 31 2016


...................................

...THE CAMPO ASOS CA CLIMATE SUMMARY FOR MAY 30 2016...

CLIMATE NORMAL PERIOD 1981 TO 2010
CLIMATE RECORD PERIOD 1948 TO 2016


WEATHER ITEM   OBSERVED TIME   RECORD YEAR NORMAL DEPARTURE LAST
                VALUE   (LST)  VALUE       VALUE  FROM      YEAR
                                                  NORMAL
..................................................................
TEMPERATURE (F)
 YESTERDAY
  MAXIMUM         81    332 PM  99    1984  83     -2       90
  MINIMUM         50   1117 PM  28    1959  43      7       51
  AVERAGE         66                        63      3       71

PRECIPITATION (IN)
  YESTERDAY        0.00          0.00 2006   0.00   0.00     0.00
                                      2005
                                      2004
  MONTH TO DATE    0.14                      0.18  -0.04     2.31
  SINCE OCT 1      9.32                     14.26  -4.94     8.93
  SINCE JAN 1      6.37                     10.04  -3.67     5.06

DEGREE DAYS
 HEATING
  YESTERDAY        0                         4     -4        0
  MONTH TO DATE  208                       155     53      255
  SINCE MAR 1    881                       872      9      838
  SINCE JUL 1   2765                      2923   -158     2474

 COOLING
  YESTERDAY        1                         1      0        6
  MONTH TO DATE    3                        25    -22       11
  SINCE MAR 1      3                        28    -25       16
  SINCE JAN 1      3                        28    -25       16
..................................................................


WIND (MPH)
  RESULTANT WIND SPEED   6   RESULTANT WIND DIRECTION  SW (220)
  HIGHEST WIND SPEED    22   HIGHEST WIND DIRECTION    SW (220)
  HIGHEST GUST SPEED    26   HIGHEST GUST DIRECTION    SW (220)
  AVERAGE WIND SPEED     7.5


SKY COVER
  POSSIBLE SUNSHINE  MM
  AVERAGE SKY COVER 0.0



RELATIVE HUMIDITY (PERCENT)
 HIGHEST    89           500 AM
 LOWEST     39           300 PM
 AVERAGE    64

..........................................................


THE CAMPO ASOS CA CLIMATE NORMALS FOR TODAY
                         NORMAL    RECORD    YEAR
 MAXIMUM TEMPERATURE (F)   83        97      2012
 MINIMUM TEMPERATURE (F)   43        28      1959


SUNRISE AND SUNSET
MAY 31 2016...........SUNRISE   539 AM PDT   SUNSET   748 PM PDT
JUNE  1 2016..........SUNRISE   539 AM PDT   SUNSET   749 PM PDT


-  INDICATES NEGATIVE NUMBERS.
R  INDICATES RECORD WAS SET OR TIED.
MM INDICATES DATA IS MISSING.
T  INDICATES TRACE AMOUNT.




$$
