000
CDUS46 KSGX 090116
CLICZZ


CLIMATE REPORT
NATIONAL WEATHER SERVICE SAN DIEGO, CA
516 PM PST THU DEC 8 2016


...................................

...THE CAMPO ASOS CA CLIMATE SUMMARY FOR DECEMBER 8 2016...
VALID TODAY AS OF 0500 PM LOCAL TIME.

CLIMATE NORMAL PERIOD 1981 TO 2010
CLIMATE RECORD PERIOD 1948 TO 2016


WEATHER ITEM   OBSERVED TIME   RECORD YEAR NORMAL DEPARTURE LAST
                VALUE   (LST)  VALUE       VALUE  FROM      YEAR
                                                  NORMAL
..................................................................
TEMPERATURE (F)
 TODAY
  MAXIMUM         65   1245 PM  82    2015  63      2       82
  MINIMUM         31    601 AM  17    1978  33     -2       40
  AVERAGE         48                        48      0       61

PRECIPITATION (IN)
  TODAY            0.00          0.72 1997   0.07  -0.07     0.00
  MONTH TO DATE    0.00                      0.50  -0.50     0.00
  SINCE OCT 1      0.94                      2.45  -1.51     1.70
  SINCE JAN 1      8.32                     13.96  -5.64     8.54

DEGREE DAYS
 HEATING
  TODAY           17                        17      0        4
  MONTH TO DATE  139                       133      6       89
  SINCE DEC 1    139                       133      6       89
  SINCE JUL 1    557                       703   -146      505

 COOLING
  TODAY            0                         0      0        0
  MONTH TO DATE    0                         0      0        0
  SINCE DEC 1      0                         0      0        0
  SINCE JAN 1    955                       841    114      983
..................................................................


WIND (MPH)
  RESULTANT WIND SPEED   0   RESULTANT WIND DIRECTION   N (350)
  HIGHEST WIND SPEED    17   HIGHEST WIND DIRECTION    SW (210)
  HIGHEST GUST SPEED    20   HIGHEST GUST DIRECTION    SW (240)
  AVERAGE WIND SPEED     5.0


SKY COVER
  POSSIBLE SUNSHINE  MM
  AVERAGE SKY COVER 0.0



RELATIVE HUMIDITY (PERCENT)
 HIGHEST    78           100 AM
 LOWEST     34          1100 AM
 AVERAGE    56

..........................................................


THE CAMPO ASOS CA CLIMATE NORMALS FOR TOMORROW
                         NORMAL    RECORD    YEAR
 MAXIMUM TEMPERATURE (F)   63        81      1981
 MINIMUM TEMPERATURE (F)   32        17      1960


SUNRISE AND SUNSET
DECEMBER  8 2016......SUNRISE   636 AM PST   SUNSET   440 PM PST
DECEMBER  9 2016......SUNRISE   637 AM PST   SUNSET   440 PM PST


-  INDICATES NEGATIVE NUMBERS.
R  INDICATES RECORD WAS SET OR TIED.
MM INDICATES DATA IS MISSING.
T  INDICATES TRACE AMOUNT.




$$
