000
CDUS46 KSGX 060018
CLICZZ


CLIMATE REPORT
NATIONAL WEATHER SERVICE SAN DIEGO, CA
518 PM PDT THU MAY 5 2016


...................................

...THE CAMPO ASOS CA CLIMATE SUMMARY FOR MAY 5 2016...
VALID TODAY AS OF 0500 PM LOCAL TIME.

CLIMATE NORMAL PERIOD 1981 TO 2010
CLIMATE RECORD PERIOD 1948 TO 2016


WEATHER ITEM   OBSERVED TIME   RECORD YEAR NORMAL DEPARTURE LAST
                VALUE   (LST)  VALUE       VALUE  FROM      YEAR
                                                  NORMAL
..................................................................
TEMPERATURE (F)
 TODAY
  MAXIMUM         62   1219 PM  93    1989  77    -15       67
  MINIMUM         49    626 AM  29    1959  41      8       48
  AVERAGE         56                        59     -3       58

PRECIPITATION (IN)
  TODAY            0.00          0.24 1964   0.01  -0.01     0.00
  MONTH TO DATE    0.00                      0.07  -0.07     0.00
  SINCE OCT 1      9.18                     14.15  -4.97     6.62
  SINCE JAN 1      6.23                      9.93  -3.70     2.75

DEGREE DAYS
 HEATING
  TODAY            9                         6      3        7
  MONTH TO DATE   31                        34     -3       15
  SINCE MAR 1    704                       751    -47      598
  SINCE JUL 1   2588                      2802   -214     2234

 COOLING
  TODAY            0                         0      0        0
  MONTH TO DATE    0                         0      0        2
  SINCE MAR 1      0                         3     -3        7
  SINCE JAN 1      0                         3     -3        7
..................................................................


WIND (MPH)
  RESULTANT WIND SPEED   9   RESULTANT WIND DIRECTION  SW (240)
  HIGHEST WIND SPEED    21   HIGHEST WIND DIRECTION    SW (230)
  HIGHEST GUST SPEED    26   HIGHEST GUST DIRECTION    SW (220)
  AVERAGE WIND SPEED    10.0


SKY COVER
  POSSIBLE SUNSHINE  MM
  AVERAGE SKY COVER 0.0



RELATIVE HUMIDITY (PERCENT)
 HIGHEST   100           400 AM
 LOWEST     49          1200 PM
 AVERAGE    75

..........................................................


THE CAMPO ASOS CA CLIMATE NORMALS FOR TOMORROW
                         NORMAL    RECORD    YEAR
 MAXIMUM TEMPERATURE (F)   78        95      1989
 MINIMUM TEMPERATURE (F)   41        25      1975


SUNRISE AND SUNSET
MAY  5 2016...........SUNRISE   555 AM PDT   SUNSET   731 PM PDT
MAY  6 2016...........SUNRISE   554 AM PDT   SUNSET   731 PM PDT


-  INDICATES NEGATIVE NUMBERS.
R  INDICATES RECORD WAS SET OR TIED.
MM INDICATES DATA IS MISSING.
T  INDICATES TRACE AMOUNT.




$$
