000
CDUS46 KSGX 190016
CLICZZ


CLIMATE REPORT
NATIONAL WEATHER SERVICE SAN DIEGO, CA
516 PM PDT WED OCT 18 2017


...................................

...THE CAMPO ASOS CA CLIMATE SUMMARY FOR OCTOBER 18 2017...
VALID TODAY AS OF 0500 PM LOCAL TIME.

CLIMATE NORMAL PERIOD 1981 TO 2010
CLIMATE RECORD PERIOD 1948 TO 2017


WEATHER ITEM   OBSERVED TIME   RECORD YEAR NORMAL DEPARTURE LAST
                VALUE   (LST)  VALUE       VALUE  FROM      YEAR
                                                  NORMAL
..................................................................
TEMPERATURE (F)
 TODAY
  MAXIMUM         86   1237 PM  93    2003  79      7       79
                                      1991
  MINIMUM         52    515 AM  29    1998  42     10       45
  AVERAGE         69                        60      9       62

PRECIPITATION (IN)
  TODAY            0.00          0.90 1948   0.03  -0.03     0.00
  MONTH TO DATE    0.00                      0.42  -0.42     0.00
  SINCE OCT 1      0.00                      0.42  -0.42     0.00
  SINCE JAN 1     11.72                     11.93  -0.21     7.38

DEGREE DAYS
 HEATING
  TODAY            0                         5     -5        3
  MONTH TO DATE   56                        72    -16       75
  SINCE SEP 1    126                       108     18      112
  SINCE JUL 1    130                       122      8      112

 COOLING
  TODAY            4                         1      3        0
  MONTH TO DATE   27                        25      2        9
  SINCE SEP 1    163                       186    -23      112
  SINCE JAN 1   1040                       836    204      932
..................................................................


WIND (MPH)
  RESULTANT WIND SPEED   3   RESULTANT WIND DIRECTION  SW (220)
  HIGHEST WIND SPEED    23   HIGHEST WIND DIRECTION     W (250)
  HIGHEST GUST SPEED    28   HIGHEST GUST DIRECTION    SW (230)
  AVERAGE WIND SPEED     9.2


SKY COVER
  POSSIBLE SUNSHINE  MM
  AVERAGE SKY COVER 0.0



RELATIVE HUMIDITY (PERCENT)
 HIGHEST    45           600 AM
 LOWEST     13          1000 AM
 AVERAGE    29

..........................................................


THE CAMPO ASOS CA CLIMATE NORMALS FOR TOMORROW
                         NORMAL    RECORD    YEAR
 MAXIMUM TEMPERATURE (F)   78        96      2003
 MINIMUM TEMPERATURE (F)   41        29      1969


SUNRISE AND SUNSET
OCTOBER 18 2017.......SUNRISE   652 AM PDT   SUNSET   609 PM PDT
OCTOBER 19 2017.......SUNRISE   653 AM PDT   SUNSET   608 PM PDT


-  INDICATES NEGATIVE NUMBERS.
R  INDICATES RECORD WAS SET OR TIED.
MM INDICATES DATA IS MISSING.
T  INDICATES TRACE AMOUNT.




$$
