000
CDUS46 KSGX 260015
CLICZZ


CLIMATE REPORT
NATIONAL WEATHER SERVICE SAN DIEGO, CA
415 PM PST TUE NOV 25 2014


...................................

...THE CAMPO ASOS CA CLIMATE SUMMARY FOR NOVEMBER 25 2014...
VALID TODAY AS OF 0400 PM LOCAL TIME.

CLIMATE NORMAL PERIOD 1981 TO 2010
CLIMATE RECORD PERIOD 1948 TO 2014


WEATHER ITEM   OBSERVED TIME   RECORD YEAR NORMAL DEPARTURE LAST
                VALUE   (LST)  VALUE       VALUE  FROM      YEAR
                                                  NORMAL
..................................................................
TEMPERATURE (F)
 TODAY
  MAXIMUM         69    240 PM  85    1995  67      2       64
  MINIMUM         54    557 AM  21    1952  34     20       32
  AVERAGE         62                        50     12       48

PRECIPITATION (IN)
  TODAY            0.00          1.31 1985   0.05  -0.05     0.00
  MONTH TO DATE    0.26                      0.86  -0.60     0.80
  SINCE JUL 1      2.29                      3.04  -0.75     3.64
  SINCE JAN 1      5.05                     13.19  -8.14     8.42

SNOWFALL (IN)
  TODAY            0.0
  MONTH TO DATE    0.0
  SINCE JAN 1      0.0
  SINCE JUL 1      0.0
  SNOW DEPTH       0

DEGREE DAYS
 HEATING
  TODAY            3                        15    -12       17
  MONTH TO DATE  247                       284    -37      281
  SINCE SEP 1    333                       480   -147      562
  SINCE JUL 1    335                       494   -159      564

 COOLING
  TODAY            0                         0      0        0
  MONTH TO DATE    0                         0      0        0
  SINCE SEP 1    268                       189     79      192
  SINCE JAN 1    900                       839     61      909
..................................................................


WIND (MPH)
  RESULTANT WIND SPEED  17   RESULTANT WIND DIRECTION  NE (60)
  HIGHEST WIND SPEED    28   HIGHEST WIND DIRECTION    NE (50)
  HIGHEST GUST SPEED    36   HIGHEST GUST DIRECTION     N (20)
  AVERAGE WIND SPEED    17.5


SKY COVER
  POSSIBLE SUNSHINE  MM
  AVERAGE SKY COVER 0.0



RELATIVE HUMIDITY (PERCENT)
 HIGHEST    15           600 AM
 LOWEST      7           200 PM
 AVERAGE    11

..........................................................


THE CAMPO ASOS CA CLIMATE NORMALS FOR TOMORROW
                         NORMAL    RECORD    YEAR
 MAXIMUM TEMPERATURE (F)   66        90      1977
 MINIMUM TEMPERATURE (F)   34        22      1966


SUNRISE AND SUNSET
NOVEMBER 25 2014......SUNRISE   625 AM PST   SUNSET   441 PM PST
NOVEMBER 26 2014......SUNRISE   626 AM PST   SUNSET   441 PM PST


-  INDICATES NEGATIVE NUMBERS.
R  INDICATES RECORD WAS SET OR TIED.
MM INDICATES DATA IS MISSING.
T  INDICATES TRACE AMOUNT.




$$
