394
CDUS46 KSGX 221417
CLICZZ


CLIMATE REPORT
NATIONAL WEATHER SERVICE SAN DIEGO, CA
717 AM PDT FRI MAY 22 2015


...................................

...THE CAMPO ASOS CA CLIMATE SUMMARY FOR MAY 21 2015...

CLIMATE NORMAL PERIOD 1981 TO 2010
CLIMATE RECORD PERIOD 1948 TO 2015


WEATHER ITEM   OBSERVED TIME   RECORD YEAR NORMAL DEPARTURE LAST
                VALUE   (LST)  VALUE       VALUE  FROM      YEAR
                                                  NORMAL
..................................................................
TEMPERATURE (F)
 YESTERDAY
  MAXIMUM         57    218 PM  97    1967  81    -24       69
  MINIMUM         48   1152 PM  29    1970  42      6       43
  AVERAGE         53                        62     -9       56

PRECIPITATION (IN)
  YESTERDAY        0.00          0.53 1957   0.00   0.00     0.00
  MONTH TO DATE    2.27                      0.15   2.12     0.01
  SINCE OCT 1      8.89                     14.23  -5.34     5.01
  SINCE JAN 1      5.02                     10.01  -4.99     2.76

SNOWFALL (IN)
  YESTERDAY        0.0
  MONTH TO DATE    0.0
  SINCE MAR 1      0.0
  SINCE JUL 1      0.0
  SNOW DEPTH       0

DEGREE DAYS
 HEATING
  YESTERDAY       12                         4      8        9
  MONTH TO DATE  196                       119     77      121
  SINCE MAR 1    779                       836    -57      745
  SINCE JUL 1   2415                      2887   -472     2615

 COOLING
  YESTERDAY        0                         1     -1        0
  MONTH TO DATE    2                        16    -14       21
  SINCE MAR 1      7                        19    -12       31
  SINCE JAN 1      7                        19    -12       31
..................................................................


WIND (MPH)
  RESULTANT WIND SPEED  11   RESULTANT WIND DIRECTION  SW (230)
  HIGHEST WIND SPEED    20   HIGHEST WIND DIRECTION    SW (230)
  HIGHEST GUST SPEED    25   HIGHEST GUST DIRECTION     W (260)
  AVERAGE WIND SPEED    11.7


SKY COVER
  POSSIBLE SUNSHINE  MM
  AVERAGE SKY COVER 0.0



RELATIVE HUMIDITY (PERCENT)
 HIGHEST    93          1200 AM
 LOWEST     59          1200 PM
 AVERAGE    76

..........................................................


THE CAMPO ASOS CA CLIMATE NORMALS FOR TODAY
                         NORMAL    RECORD    YEAR
 MAXIMUM TEMPERATURE (F)   81        95      1988
 MINIMUM TEMPERATURE (F)   42        29      1975


SUNRISE AND SUNSET
MAY 22 2015...........SUNRISE   543 AM PDT   SUNSET   742 PM PDT
MAY 23 2015...........SUNRISE   543 AM PDT   SUNSET   743 PM PDT


-  INDICATES NEGATIVE NUMBERS.
R  INDICATES RECORD WAS SET OR TIED.
MM INDICATES DATA IS MISSING.
T  INDICATES TRACE AMOUNT.




$$
