000
CDUS46 KSGX 270017
CLICZZ


CLIMATE REPORT
NATIONAL WEATHER SERVICE SAN DIEGO, CA
517 PM PDT FRI MAY 26 2017


...................................

...THE CAMPO ASOS CA CLIMATE SUMMARY FOR MAY 26 2017...
VALID TODAY AS OF 0500 PM LOCAL TIME.

CLIMATE NORMAL PERIOD 1981 TO 2010
CLIMATE RECORD PERIOD 1948 TO 2017


WEATHER ITEM   OBSERVED TIME   RECORD YEAR NORMAL DEPARTURE LAST
                VALUE   (LST)  VALUE       VALUE  FROM      YEAR
                                                  NORMAL
..................................................................
TEMPERATURE (F)
 TODAY
  MAXIMUM         70    146 PM  99    1974  82    -12       73
  MINIMUM         50    603 AM  29    1972  43      7       39
  AVERAGE         60                        62     -2       56

PRECIPITATION (IN)
  TODAY            0.00          0.08 1962   0.00   0.00     0.00
  MONTH TO DATE    0.89                      0.17   0.72     0.14
  SINCE OCT 1     16.58                     14.25   2.33     9.32
  SINCE JAN 1     11.35                     10.03   1.32     6.37

DEGREE DAYS
 HEATING
  TODAY            5                         4      1        9
  MONTH TO DATE  155                       139     16      198
  SINCE MAR 1    733                       856   -123      871
  SINCE JUL 1   2643                      2907   -264     2755

 COOLING
  TODAY            0                         1     -1        0
  MONTH TO DATE   25                        21      4        2
  SINCE MAR 1     27                        24      3        2
  SINCE JAN 1     27                        24      3        2
..................................................................


WIND (MPH)
  RESULTANT WIND SPEED  11   RESULTANT WIND DIRECTION  SW (240)
  HIGHEST WIND SPEED    20   HIGHEST WIND DIRECTION    SW (220)
  HIGHEST GUST SPEED    29   HIGHEST GUST DIRECTION     W (270)
  AVERAGE WIND SPEED    12.2


SKY COVER
  POSSIBLE SUNSHINE  MM
  AVERAGE SKY COVER 0.0



RELATIVE HUMIDITY (PERCENT)
 HIGHEST    83          1200 AM
 LOWEST     45           200 PM
 AVERAGE    64

..........................................................


THE CAMPO ASOS CA CLIMATE NORMALS FOR TOMORROW
                         NORMAL    RECORD    YEAR
 MAXIMUM TEMPERATURE (F)   82        97      2003
                                             1984
 MINIMUM TEMPERATURE (F)   43        31      1998


SUNRISE AND SUNSET
MAY 26 2017...........SUNRISE   541 AM PDT   SUNSET   745 PM PDT
MAY 27 2017...........SUNRISE   541 AM PDT   SUNSET   746 PM PDT


-  INDICATES NEGATIVE NUMBERS.
R  INDICATES RECORD WAS SET OR TIED.
MM INDICATES DATA IS MISSING.
T  INDICATES TRACE AMOUNT.




$$
