000
CDUS46 KSGX 180117
CLICZZ


CLIMATE REPORT
NATIONAL WEATHER SERVICE SAN DIEGO, CA
517 PM PST TUE JAN 17 2017


...................................

...THE CAMPO ASOS CA CLIMATE SUMMARY FOR JANUARY 17 2017...
VALID TODAY AS OF 0500 PM LOCAL TIME.

CLIMATE NORMAL PERIOD 1981 TO 2010
CLIMATE RECORD PERIOD 1948 TO 2017


WEATHER ITEM   OBSERVED TIME   RECORD YEAR NORMAL DEPARTURE LAST
                VALUE   (LST)  VALUE       VALUE  FROM      YEAR
                                                  NORMAL
..................................................................
TEMPERATURE (F)
 TODAY
  MAXIMUM         59    239 PM  82    1971  63     -4       71
  MINIMUM         30    707 AM  13    2007  34     -4       31
  AVERAGE         45                        49     -4       51

PRECIPITATION (IN)
  TODAY            0.00          1.10 1990   0.10  -0.10     0.00
  MONTH TO DATE    1.58                      1.67  -0.09     2.93
  SINCE OCT 1      6.81                      5.89   0.92     5.88
  SINCE JAN 1      1.58                      1.67  -0.09     2.93

DEGREE DAYS
 HEATING
  TODAY           20                        16      4       14
  MONTH TO DATE  288                       283      5      339
  SINCE DEC 1    753                       819    -66      939
  SINCE JUL 1   1171                      1389   -218     1355

 COOLING
  TODAY            0                         0      0        0
  MONTH TO DATE    0                         0      0        0
  SINCE DEC 1      0                         0      0        0
  SINCE JAN 1      0                         0      0        0
..................................................................


WIND (MPH)
  RESULTANT WIND SPEED   7   RESULTANT WIND DIRECTION   E (70)
  HIGHEST WIND SPEED    20   HIGHEST WIND DIRECTION     E (80)
  HIGHEST GUST SPEED    24   HIGHEST GUST DIRECTION     E (80)
  AVERAGE WIND SPEED     7.9


SKY COVER
  POSSIBLE SUNSHINE  MM
  AVERAGE SKY COVER 0.0



RELATIVE HUMIDITY (PERCENT)
 HIGHEST    89           400 AM
 LOWEST     28          1100 AM
 AVERAGE    59

..........................................................


THE CAMPO ASOS CA CLIMATE NORMALS FOR TOMORROW
                         NORMAL    RECORD    YEAR
 MAXIMUM TEMPERATURE (F)   63        83      1971
 MINIMUM TEMPERATURE (F)   34        18      1963


SUNRISE AND SUNSET
JANUARY 17 2017.......SUNRISE   647 AM PST   SUNSET   505 PM PST
JANUARY 18 2017.......SUNRISE   647 AM PST   SUNSET   506 PM PST


-  INDICATES NEGATIVE NUMBERS.
R  INDICATES RECORD WAS SET OR TIED.
MM INDICATES DATA IS MISSING.
T  INDICATES TRACE AMOUNT.




$$
