000
CDUS46 KSGX 011435
CLICZZ


CLIMATE REPORT
NATIONAL WEATHER SERVICE SAN DIEGO, CA
735 AM PDT TUE SEP 1 2015


...................................

...THE CAMPO ASOS CA CLIMATE SUMMARY FOR AUGUST 31 2015...

CLIMATE NORMAL PERIOD 1981 TO 2010
CLIMATE RECORD PERIOD 1948 TO 2015


WEATHER ITEM   OBSERVED TIME   RECORD YEAR NORMAL DEPARTURE LAST
                VALUE   (LST)  VALUE       VALUE  FROM      YEAR
                                                  NORMAL
..................................................................
TEMPERATURE (F)
 YESTERDAY
  MAXIMUM         90   1257 PM 105    1998  94     -4       94
  MINIMUM         53   1043 PM  37    1979  52      1       52
  AVERAGE         72                        73     -1       73

PRECIPITATION (IN)
  YESTERDAY        0.00          0.11 2007   0.02  -0.02     0.00
  MONTH TO DATE    0.01                      0.70  -0.69     0.48
  SINCE OCT 1     10.12                     15.39  -5.27     5.63
  SINCE JAN 1      6.25                     11.17  -4.92     3.38

DEGREE DAYS
 HEATING
  YESTERDAY        0                         0      0        0
  MONTH TO DATE    0                         0      0        2
  SINCE JUN 1     60                        70    -10       30
  SINCE JUL 1     10                        14     -4        2

 COOLING
  YESTERDAY        7                         8     -1        8
  MONTH TO DATE  305                       278     27      234
  SINCE JUN 1    673                       620     53      580
  SINCE JAN 1    690                       650     40      632
..................................................................


WIND (MPH)
  RESULTANT WIND SPEED   3   RESULTANT WIND DIRECTION  SW (220)
  HIGHEST WIND SPEED    20   HIGHEST WIND DIRECTION    SW (220)
  HIGHEST GUST SPEED    23   HIGHEST GUST DIRECTION    SW (220)
  AVERAGE WIND SPEED     8.1


SKY COVER
  POSSIBLE SUNSHINE  MM
  AVERAGE SKY COVER 0.0



RELATIVE HUMIDITY (PERCENT)
 HIGHEST    72           100 AM
 LOWEST     14          1000 AM
 AVERAGE    43

..........................................................


THE CAMPO ASOS CA CLIMATE NORMALS FOR TODAY
                         NORMAL    RECORD    YEAR
 MAXIMUM TEMPERATURE (F)   94       107      1950
 MINIMUM TEMPERATURE (F)   52        36      1964


SUNRISE AND SUNSET
SEPTEMBER  1 2015.....SUNRISE   621 AM PDT   SUNSET   711 PM PDT
SEPTEMBER  2 2015.....SUNRISE   621 AM PDT   SUNSET   709 PM PDT


-  INDICATES NEGATIVE NUMBERS.
R  INDICATES RECORD WAS SET OR TIED.
MM INDICATES DATA IS MISSING.
T  INDICATES TRACE AMOUNT.




$$
