000
CDUS43 KUNR 290833
CLID07


CLIMATE REPORT
NATIONAL WEATHER SERVICE RAPID CITY SD
233 AM MDT MON MAY 29 2017


...................................

...THE FAITH SD CLIMATE SUMMARY FOR MAY 28 2017...

CLIMATE NORMAL PERIOD 1981 TO 2010
CLIMATE RECORD PERIOD 9999 TO 9999


WEATHER ITEM   OBSERVED TIME   NORMAL DEPARTURE LAST
                VALUE   (LST)  VALUE  FROM      YEAR
                                      NORMAL
......................................................
TEMPERATURE (F)
 YESTERDAY
  MAXIMUM         76   1235 PM  70      6       75
  MINIMUM         45   1142 PM  47     -2       46
  AVERAGE         61            58      3       61

PRECIPITATION (IN)
  YESTERDAY        0.00          0.11  -0.11     0.08
  MONTH TO DATE    1.21          2.75  -1.54     0.45
  SINCE MAR 1      3.26          5.36  -2.10     5.30
  SINCE JAN 1      4.28          5.98  -1.70     6.81

DEGREE DAYS
 HEATING
  YESTERDAY        4             7     -3        4
  MONTH TO DATE  253           299    -46      267
  SINCE MAR 1   1726          1910   -184     1604
  SINCE JUL 1   7077          7598   -521     6550

 COOLING
  YESTERDAY        0             1     -1        0
  MONTH TO DATE   12             2     10        2
  SINCE MAR 1     12             3      9        2
  SINCE JAN 1     12             3      9        2
......................................................


WIND (MPH)
  HIGHEST WIND SPEED    47   HIGHEST WIND DIRECTION     N (340)
  HIGHEST GUST SPEED    62   HIGHEST GUST DIRECTION     N (340)
  AVERAGE WIND SPEED    15.7




RELATIVE HUMIDITY (PERCENT)
 HIGHEST    80           300 AM
 LOWEST     23          1200 PM
 AVERAGE    52

..........................................................




SUNRISE AND SUNSET
MAY 29 2017...........SUNRISE   506 AM MDT   SUNSET   825 PM MDT
MAY 30 2017...........SUNRISE   506 AM MDT   SUNSET   826 PM MDT


-  INDICATES NEGATIVE NUMBERS.
R  INDICATES RECORD WAS SET OR TIED.
MM INDICATES DATA IS MISSING.
T  INDICATES TRACE AMOUNT.




$$
