000
CDUS43 KUNR 240833
CLID07


CLIMATE REPORT
NATIONAL WEATHER SERVICE RAPID CITY SD
133 AM MST WED JAN 24 2018


...................................

...THE FAITH SD CLIMATE SUMMARY FOR JANUARY 23 2018...

CLIMATE NORMAL PERIOD 1981 TO 2010
CLIMATE RECORD PERIOD 9999 TO 9999


WEATHER ITEM   OBSERVED TIME   NORMAL DEPARTURE LAST
                VALUE   (LST)  VALUE  FROM      YEAR
                                      NORMAL
......................................................
TEMPERATURE (F)
 YESTERDAY
  MAXIMUM         41    119 PM  30     11       28
  MINIMUM         26   1159 PM  11     15       23
  AVERAGE         34            20     14       26

PRECIPITATION (IN)
  YESTERDAY        0.00          0.01  -0.01     0.00
  MONTH TO DATE    0.15          0.14   0.01     0.45
  SINCE DEC 1      0.76          0.54   0.22     0.89
  SINCE JAN 1      0.15          0.14   0.01     0.45

DEGREE DAYS
 HEATING
  YESTERDAY       31            45    -14       39
  MONTH TO DATE 1090          1035     55     1260
  SINCE DEC 1   2426          2395     31     2742
  SINCE JUL 1   4049          4178   -129     3993

 COOLING
  YESTERDAY        0             0      0        0
  MONTH TO DATE    0             0      0        0
  SINCE DEC 1      0             0      0        0
  SINCE JAN 1      0             0      0        0
......................................................


WIND (MPH)
  HIGHEST WIND SPEED    26   HIGHEST WIND DIRECTION    NW (310)
  HIGHEST GUST SPEED    31   HIGHEST GUST DIRECTION    NW (300)
  AVERAGE WIND SPEED    13.8




RELATIVE HUMIDITY (PERCENT)
 HIGHEST    85           600 AM
 LOWEST     50          1200 PM
 AVERAGE    68

..........................................................




SUNRISE AND SUNSET
JANUARY 24 2018.......SUNRISE   716 AM MST   SUNSET   445 PM MST
JANUARY 25 2018.......SUNRISE   715 AM MST   SUNSET   446 PM MST


-  INDICATES NEGATIVE NUMBERS.
R  INDICATES RECORD WAS SET OR TIED.
MM INDICATES DATA IS MISSING.
T  INDICATES TRACE AMOUNT.




$$
