000
CDUS43 KUNR 250831
CLID07


CLIMATE REPORT
NATIONAL WEATHER SERVICE RAPID CITY SD
230 AM MDT SAT OCT 25 2014


...................................

...THE FAITH SD CLIMATE SUMMARY FOR OCTOBER 24 2014...

CLIMATE NORMAL PERIOD 1981 TO 2010
CLIMATE RECORD PERIOD 9999 TO 9999


WEATHER ITEM   OBSERVED TIME   NORMAL DEPARTURE LAST
                VALUE   (LST)  VALUE  FROM      YEAR
                                      NORMAL
......................................................
TEMPERATURE (F)
 YESTERDAY
  MAXIMUM         73   1243 PM  55     18       47
  MINIMUM         45    658 AM  33     12       26
  AVERAGE         59            44     15       37

PRECIPITATION (IN)
  YESTERDAY        0.00          0.06  -0.06     0.00
  MONTH TO DATE    0.53          1.15  -0.62     2.47
  SINCE SEP 1      1.67          2.51  -0.84     3.57
  SINCE JAN 1     18.18         16.33   1.85    15.94

DEGREE DAYS
 HEATING
  YESTERDAY        6            21    -15       28
  MONTH TO DATE  297           406   -109      496
  SINCE SEP 1    502           605   -103      576
  SINCE JUL 1    545           638    -93      591

 COOLING
  YESTERDAY        0             0      0        0
  MONTH TO DATE    0             0      0        0
  SINCE SEP 1     46            59    -13      130
  SINCE JAN 1    445           634   -189      720
......................................................


WIND (MPH)
  HIGHEST WIND SPEED    21   HIGHEST WIND DIRECTION     N (340)
  HIGHEST GUST SPEED    25   HIGHEST GUST DIRECTION    NW (330)
  AVERAGE WIND SPEED    10.3




RELATIVE HUMIDITY (PERCENT)
 HIGHEST    58           700 AM
 LOWEST     27           200 PM
 AVERAGE    43

..........................................................




SUNRISE AND SUNSET
OCTOBER 25 2014.......SUNRISE   717 AM MDT   SUNSET   547 PM MDT
OCTOBER 26 2014.......SUNRISE   718 AM MDT   SUNSET   545 PM MDT


-  INDICATES NEGATIVE NUMBERS.
R  INDICATES RECORD WAS SET OR TIED.
MM INDICATES DATA IS MISSING.
T  INDICATES TRACE AMOUNT.




$$
