000
CDUS43 KUNR 300834
CLID07


CLIMATE REPORT
NATIONAL WEATHER SERVICE RAPID CITY SD
233 AM MDT SAT JUL 30 2016


...................................

...THE FAITH SD CLIMATE SUMMARY FOR JULY 29 2016...

CLIMATE NORMAL PERIOD 1981 TO 2010
CLIMATE RECORD PERIOD 9999 TO 9999


WEATHER ITEM   OBSERVED TIME   NORMAL DEPARTURE LAST
                VALUE   (LST)  VALUE  FROM      YEAR
                                      NORMAL
......................................................
TEMPERATURE (F)
 YESTERDAY
  MAXIMUM         82    348 PM  87     -5       86
  MINIMUM         56    512 AM  60     -4       54
  AVERAGE         69            74     -5       70

PRECIPITATION (IN)
  YESTERDAY        0.00          0.06  -0.06     0.00
  MONTH TO DATE    1.85          2.68  -0.83     0.58
  SINCE JUN 1      3.54          5.77  -2.23     3.22
  SINCE JAN 1     10.39         12.07  -1.68    10.46

DEGREE DAYS
 HEATING
  YESTERDAY        0             0      0        0
  MONTH TO DATE    3             5     -2        0
  SINCE JUN 1     18            95    -77       34
  SINCE JUL 1      3             5     -2        0

 COOLING
  YESTERDAY        4             9     -5        5
  MONTH TO DATE  259           230     29      240
  SINCE JUN 1    434           318    116      335
  SINCE JAN 1    436           330    106      337
......................................................


WIND (MPH)
  HIGHEST WIND SPEED    15   HIGHEST WIND DIRECTION    SE (150)
  HIGHEST GUST SPEED    21   HIGHEST GUST DIRECTION     S (170)
  AVERAGE WIND SPEED     6.8




RELATIVE HUMIDITY (PERCENT)
 HIGHEST   100           400 AM
 LOWEST     36           400 PM
 AVERAGE    68

..........................................................




SUNRISE AND SUNSET
JULY 30 2016..........SUNRISE   532 AM MDT   SUNSET   817 PM MDT
JULY 31 2016..........SUNRISE   533 AM MDT   SUNSET   815 PM MDT


-  INDICATES NEGATIVE NUMBERS.
R  INDICATES RECORD WAS SET OR TIED.
MM INDICATES DATA IS MISSING.
T  INDICATES TRACE AMOUNT.




$$
