000
CDUS43 KUNR 190832
CLID07


CLIMATE REPORT
NATIONAL WEATHER SERVICE RAPID CITY SD
131 AM MST SUN FEB 19 2017


...................................

...THE FAITH SD CLIMATE SUMMARY FOR FEBRUARY 18 2017...

CLIMATE NORMAL PERIOD 1981 TO 2010
CLIMATE RECORD PERIOD 9999 TO 9999


WEATHER ITEM   OBSERVED TIME   NORMAL DEPARTURE LAST
                VALUE   (LST)  VALUE  FROM      YEAR
                                      NORMAL
......................................................
TEMPERATURE (F)
 YESTERDAY
  MAXIMUM         62    327 PM  34     28       61
  MINIMUM         32    107 AM  15     17       34
  AVERAGE         47            24     23       48

PRECIPITATION (IN)
  YESTERDAY        0.00          0.02  -0.02     0.01
  MONTH TO DATE    0.08          0.31  -0.23     0.68
  SINCE DEC 1      1.07          0.91   0.16     1.47
  SINCE JAN 1      0.63          0.51   0.12     0.94

DEGREE DAYS
 HEATING
  YESTERDAY       18            41    -23       17
  MONTH TO DATE  741           768    -27      612
  SINCE DEC 1   3798          3514    284     3248
  SINCE JUL 1   5049          5297   -248     4634

 COOLING
  YESTERDAY        0             0      0        0
  MONTH TO DATE    0             0      0        0
  SINCE DEC 1      0             0      0        0
  SINCE JAN 1      0             0      0        0
......................................................


WIND (MPH)
  HIGHEST WIND SPEED    23   HIGHEST WIND DIRECTION     S (180)
  HIGHEST GUST SPEED    28   HIGHEST GUST DIRECTION     S (170)
  AVERAGE WIND SPEED    12.6




RELATIVE HUMIDITY (PERCENT)
 HIGHEST    79          1100 PM
 LOWEST     36           300 PM
 AVERAGE    58

..........................................................




SUNRISE AND SUNSET
FEBRUARY 19 2017......SUNRISE   642 AM MST   SUNSET   522 PM MST
FEBRUARY 20 2017......SUNRISE   641 AM MST   SUNSET   524 PM MST


-  INDICATES NEGATIVE NUMBERS.
R  INDICATES RECORD WAS SET OR TIED.
MM INDICATES DATA IS MISSING.
T  INDICATES TRACE AMOUNT.




$$
