000
CDUS43 KUNR 200831
CLID07


CLIMATE REPORT
NATIONAL WEATHER SERVICE RAPID CITY SD
131 AM MST SAT DEC 20 2014


...................................

...THE FAITH SD CLIMATE SUMMARY FOR DECEMBER 19 2014...

CLIMATE NORMAL PERIOD 1981 TO 2010
CLIMATE RECORD PERIOD 9999 TO 9999


WEATHER ITEM   OBSERVED TIME   NORMAL DEPARTURE LAST
                VALUE   (LST)  VALUE  FROM      YEAR
                                      NORMAL
......................................................
TEMPERATURE (F)
 YESTERDAY
  MAXIMUM         42    255 PM  30     12       26
  MINIMUM         22   1222 AM  11     11       -6
  AVERAGE         32            20     12       10

PRECIPITATION (IN)
  YESTERDAY        0.00          0.02  -0.02     0.14
  MONTH TO DATE    0.04          0.23  -0.19     0.51
  SINCE DEC 1      0.04          0.23  -0.19     0.51
  SINCE JAN 1     18.58         17.49   1.09    16.84

DEGREE DAYS
 HEATING
  YESTERDAY       33            45    -12       55
  MONTH TO DATE  667           823   -156      958
  SINCE DEC 1    667           823   -156      958
  SINCE JUL 1   2543          2606    -63     2708

 COOLING
  YESTERDAY        0             0      0        0
  MONTH TO DATE    0             0      0        0
  SINCE DEC 1      0             0      0        0
  SINCE JAN 1    445           635   -190      720
......................................................


WIND (MPH)
  HIGHEST WIND SPEED    12   HIGHEST WIND DIRECTION     S (190)
  HIGHEST GUST SPEED    14   HIGHEST GUST DIRECTION     S (200)
  AVERAGE WIND SPEED     8.0




RELATIVE HUMIDITY (PERCENT)
 HIGHEST    92          1200 AM
 LOWEST     60           300 PM
 AVERAGE    76

..........................................................




SUNRISE AND SUNSET
DECEMBER 20 2014......SUNRISE   723 AM MST   SUNSET   409 PM MST
DECEMBER 21 2014......SUNRISE   723 AM MST   SUNSET   409 PM MST


-  INDICATES NEGATIVE NUMBERS.
R  INDICATES RECORD WAS SET OR TIED.
MM INDICATES DATA IS MISSING.
T  INDICATES TRACE AMOUNT.




$$
