000
CDUS43 KUNR 280837
CLID07


CLIMATE REPORT
NATIONAL WEATHER SERVICE RAPID CITY SD
136 AM MST WED JAN 28 2015


...................................

...THE FAITH SD CLIMATE SUMMARY FOR JANUARY 27 2015...

CLIMATE NORMAL PERIOD 1981 TO 2010
CLIMATE RECORD PERIOD 9999 TO 9999


WEATHER ITEM   OBSERVED TIME   NORMAL DEPARTURE LAST
                VALUE   (LST)  VALUE  FROM      YEAR
                                      NORMAL
......................................................
TEMPERATURE (F)
 YESTERDAY
  MAXIMUM         70    239 PM  30     40       10
  MINIMUM         34    502 AM  11     23       -6
  AVERAGE         52            20     32        2

PRECIPITATION (IN)
  YESTERDAY        0.00          0.01  -0.01     0.00
  MONTH TO DATE    0.14          0.17  -0.03     0.07
  SINCE DEC 1      0.42          0.57  -0.15     0.97
  SINCE JAN 1      0.14          0.17  -0.03     0.07

DEGREE DAYS
 HEATING
  YESTERDAY       13            44    -31       63
  MONTH TO DATE 1085          1214   -129     1172
  SINCE DEC 1   2302          2574   -272     2742
  SINCE JUL 1   4178          4357   -179     4492

 COOLING
  YESTERDAY        0             0      0        0
  MONTH TO DATE    0             0      0        0
  SINCE DEC 1      0             0      0        0
  SINCE JAN 1      0             0      0        0
......................................................


WIND (MPH)
  HIGHEST WIND SPEED    16   HIGHEST WIND DIRECTION     W (270)
  HIGHEST GUST SPEED    19   HIGHEST GUST DIRECTION     W (270)
  AVERAGE WIND SPEED     8.9




RELATIVE HUMIDITY (PERCENT)
 HIGHEST    75           300 AM
 LOWEST     20           100 PM
 AVERAGE    48

..........................................................




SUNRISE AND SUNSET
JANUARY 28 2015.......SUNRISE   713 AM MST   SUNSET   450 PM MST
JANUARY 29 2015.......SUNRISE   711 AM MST   SUNSET   451 PM MST


-  INDICATES NEGATIVE NUMBERS.
R  INDICATES RECORD WAS SET OR TIED.
MM INDICATES DATA IS MISSING.
T  INDICATES TRACE AMOUNT.




$$
