000
CDUS42 KMLB 290635
CLIDAB


CLIMATE REPORT
NATIONAL WEATHER SERVICE MELBOURNE FL
235 AM EDT WED MAR 29 2017


...................................

...THE DAYTONA BEACH CLIMATE SUMMARY FOR MARCH 28 2017...

CLIMATE NORMAL PERIOD 1981 TO 2010
CLIMATE RECORD PERIOD 1923 TO 2017


WEATHER ITEM   OBSERVED TIME   RECORD YEAR NORMAL DEPARTURE LAST
                VALUE   (LST)  VALUE       VALUE  FROM      YEAR
                                                  NORMAL
..................................................................
TEMPERATURE (F)
 YESTERDAY
  MAXIMUM         84   1208 PM  92    1994  76      8       82
                                      1935
  MINIMUM         57    554 AM  38    2013  56      1       70
  AVERAGE         71                        66      5       76

PRECIPITATION (IN)
  YESTERDAY        0.00          1.93 1996   0.14  -0.14      T
  MONTH TO DATE    1.07                      3.84  -2.77     1.26
  SINCE MAR 1      1.07                      3.84  -2.77     1.26
  SINCE JAN 1      5.08                      9.36  -4.28    11.97

SNOWFALL (IN)
  YESTERDAY        0.0
  MONTH TO DATE    0.0
  SINCE JUL 1      0.0

DEGREE DAYS
 HEATING
  YESTERDAY        0                         2     -2        0
  MONTH TO DATE   82                        90     -8       38
  SINCE MAR 1     82                        90     -8       38
  SINCE JUL 1    388                       772   -384      503

 COOLING
  YESTERDAY        6                         3      3       11
  MONTH TO DATE   90                        69     21      156
  SINCE MAR 1     90                        69     21      156
  SINCE JAN 1    210                       134     76      206
..................................................................


WIND (MPH)
  HIGHEST WIND SPEED    14   HIGHEST WIND DIRECTION     E (70)
  HIGHEST GUST SPEED    17   HIGHEST GUST DIRECTION     E (70)
  AVERAGE WIND SPEED     3.7


SKY COVER
  AVERAGE SKY COVER 0.2


WEATHER CONDITIONS
 THE FOLLOWING WEATHER WAS RECORDED YESTERDAY.
  FOG


RELATIVE HUMIDITY (PERCENT)
 HIGHEST   100          1200 AM
 LOWEST     47          1200 PM
 AVERAGE    74

..........................................................


THE DAYTONA BEACH CLIMATE NORMALS FOR TODAY
                         NORMAL    RECORD    YEAR
 MAXIMUM TEMPERATURE (F)   76        90      1991
                                             1970
 MINIMUM TEMPERATURE (F)   56        37      1955


SUNRISE AND SUNSET
MARCH 29 2017.........SUNRISE   717 AM EDT   SUNSET   741 PM EDT
MARCH 30 2017.........SUNRISE   716 AM EDT   SUNSET   742 PM EDT


-  INDICATES NEGATIVE NUMBERS.
R  INDICATES RECORD WAS SET OR TIED.
MM INDICATES DATA IS MISSING.
T  INDICATES TRACE AMOUNT.




$$
