000
CDUS42 KMLB 240632
CLIDAB


CLIMATE REPORT
NATIONAL WEATHER SERVICE MELBOURNE FL
129 AM EST FRI FEB 24 2017


...................................

...THE DAYTONA BEACH CLIMATE SUMMARY FOR FEBRUARY 23 2017...

CLIMATE NORMAL PERIOD 1981 TO 2010
CLIMATE RECORD PERIOD 1923 TO 2017


WEATHER ITEM   OBSERVED TIME   RECORD YEAR NORMAL DEPARTURE LAST
                VALUE   (LST)  VALUE       VALUE  FROM      YEAR
                                                  NORMAL
..................................................................
TEMPERATURE (F)
 YESTERDAY
  MAXIMUM         74    210 PM  87    2013  72      2       83
  MINIMUM         64    841 AM  27    1978  51     13       63
  AVERAGE         69                        61      8       73

PRECIPITATION (IN)
  YESTERDAY        0.23          1.55 2002   0.11   0.12     0.01
  MONTH TO DATE    2.03                      2.24  -0.21     3.09
  SINCE DEC 1      4.71                      7.61  -2.90    10.71
  SINCE JAN 1      4.01                      4.98  -0.97    10.14

SNOWFALL (IN)
  YESTERDAY        0.0
  MONTH TO DATE    0.0
  SINCE JUL 1      0.0

DEGREE DAYS
 HEATING
  YESTERDAY        0                         5     -5        0
  MONTH TO DATE   50                       141    -91      139
  SINCE DEC 1    264                       584   -320      407
  SINCE JUL 1    301                       658   -357      419

 COOLING
  YESTERDAY        4                         1      3        8
  MONTH TO DATE   34                        23     11       32
  SINCE DEC 1    209                       103    106      254
  SINCE JAN 1    101                        52     49       45
..................................................................


WIND (MPH)
  HIGHEST WIND SPEED    31   HIGHEST WIND DIRECTION    NE (30)
  HIGHEST GUST SPEED    37   HIGHEST GUST DIRECTION    NE (30)
  AVERAGE WIND SPEED    13.7


SKY COVER
  AVERAGE SKY COVER 0.5


WEATHER CONDITIONS
 THE FOLLOWING WEATHER WAS RECORDED YESTERDAY.
  RAIN
  LIGHT RAIN
  FOG


RELATIVE HUMIDITY (PERCENT)
 HIGHEST   100           100 AM
 LOWEST     81           400 AM
 AVERAGE    91

..........................................................


THE DAYTONA BEACH CLIMATE NORMALS FOR TODAY
                         NORMAL    RECORD    YEAR
 MAXIMUM TEMPERATURE (F)   72        88      2012
                                             1962
 MINIMUM TEMPERATURE (F)   51        29      1989


SUNRISE AND SUNSET
FEBRUARY 24 2017......SUNRISE   654 AM EST   SUNSET   621 PM EST
FEBRUARY 25 2017......SUNRISE   653 AM EST   SUNSET   621 PM EST


-  INDICATES NEGATIVE NUMBERS.
R  INDICATES RECORD WAS SET OR TIED.
MM INDICATES DATA IS MISSING.
T  INDICATES TRACE AMOUNT.




$$
