000
CDUS42 KMLB 190635
CLIDAB


CLIMATE REPORT
NATIONAL WEATHER SERVICE MELBOURNE FL
235 AM EDT SAT AUG 19 2017


...................................

...THE DAYTONA BEACH CLIMATE SUMMARY FOR AUGUST 18 2017...

CLIMATE NORMAL PERIOD 1981 TO 2010
CLIMATE RECORD PERIOD 1923 TO 2017


WEATHER ITEM   OBSERVED TIME   RECORD YEAR NORMAL DEPARTURE LAST
                VALUE   (LST)  VALUE       VALUE  FROM      YEAR
                                                  NORMAL
..................................................................
TEMPERATURE (F)
 YESTERDAY
  MAXIMUM         91    342 PM 101    1938  90      1       91
  MINIMUM         73    647 AM  66    2000  73      0       75
  AVERAGE         82                        82      0       83

PRECIPITATION (IN)
  YESTERDAY        1.44          2.84 1946   0.21   1.23      T
  MONTH TO DATE    5.00                      3.53   1.47     1.12
  SINCE JUN 1     20.42                     15.19   5.23     5.40
  SINCE JAN 1     28.65                     30.26  -1.61    25.40

SNOWFALL (IN)
  YESTERDAY        0.0
  MONTH TO DATE    0.0
  SINCE JUL 1      0.0

DEGREE DAYS
 HEATING
  YESTERDAY        0                         0      0        0
  MONTH TO DATE    0                         0      0        0
  SINCE JUN 1      0                         0      0        0
  SINCE JUL 1      0                         0      0        0

 COOLING
  YESTERDAY       17                        16      1       18
  MONTH TO DATE  343                       305     38      337
  SINCE JUN 1   1375                      1267    108     1439
  SINCE JAN 1   2192                      1868    324     2213
..................................................................


WIND (MPH)
  HIGHEST WIND SPEED    21   HIGHEST WIND DIRECTION     W (250)
  HIGHEST GUST SPEED    25   HIGHEST GUST DIRECTION     W (280)
  AVERAGE WIND SPEED     5.8


SKY COVER
  AVERAGE SKY COVER 0.4


WEATHER CONDITIONS
 THE FOLLOWING WEATHER WAS RECORDED YESTERDAY.
  THUNDERSTORM
  HEAVY RAIN
  RAIN
  LIGHT RAIN
  FOG
  FOG W/VISIBILITY <= 1/4 MILE
  HAZE


RELATIVE HUMIDITY (PERCENT)
 HIGHEST   100           100 AM
 LOWEST     66           200 PM
 AVERAGE    83

..........................................................


THE DAYTONA BEACH CLIMATE NORMALS FOR TODAY
                         NORMAL    RECORD    YEAR
 MAXIMUM TEMPERATURE (F)   89        97      1993
                                             1940
 MINIMUM TEMPERATURE (F)   73        68      1992


SUNRISE AND SUNSET
AUGUST 19 2017........SUNRISE   655 AM EDT   SUNSET   800 PM EDT
AUGUST 20 2017........SUNRISE   656 AM EDT   SUNSET   759 PM EDT


-  INDICATES NEGATIVE NUMBERS.
R  INDICATES RECORD WAS SET OR TIED.
MM INDICATES DATA IS MISSING.
T  INDICATES TRACE AMOUNT.




$$
