000
CDUS42 KMLB 172116
CLIDAB


CLIMATE REPORT
NATIONAL WEATHER SERVICE MELBOURNE FL
415 PM EST FRI NOV 17 2017


...................................

...THE DAYTONA BEACH CLIMATE SUMMARY FOR NOVEMBER 17 2017...
VALID TODAY AS OF 0400 PM LOCAL TIME.

CLIMATE NORMAL PERIOD 1981 TO 2010
CLIMATE RECORD PERIOD 1923 TO 2017


WEATHER ITEM   OBSERVED TIME   RECORD YEAR NORMAL DEPARTURE LAST
                VALUE   (LST)  VALUE       VALUE  FROM      YEAR
                                                  NORMAL
..................................................................
TEMPERATURE (F)
 TODAY
  MAXIMUM         76    201 PM  88    1988  76      0       75
  MINIMUM         53    641 AM  25    1940  57     -4       49
  AVERAGE         65                        66     -1       62

PRECIPITATION (IN)
  TODAY            0.00          1.22 1987   0.09  -0.09     0.00
  MONTH TO DATE    0.17                      1.62  -1.45     0.10
  SINCE SEP 1     17.64                     12.79   4.85    16.31
  SINCE JAN 1     47.31                     45.92   1.39    43.94

SNOWFALL (IN)
  TODAY            0.0
  MONTH TO DATE    0.0
  SINCE JUL 1      0.0

DEGREE DAYS
 HEATING
  TODAY            0                         2     -2        3
  MONTH TO DATE    1                        25    -24       11
  SINCE SEP 1     23                        33    -10       12
  SINCE JUL 1     23                        33    -10       12

 COOLING
  TODAY            0                         4     -4        0
  MONTH TO DATE  105                        78     27       73
  SINCE SEP 1    949                       800    149      880
  SINCE JAN 1   3376                      2874    502     3345
..................................................................


WIND (MPH)
  HIGHEST WIND SPEED    15   HIGHEST WIND DIRECTION    NE (30)
  HIGHEST GUST SPEED    19   HIGHEST GUST DIRECTION    NE (40)
  AVERAGE WIND SPEED     4.8


SKY COVER
  AVERAGE SKY COVER 0.1


WEATHER CONDITIONS
 THE FOLLOWING WEATHER WAS RECORDED TODAY.
  NO SIGNIFICANT WEATHER WAS OBSERVED.


RELATIVE HUMIDITY (PERCENT)
 HIGHEST   100           200 AM
 LOWEST     54          1200 PM
 AVERAGE    77

..........................................................


THE DAYTONA BEACH CLIMATE NORMALS FOR TOMORROW
                         NORMAL    RECORD    YEAR
 MAXIMUM TEMPERATURE (F)   76        86      1986
                                             1974
 MINIMUM TEMPERATURE (F)   57        31      1940


SUNRISE AND SUNSET
NOVEMBER 17 2017......SUNRISE   650 AM EST   SUNSET   529 PM EST
NOVEMBER 18 2017......SUNRISE   650 AM EST   SUNSET   528 PM EST


-  INDICATES NEGATIVE NUMBERS.
R  INDICATES RECORD WAS SET OR TIED.
MM INDICATES DATA IS MISSING.
T  INDICATES TRACE AMOUNT.




$$
