000
CDUS42 KMLB 220628
CLIDAB


CLIMATE REPORT
NATIONAL WEATHER SERVICE MELBOURNE FL
127 AM EST MON JAN 22 2018


...................................

...THE DAYTONA BEACH CLIMATE SUMMARY FOR JANUARY 21 2018...

CLIMATE NORMAL PERIOD 1981 TO 2010
CLIMATE RECORD PERIOD 1923 TO 2018


WEATHER ITEM   OBSERVED TIME   RECORD YEAR NORMAL DEPARTURE LAST
                VALUE   (LST)  VALUE       VALUE  FROM      YEAR
                                                  NORMAL
..................................................................
TEMPERATURE (F)
 YESTERDAY
  MAXIMUM         69    252 PM  83    1990  69      0       82
                                      1959
  MINIMUM         53   1159 PM  15    1985  47      6       59
  AVERAGE         61                        58      3       71

PRECIPITATION (IN)
  YESTERDAY        0.03          1.51 2010   0.09  -0.06     0.00
  MONTH TO DATE    4.90                      1.82   3.08     1.32
  SINCE DEC 1      6.09                      4.45   1.64     2.02
  SINCE JAN 1      4.90                      1.82   3.08     1.32

SNOWFALL (IN)
  YESTERDAY        0.0
  MONTH TO DATE    0.0
  SINCE JUL 1      0.0

DEGREE DAYS
 HEATING
  YESTERDAY        4                         8     -4        0
  MONTH TO DATE  267                       168     99       64
  SINCE DEC 1    398                       360     38      143
  SINCE JUL 1    432                       434     -2      180

 COOLING
  YESTERDAY        0                         1     -1        6
  MONTH TO DATE   14                        21     -7       52
  SINCE DEC 1     83                        72     11      160
  SINCE JAN 1     14                        21     -7       52
..................................................................


WIND (MPH)
  HIGHEST WIND SPEED    15   HIGHEST WIND DIRECTION    NE (60)
  HIGHEST GUST SPEED    18   HIGHEST GUST DIRECTION    NW (300)
  AVERAGE WIND SPEED     5.1


SKY COVER
  AVERAGE SKY COVER 0.6


WEATHER CONDITIONS
 THE FOLLOWING WEATHER WAS RECORDED YESTERDAY.
  THUNDERSTORM
  RAIN
  LIGHT RAIN
  FOG


RELATIVE HUMIDITY (PERCENT)
 HIGHEST   100           900 PM
 LOWEST     63           300 PM
 AVERAGE    82

..........................................................


THE DAYTONA BEACH CLIMATE NORMALS FOR TODAY
                         NORMAL    RECORD    YEAR
 MAXIMUM TEMPERATURE (F)   69        85      2017
 MINIMUM TEMPERATURE (F)   47        18      1985


SUNRISE AND SUNSET
JANUARY 22 2018.......SUNRISE   718 AM EST   SUNSET   554 PM EST
JANUARY 23 2018.......SUNRISE   717 AM EST   SUNSET   555 PM EST


-  INDICATES NEGATIVE NUMBERS.
R  INDICATES RECORD WAS SET OR TIED.
MM INDICATES DATA IS MISSING.
T  INDICATES TRACE AMOUNT.




$$
