000
CDUS42 KMLB 060627
CLIDAB


CLIMATE REPORT
NATIONAL WEATHER SERVICE MELBOURNE FL
126 AM EST SAT FEB 6 2016


...................................

...THE DAYTONA BEACH CLIMATE SUMMARY FOR FEBRUARY 5 2016...

CLIMATE NORMAL PERIOD 1981 TO 2010
CLIMATE RECORD PERIOD 1923 TO 2016


WEATHER ITEM   OBSERVED TIME   RECORD YEAR NORMAL DEPARTURE LAST
                VALUE   (LST)  VALUE       VALUE  FROM      YEAR
                                                  NORMAL
..................................................................
TEMPERATURE (F)
 YESTERDAY
  MAXIMUM         60   1159 PM  86    2014  70    -10       65
                                      1989
  MINIMUM         43    736 AM  26    1996  49     -6       51
  AVERAGE         52                        59     -7       58

PRECIPITATION (IN)
  YESTERDAY        0.00          2.91 1987   0.10  -0.10     0.58
  MONTH TO DATE    2.57                      0.49   2.08     0.65
  SINCE DEC 1     10.19                      5.86   4.33     6.03
  SINCE JAN 1      9.62                      3.23   6.39     3.20

SNOWFALL (IN)
  YESTERDAY        0.0
  MONTH TO DATE    0.0
  SINCE JUL 1      0.0

DEGREE DAYS
 HEATING
  YESTERDAY       13                         7      6        7
  MONTH TO DATE   13                        35    -22       30
  SINCE DEC 1    281                       478   -197      343
  SINCE JUL 1    293                       552   -259      472

 COOLING
  YESTERDAY        0                         1     -1        0
  MONTH TO DATE   21                         5     16        0
  SINCE DEC 1    243                        85    158      114
  SINCE JAN 1     34                        34      0       31
..................................................................


WIND (MPH)
  HIGHEST WIND SPEED    23   HIGHEST WIND DIRECTION     N (20)
  HIGHEST GUST SPEED    29   HIGHEST GUST DIRECTION    NW (310)
  AVERAGE WIND SPEED    13.5


SKY COVER
  AVERAGE SKY COVER 0.4


WEATHER CONDITIONS
 THE FOLLOWING WEATHER WAS RECORDED YESTERDAY.
  NO SIGNIFICANT WEATHER WAS OBSERVED.


RELATIVE HUMIDITY (PERCENT)
 HIGHEST    83           100 AM
 LOWEST     49           900 AM
 AVERAGE    66

..........................................................


THE DAYTONA BEACH CLIMATE NORMALS FOR TODAY
                         NORMAL    RECORD    YEAR
 MAXIMUM TEMPERATURE (F)   70        86      2008
 MINIMUM TEMPERATURE (F)   49        25      1947


SUNRISE AND SUNSET
FEBRUARY  6 2016......SUNRISE   710 AM EST   SUNSET   606 PM EST
FEBRUARY  7 2016......SUNRISE   710 AM EST   SUNSET   607 PM EST


-  INDICATES NEGATIVE NUMBERS.
R  INDICATES RECORD WAS SET OR TIED.
MM INDICATES DATA IS MISSING.
T  INDICATES TRACE AMOUNT.




$$
