000
CDUS42 KMLB 020635
CLIDAB


CLIMATE REPORT
NATIONAL WEATHER SERVICE MELBOURNE FL
135 AM EST FRI DEC 2 2016


...................................

...THE DAYTONA BEACH CLIMATE SUMMARY FOR DECEMBER 1 2016...

CLIMATE NORMAL PERIOD 1981 TO 2010
CLIMATE RECORD PERIOD 1923 TO 2016


WEATHER ITEM   OBSERVED TIME   RECORD YEAR NORMAL DEPARTURE LAST
                VALUE   (LST)  VALUE       VALUE  FROM      YEAR
                                                  NORMAL
..................................................................
TEMPERATURE (F)
 YESTERDAY
  MAXIMUM         82   1150 AM  86    1940  73      9       78
  MINIMUM         61   1159 PM  31    1956  54      7       61
                                      1935
  AVERAGE         72                        63      9       70

PRECIPITATION (IN)
  YESTERDAY        0.00          3.25 1925   0.07  -0.07      T
  MONTH TO DATE    0.00                      0.07  -0.07      T
  SINCE DEC 1      0.00                      0.07  -0.07      T
  SINCE JAN 1     43.94                     47.06  -3.12    43.35

SNOWFALL (IN)
  YESTERDAY        0.0
  MONTH TO DATE    0.0
  SINCE JUL 1      0.0

DEGREE DAYS
 HEATING
  YESTERDAY        0                         4     -4        0
  MONTH TO DATE    0                         4     -4        0
  SINCE DEC 1      0                         4     -4        0
  SINCE JUL 1     37                        78    -41       12

 COOLING
  YESTERDAY        7                         2      5        5
  MONTH TO DATE    7                         2      5        5
  SINCE DEC 1      7                         2      5        5
  SINCE JAN 1   3386                      2914    472     3553
..................................................................


WIND (MPH)
  HIGHEST WIND SPEED    18   HIGHEST WIND DIRECTION    NE (30)
  HIGHEST GUST SPEED    23   HIGHEST GUST DIRECTION    SW (240)
  AVERAGE WIND SPEED     7.9


SKY COVER
  AVERAGE SKY COVER 0.7


WEATHER CONDITIONS
 THE FOLLOWING WEATHER WAS RECORDED YESTERDAY.
  FOG


RELATIVE HUMIDITY (PERCENT)
 HIGHEST   100           100 AM
 LOWEST     73           200 PM
 AVERAGE    87

..........................................................


THE DAYTONA BEACH CLIMATE NORMALS FOR TODAY
                         NORMAL    RECORD    YEAR
 MAXIMUM TEMPERATURE (F)   73        84      2015
                                             1968
                                             1948
 MINIMUM TEMPERATURE (F)   54        31      1957


SUNRISE AND SUNSET
DECEMBER  2 2016......SUNRISE   702 AM EST   SUNSET   526 PM EST
DECEMBER  3 2016......SUNRISE   703 AM EST   SUNSET   526 PM EST


-  INDICATES NEGATIVE NUMBERS.
R  INDICATES RECORD WAS SET OR TIED.
MM INDICATES DATA IS MISSING.
T  INDICATES TRACE AMOUNT.




$$
