102
CDUS41 KRNK 180821
CLIDAN


CLIMATE REPORT
NATIONAL WEATHER SERVICE BLACKSBURG VA
315 AM EST SAT NOV 18 2017


...................................

...THE DANVILLE VA CLIMATE SUMMARY FOR NOVEMBER 17 2017...

CLIMATE NORMAL PERIOD 1981 TO 2010
CLIMATE RECORD PERIOD 1948 TO 2017


WEATHER ITEM   OBSERVED TIME   RECORD YEAR NORMAL DEPARTURE LAST
                VALUE   (LST)  VALUE       VALUE  FROM      YEAR
                                                  NORMAL
..................................................................
TEMPERATURE (F)
 YESTERDAY
  MAXIMUM         57    306 PM  81    1964  60     -3       68
  MINIMUM         30   1159 PM  19    1969  38     -8       32
  AVERAGE         44                        49     -5       50

PRECIPITATION (IN)
  YESTERDAY        0.00          0.92 1978   0.11  -0.11     0.00
  MONTH TO DATE    1.93                      1.95  -0.02     0.04
  SINCE SEP 1      7.45                      9.44  -1.99     7.96
  SINCE JAN 1     41.55                     39.73   1.82    44.22

SNOWFALL (IN)
  YESTERDAY        0.0                                       0.0
  MONTH TO DATE    0.0                                       0.0
  SINCE SEP 1      0.0                                       0.0
  SINCE JUL 1      0.0                                       0.0
  SNOW DEPTH       0

DEGREE DAYS
 HEATING
  YESTERDAY       21                        16      5       15
  MONTH TO DATE  260                       230     30      229
  SINCE SEP 1    459                       463     -4      365
  SINCE JUL 1    459                       463     -4      365

 COOLING
  YESTERDAY        0                         0      0        0
  MONTH TO DATE    0                         0      0        5
  SINCE SEP 1    227                       209     18      343
  SINCE JAN 1   1401                      1436    -35     1648
..................................................................


WIND (MPH)
  HIGHEST WIND SPEED    13   HIGHEST WIND DIRECTION     N (350)
  HIGHEST GUST SPEED    17   HIGHEST GUST DIRECTION     N (350)
  AVERAGE WIND SPEED     3.6


SKY COVER
  AVERAGE SKY COVER 0.0


WEATHER CONDITIONS
 THE FOLLOWING WEATHER WAS RECORDED YESTERDAY.
  NO SIGNIFICANT WEATHER WAS OBSERVED.


RELATIVE HUMIDITY (PERCENT)
 HIGHEST   100          1100 PM
 LOWEST     32           300 PM
 AVERAGE    66

..........................................................


THE DANVILLE VA CLIMATE NORMALS FOR TODAY
                         NORMAL    RECORD    YEAR
 MAXIMUM TEMPERATURE (F)   59        80      1953
 MINIMUM TEMPERATURE (F)   37        19      2014


SUNRISE AND SUNSET
NOVEMBER 18 2017......SUNRISE   658 AM EST   SUNSET   507 PM EST
NOVEMBER 19 2017......SUNRISE   659 AM EST   SUNSET   506 PM EST


-  INDICATES NEGATIVE NUMBERS.
R  INDICATES RECORD WAS SET OR TIED.
MM INDICATES DATA IS MISSING.
T  INDICATES TRACE AMOUNT.

REMARKS:
DUE TO MISSING RAINFALL ON AUGUST 21-24...ALL PRECIPITATION DATA
WILL BE CALCULATED WITHOUT DATA FROM THESE DATES.


$$
