743
CDUS41 KRNK 100648
CLIDAN


CLIMATE REPORT
NATIONAL WEATHER SERVICE BLACKSBURG VA
144 AM EST WED FEB 10 2016


...................................

...THE DANVILLE VA CLIMATE SUMMARY FOR FEBRUARY 9 2016...

CLIMATE NORMAL PERIOD 1981 TO 2010
CLIMATE RECORD PERIOD 1948 TO 2016


WEATHER ITEM   OBSERVED TIME   RECORD YEAR NORMAL DEPARTURE LAST
                VALUE   (LST)  VALUE       VALUE  FROM      YEAR
                                                  NORMAL
..................................................................
TEMPERATURE (F)
 YESTERDAY
  MAXIMUM         41   1151 AM  71    1965  49     -8       59
  MINIMUM         27   1159 PM  12    1977  31     -4       43
  AVERAGE         34                        40     -6       51

PRECIPITATION (IN)
  YESTERDAY        0.00          0.85 1957   0.11  -0.11     0.31
  MONTH TO DATE    1.75                      1.02   0.73     0.75
  SINCE DEC 1      9.85                      7.71   2.14     4.93
  SINCE JAN 1      4.29                      4.44  -0.15     2.26

SNOWFALL (IN)
  YESTERDAY        0.0                                       0.0
  MONTH TO DATE    T                                         0.0
  SINCE DEC 1      9.2                                        T
  SINCE JUL 1      9.2                                        T
  SNOW DEPTH       0

DEGREE DAYS
 HEATING
  YESTERDAY       31                        25      6       14
  MONTH TO DATE  178                       232    -54      216
  SINCE DEC 1   1452                      1851   -399     1710
  SINCE JUL 1   1994                      2560   -566     2470

 COOLING
  YESTERDAY        0                         0      0        0
  MONTH TO DATE    0                         0      0        0
  SINCE DEC 1     11                         0     11        0
  SINCE JAN 1      0                         0      0        0
..................................................................


WIND (MPH)
  HIGHEST WIND SPEED    17   HIGHEST WIND DIRECTION     W (280)
  HIGHEST GUST SPEED    23   HIGHEST GUST DIRECTION    NW (300)
  AVERAGE WIND SPEED     8.1


SKY COVER
  AVERAGE SKY COVER 0.8


WEATHER CONDITIONS
 THE FOLLOWING WEATHER WAS RECORDED YESTERDAY.
  FOG


RELATIVE HUMIDITY (PERCENT)
 HIGHEST    92          1200 AM
 LOWEST     40           200 PM
 AVERAGE    66

..........................................................


THE DANVILLE VA CLIMATE NORMALS FOR TODAY
                         NORMAL    RECORD    YEAR
 MAXIMUM TEMPERATURE (F)   49        72      2009
                                             1954
 MINIMUM TEMPERATURE (F)   31         6      1979


SUNRISE AND SUNSET
FEBRUARY 10 2016......SUNRISE   711 AM EST   SUNSET   552 PM EST
FEBRUARY 11 2016......SUNRISE   710 AM EST   SUNSET   553 PM EST


-  INDICATES NEGATIVE NUMBERS.
R  INDICATES RECORD WAS SET OR TIED.
MM INDICATES DATA IS MISSING.
T  INDICATES TRACE AMOUNT.

$$

RAB
