000
CDUS41 KRNK 260927
CLIDAN


CLIMATE REPORT
NATIONAL WEATHER SERVICE BLACKSBURG VA
524 AM EDT FRI MAY 26 2017


...................................

...THE DANVILLE VA CLIMATE SUMMARY FOR MAY 25 2017...

CLIMATE NORMAL PERIOD 1981 TO 2010
CLIMATE RECORD PERIOD 1948 TO 2017


WEATHER ITEM   OBSERVED TIME   RECORD YEAR NORMAL DEPARTURE LAST
                VALUE   (LST)  VALUE       VALUE  FROM      YEAR
                                                  NORMAL
..................................................................
TEMPERATURE (F)
 YESTERDAY
  MAXIMUM         73    215 PM  93    1970  79     -6       86
  MINIMUM         58    902 PM  40    2013  58      0       53
  AVERAGE         66                        69     -3       70

PRECIPITATION (IN)
  YESTERDAY        0.62          1.38 2003   0.14   0.48     0.00
  MONTH TO DATE    5.93                      3.04   2.89     7.22
  SINCE MAR 1     16.12                     10.61   5.51    12.35
  SINCE JAN 1     20.89                     17.04   3.85    19.20

SNOWFALL (IN)
  YESTERDAY        0.0                                       0.0
  MONTH TO DATE    0.0                                       0.0
  SINCE MAR 1      T                                         0.0
  SINCE JUL 1      8.8                                      11.1
  SNOW DEPTH       0

DEGREE DAYS
 HEATING
  YESTERDAY        0                         1     -1        0
  MONTH TO DATE   72                        63      9       79
  SINCE MAR 1    686                       805   -119      599
  SINCE JUL 1   3142                      3806   -664     3061

 COOLING
  YESTERDAY        1                         5     -4        5
  MONTH TO DATE   71                        77     -6       44
  SINCE MAR 1    149                       111     38       91
  SINCE JAN 1    154                       111     43       91
..................................................................


WIND (MPH)
  HIGHEST WIND SPEED    20   HIGHEST WIND DIRECTION     W (270)
  HIGHEST GUST SPEED    27   HIGHEST GUST DIRECTION     W (290)
  AVERAGE WIND SPEED     7.6


SKY COVER
  AVERAGE SKY COVER 0.6


WEATHER CONDITIONS
 THE FOLLOWING WEATHER WAS RECORDED YESTERDAY.
  THUNDERSTORM
  HEAVY RAIN
  RAIN
  LIGHT RAIN
  FOG


RELATIVE HUMIDITY (PERCENT)
 HIGHEST   100          1200 AM
 LOWEST     66           100 PM
 AVERAGE    83

..........................................................


THE DANVILLE VA CLIMATE NORMALS FOR TODAY
                         NORMAL    RECORD    YEAR
 MAXIMUM TEMPERATURE (F)   79        96      1953
 MINIMUM TEMPERATURE (F)   59        44      2013
                                             1963


SUNRISE AND SUNSET
MAY 26 2017...........SUNRISE   603 AM EDT   SUNSET   826 PM EDT
MAY 27 2017...........SUNRISE   602 AM EDT   SUNSET   827 PM EDT


-  INDICATES NEGATIVE NUMBERS.
R  INDICATES RECORD WAS SET OR TIED.
MM INDICATES DATA IS MISSING.
T  INDICATES TRACE AMOUNT.

$$

RAB
