000
CDUS41 KRNK 280917
CLIDAN


CLIMATE REPORT
NATIONAL WEATHER SERVICE BLACKSBURG VA
514 AM EDT THU AUG 28 2014


...................................

...THE DANVILLE VA CLIMATE SUMMARY FOR AUGUST 27 2014...

CLIMATE NORMAL PERIOD 1981 TO 2010
CLIMATE RECORD PERIOD 1948 TO 2014


WEATHER ITEM   OBSERVED TIME   RECORD YEAR NORMAL DEPARTURE LAST
                VALUE   (LST)  VALUE       VALUE  FROM      YEAR
                                                  NORMAL
..................................................................
TEMPERATURE (F)
 YESTERDAY
  MAXIMUM         86    415 PM 100    1953  85      1       89
  MINIMUM         57    540 AM  54    1952  66     -9       63
  AVERAGE         72                        76     -4

PRECIPITATION (IN)
  YESTERDAY        0.00          5.81 2008   0.14  -0.14     0.00
  MONTH TO DATE    6.23                      3.43   2.80     3.64
  SINCE JUN 1     11.19                     11.87  -0.68    21.08
  SINCE JAN 1     29.75                     29.75   0.00    41.29

SNOWFALL (IN)
  YESTERDAY        0.0
  MONTH TO DATE    0.0
  SINCE JUN 1      0.0
  SINCE JUL 1      0.0
  SNOW DEPTH       0

DEGREE DAYS
 HEATING
  YESTERDAY        0                         0      0
  MONTH TO DATE    0                         0      0
  SINCE JUN 1      0                         3     -3
  SINCE JUL 1      0                         0      0

 COOLING
  YESTERDAY        7                        11     -4
  MONTH TO DATE  243                       334    -91
  SINCE JUN 1    971                      1043    -72
  SINCE JAN 1   1132                      1187    -55
..................................................................


WIND (MPH)
  HIGHEST WIND SPEED    12   HIGHEST WIND DIRECTION    NW (330)
  HIGHEST GUST SPEED    16   HIGHEST GUST DIRECTION    NW (330)
  AVERAGE WIND SPEED     3.3


SKY COVER
  POSSIBLE SUNSHINE  MM
  AVERAGE SKY COVER 0.0


WEATHER CONDITIONS
 THE FOLLOWING WEATHER WAS RECORDED YESTERDAY.
  NO SIGNIFICANT WEATHER WAS OBSERVED.


RELATIVE HUMIDITY (PERCENT)
 HIGHEST    97           100 AM
 LOWEST     40           100 PM
 AVERAGE    69

..........................................................


THE DANVILLE VA CLIMATE NORMALS FOR TODAY
                         NORMAL    RECORD    YEAR
 MAXIMUM TEMPERATURE (F)   85       101      1948
 MINIMUM TEMPERATURE (F)   66        54      1969


SUNRISE AND SUNSET
AUGUST 28 2014........SUNRISE   645 AM EDT   SUNSET   751 PM EDT
AUGUST 29 2014........SUNRISE   646 AM EDT   SUNSET   750 PM EDT


-  INDICATES NEGATIVE NUMBERS.
R  INDICATES RECORD WAS SET OR TIED.
MM INDICATES DATA IS MISSING.
T  INDICATES TRACE AMOUNT.



$$
