000
CDUS41 KRNK 250618
CLIDAN


CLIMATE REPORT
NATIONAL WEATHER SERVICE BLACKSBURG VA
215 AM EDT TUE APR 25 2017


...................................

...THE DANVILLE VA CLIMATE SUMMARY FOR APRIL 24 2017...

CLIMATE NORMAL PERIOD 1981 TO 2010
CLIMATE RECORD PERIOD 1948 TO 2017


WEATHER ITEM   OBSERVED TIME   RECORD YEAR NORMAL DEPARTURE LAST
                VALUE   (LST)  VALUE       VALUE  FROM      YEAR
                                                  NORMAL
..................................................................
TEMPERATURE (F)
 YESTERDAY
  MAXIMUM         53    738 PM  95    1960  73    -20       73
  MINIMUM         48    743 AM  29    2012  49     -1       43
  AVERAGE         51                        61    -10       58

PRECIPITATION (IN)
  YESTERDAY        1.94R         1.30 1983   0.12   1.82     0.00
  MONTH TO DATE    5.58                      2.81   2.77     1.16
  SINCE MAR 1      8.23                      6.92   1.31     3.49
  SINCE JAN 1     13.00                     13.35  -0.35    10.34

SNOWFALL (IN)
  YESTERDAY        0.0                                       0.0
  MONTH TO DATE    0.0                                       0.0
  SINCE MAR 1      T                                         0.0
  SINCE JUL 1      8.8                                      11.1
  SNOW DEPTH       0

DEGREE DAYS
 HEATING
  YESTERDAY       14                         5      9        7
  MONTH TO DATE  128                       202    -74      220
  SINCE MAR 1    606                       712   -106      513
  SINCE JUL 1   3062                      3713   -651     2975

 COOLING
  YESTERDAY        0                         1     -1        0
  MONTH TO DATE   41                        23     18        7
  SINCE MAR 1     44                        26     18       28
  SINCE JAN 1     49                        26     23       28
..................................................................


WIND (MPH)
  HIGHEST WIND SPEED    24   HIGHEST WIND DIRECTION    NE (40)
  HIGHEST GUST SPEED    33   HIGHEST GUST DIRECTION    NE (50)
  AVERAGE WIND SPEED    13.5


SKY COVER
  AVERAGE SKY COVER 1.0


WEATHER CONDITIONS
 THE FOLLOWING WEATHER WAS RECORDED YESTERDAY.
  HEAVY RAIN
  RAIN
  LIGHT RAIN
  FOG


RELATIVE HUMIDITY (PERCENT)
 HIGHEST   100          1200 AM
 LOWEST     93           900 AM
 AVERAGE    97

..........................................................


THE DANVILLE VA CLIMATE NORMALS FOR TODAY
                         NORMAL    RECORD    YEAR
 MAXIMUM TEMPERATURE (F)   73        95      1960
 MINIMUM TEMPERATURE (F)   49        33      2012
                                             1949


SUNRISE AND SUNSET
APRIL 25 2017.........SUNRISE   630 AM EDT   SUNSET   801 PM EDT
APRIL 26 2017.........SUNRISE   629 AM EDT   SUNSET   801 PM EDT


-  INDICATES NEGATIVE NUMBERS.
R  INDICATES RECORD WAS SET OR TIED.
MM INDICATES DATA IS MISSING.
T  INDICATES TRACE AMOUNT.

$$

RAB
