000
CDUS41 KRNK 182126
CLIDAN


CLIMATE REPORT
NATIONAL WEATHER SERVICE BLACKSBURG VA
525 PM EDT THU SEP 18 2014


...................................

...THE DANVILLE VA CLIMATE SUMMARY FOR SEPTEMBER 18 2014...
VALID TODAY AS OF 0500 PM LOCAL TIME.

CLIMATE NORMAL PERIOD 1981 TO 2010
CLIMATE RECORD PERIOD 1948 TO 2014


WEATHER ITEM   OBSERVED TIME   RECORD YEAR NORMAL DEPARTURE LAST
                VALUE   (LST)  VALUE       VALUE  FROM      YEAR
                                                  NORMAL
..................................................................
TEMPERATURE (F)
 TODAY
  MAXIMUM         80    151 PM  97    1954  79      1       73
  MINIMUM         59    230 AM  46    2000  59      0       47
  AVERAGE         70                        69      1

PRECIPITATION (IN)
  TODAY            0.00          1.79 2003   0.14  -0.14     0.00
  MONTH TO DATE    3.10                      2.42   0.68     0.24
  SINCE SEP 1      3.10                      2.42   0.68     0.24
  SINCE JAN 1     32.85                     32.71   0.14    41.55

SNOWFALL (IN)
  TODAY            0.0
  MONTH TO DATE    0.0
  SINCE SEP 1      0.0
  SINCE JUL 1      0.0
  SNOW DEPTH       0

DEGREE DAYS
 HEATING
  TODAY            0                         1     -1
  MONTH TO DATE    0                         5     -5
  SINCE SEP 1      0                         5     -5
  SINCE JUL 1      0                         5     -5

 COOLING
  TODAY            5                         5      0
  MONTH TO DATE  168                       133     35
  SINCE SEP 1    168                       133     35
  SINCE JAN 1   1357                      1360     -3
..................................................................


WIND (MPH)
  HIGHEST WIND SPEED     7   HIGHEST WIND DIRECTION    SW (240)
  HIGHEST GUST SPEED     9   HIGHEST GUST DIRECTION     S (190)
  AVERAGE WIND SPEED     0.6


SKY COVER
  POSSIBLE SUNSHINE  MM
  AVERAGE SKY COVER 0.5


WEATHER CONDITIONS
 THE FOLLOWING WEATHER WAS RECORDED TODAY.
  FOG


RELATIVE HUMIDITY (PERCENT)
 HIGHEST    90           200 AM
 LOWEST     52           200 PM
 AVERAGE    71

..........................................................


THE DANVILLE VA CLIMATE NORMALS FOR TOMORROW
                         NORMAL    RECORD    YEAR
 MAXIMUM TEMPERATURE (F)   79        96      1970
 MINIMUM TEMPERATURE (F)   59        43      1984


SUNRISE AND SUNSET
SEPTEMBER 18 2014.....SUNRISE   702 AM EDT   SUNSET   720 PM EDT
SEPTEMBER 19 2014.....SUNRISE   703 AM EDT   SUNSET   719 PM EDT


-  INDICATES NEGATIVE NUMBERS.
R  INDICATES RECORD WAS SET OR TIED.
MM INDICATES DATA IS MISSING.
T  INDICATES TRACE AMOUNT.




$$
