000
CDUS41 KRNK 192228
CLIDAN


CLIMATE REPORT
NATIONAL WEATHER SERVICE BLACKSBURG VA
525 PM EST FRI JAN 19 2018


...................................

...THE DANVILLE VA CLIMATE SUMMARY FOR JANUARY 19 2018...
VALID TODAY AS OF 0500 PM LOCAL TIME.

CLIMATE NORMAL PERIOD 1981 TO 2010
CLIMATE RECORD PERIOD 1948 TO 2018


WEATHER ITEM   OBSERVED TIME   RECORD YEAR NORMAL DEPARTURE LAST
                VALUE   (LST)  VALUE       VALUE  FROM      YEAR
                                                  NORMAL
..................................................................
TEMPERATURE (F)
 TODAY
  MAXIMUM         50    450 PM  71    1951  46      4       62
  MINIMUM         15    545 AM   0    1994  29    -14       31
  AVERAGE         33                        38     -5       47

PRECIPITATION (IN)
  TODAY            0.00          0.96 1984   0.10  -0.10     0.00
  MONTH TO DATE    1.21                      2.06  -0.85     2.05
  SINCE DEC 1      1.95                      5.33  -3.38     3.67
  SINCE JAN 1      1.21                      2.06  -0.85     2.05

SNOWFALL (IN)
  TODAY            0.0                                       0.0
  MONTH TO DATE    8.8                                       8.8
  SINCE DEC 1     13.7                                       8.8
  SINCE JUL 1     13.7                                       8.8
  SNOW DEPTH      MM

DEGREE DAYS
 HEATING
  TODAY           32                        27      5       18
  MONTH TO DATE  434                       524    -90      463
  SINCE DEC 1   1216                      1297    -81     1197
  SINCE JUL 1   1938                      2006    -68     1767

 COOLING
  TODAY            0                         0      0        0
  MONTH TO DATE    0                         0      0        0
  SINCE DEC 1      0                         0      0        0
  SINCE JAN 1      0                         0      0        0
..................................................................


WIND (MPH)
  HIGHEST WIND SPEED    12   HIGHEST WIND DIRECTION    SW (240)
  HIGHEST GUST SPEED    14   HIGHEST GUST DIRECTION     W (260)
  AVERAGE WIND SPEED     5.8


SKY COVER
  AVERAGE SKY COVER 0.0


WEATHER CONDITIONS
 THE FOLLOWING WEATHER WAS RECORDED TODAY.
  NO SIGNIFICANT WEATHER WAS OBSERVED.


RELATIVE HUMIDITY (PERCENT)
 HIGHEST    80           600 AM
 LOWEST     19           300 PM
 AVERAGE    50

..........................................................


THE DANVILLE VA CLIMATE NORMALS FOR TOMORROW
                         NORMAL    RECORD    YEAR
 MAXIMUM TEMPERATURE (F)   46        71      1951
 MINIMUM TEMPERATURE (F)   29        -1      1994


SUNRISE AND SUNSET
JANUARY 19 2018.......SUNRISE   727 AM EST   SUNSET   529 PM EST
JANUARY 20 2018.......SUNRISE   727 AM EST   SUNSET   530 PM EST


-  INDICATES NEGATIVE NUMBERS.
R  INDICATES RECORD WAS SET OR TIED.
MM INDICATES DATA IS MISSING.
T  INDICATES TRACE AMOUNT.

REMARKS:
DUE TO MISSING DATA FROM JANUARY 4-9...ALL INFORMATION WILL BE
CALCULATED WITHOUT DATA FROM THESE DATES.

$$
