000
CDUS41 KRNK 262130
CLIDAN


CLIMATE REPORT
NATIONAL WEATHER SERVICE BLACKSBURG VA
525 PM EDT THU MAY 26 2016


...................................

...THE DANVILLE VA CLIMATE SUMMARY FOR MAY 26 2016...
VALID TODAY AS OF 0500 PM LOCAL TIME.

CLIMATE NORMAL PERIOD 1981 TO 2010
CLIMATE RECORD PERIOD 1948 TO 2016


WEATHER ITEM   OBSERVED TIME   RECORD YEAR NORMAL DEPARTURE LAST
                VALUE   (LST)  VALUE       VALUE  FROM      YEAR
                                                  NORMAL
..................................................................
TEMPERATURE (F)
 TODAY
  MAXIMUM         86    249 PM  96    1953  79      7       87
  MINIMUM         58    540 AM  44    2013  59     -1       62
                                      1963
  AVERAGE         72                        69      3       75

PRECIPITATION (IN)
  TODAY            0.00          1.20 2001   0.14  -0.14     0.00
  MONTH TO DATE    7.22                      3.18   4.04     1.09
  SINCE MAR 1     12.35                     10.75   1.60     6.06
  SINCE JAN 1     19.20                     17.18   2.02     9.85

SNOWFALL (IN)
  TODAY            0.0                                       0.0
  MONTH TO DATE    0.0                                       0.0
  SINCE MAR 1      0.0                                        T
  SINCE JUL 1     11.1                                       9.8
  SNOW DEPTH       0

DEGREE DAYS
 HEATING
  TODAY            0                         1     -1        0
  MONTH TO DATE   79                        64     15       24
  SINCE MAR 1    599                       806   -207      680
  SINCE JUL 1   3061                      3807   -746     3774

 COOLING
  TODAY            7                         5      2       10
  MONTH TO DATE   51                        82    -31      134
  SINCE MAR 1     98                       116    -18      168
  SINCE JAN 1     98                       116    -18      168
..................................................................


WIND (MPH)
  HIGHEST WIND SPEED    13   HIGHEST WIND DIRECTION     W (250)
  HIGHEST GUST SPEED    24   HIGHEST GUST DIRECTION    SW (220)
  AVERAGE WIND SPEED     3.7


SKY COVER
  AVERAGE SKY COVER 0.1


WEATHER CONDITIONS
 THE FOLLOWING WEATHER WAS RECORDED TODAY.
  NO SIGNIFICANT WEATHER WAS OBSERVED.


RELATIVE HUMIDITY (PERCENT)
 HIGHEST   100           500 AM
 LOWEST     48           300 PM
 AVERAGE    74

..........................................................


THE DANVILLE VA CLIMATE NORMALS FOR TOMORROW
                         NORMAL    RECORD    YEAR
 MAXIMUM TEMPERATURE (F)   80        98      1965
 MINIMUM TEMPERATURE (F)   59        31      1961


SUNRISE AND SUNSET
MAY 26 2016...........SUNRISE   603 AM EDT   SUNSET   827 PM EDT
MAY 27 2016...........SUNRISE   602 AM EDT   SUNSET   827 PM EDT


-  INDICATES NEGATIVE NUMBERS.
R  INDICATES RECORD WAS SET OR TIED.
MM INDICATES DATA IS MISSING.
T  INDICATES TRACE AMOUNT.

REMARKS:

DUE TO A SENSOR FAILURE CAUSING MISSING TEMPERATURES ON FEBRUARY
25...THE SEASONAL HEATING DEGREE DAY TOTAL AND DEPARTURE FROM
NORMAL WILL BE CALCULATED WITHOUT DATA FROM THIS DATE.

$$
