000
CDUS41 KRNK 200715
CLIDAN


CLIMATE REPORT
NATIONAL WEATHER SERVICE BLACKSBURG VA
313 AM EDT WED SEP 20 2017


...................................

...THE DANVILLE VA CLIMATE SUMMARY FOR SEPTEMBER 19 2017...

CLIMATE NORMAL PERIOD 1981 TO 2010
CLIMATE RECORD PERIOD 1948 TO 2017


WEATHER ITEM   OBSERVED TIME   RECORD YEAR NORMAL DEPARTURE LAST
                VALUE   (LST)  VALUE       VALUE  FROM      YEAR
                                                  NORMAL
..................................................................
TEMPERATURE (F)
 YESTERDAY
  MAXIMUM         84    343 PM  96    1970  79      5       81
  MINIMUM         64   1159 PM  43    1984  59      5       69
  AVERAGE         74                        69      5       75

PRECIPITATION (IN)
  YESTERDAY        0.00          0.85 2000   0.13  -0.13     0.72
  MONTH TO DATE    2.60                      2.55   0.05     0.87
  SINCE SEP 1      2.60                      2.55   0.05     0.87
  SINCE JAN 1     36.70                     32.84   3.86    37.13

SNOWFALL (IN)
  YESTERDAY        0.0                                       0.0
  MONTH TO DATE    0.0                                       0.0
  SINCE SEP 1      0.0                                       0.0
  SINCE JUL 1      0.0                                       0.0
  SNOW DEPTH       0

DEGREE DAYS
 HEATING
  YESTERDAY        0                         1     -1        0
  MONTH TO DATE   30                         6     24        0
  SINCE SEP 1     30                         6     24        0
  SINCE JUL 1     30                         6     24        0

 COOLING
  YESTERDAY        9                         5      4       10
  MONTH TO DATE   71                       138    -67      209
  SINCE SEP 1     71                       138    -67      209
  SINCE JAN 1   1245                      1365   -120     1514
..................................................................


WIND (MPH)
  HIGHEST WIND SPEED    10   HIGHEST WIND DIRECTION     N (350)
  HIGHEST GUST SPEED    13   HIGHEST GUST DIRECTION    NW (320)
  AVERAGE WIND SPEED     4.6


SKY COVER
  AVERAGE SKY COVER 0.1


WEATHER CONDITIONS
 THE FOLLOWING WEATHER WAS RECORDED YESTERDAY.
  NO SIGNIFICANT WEATHER WAS OBSERVED.


RELATIVE HUMIDITY (PERCENT)
 HIGHEST   100          1200 AM
 LOWEST     55           300 PM
 AVERAGE    78

..........................................................


THE DANVILLE VA CLIMATE NORMALS FOR TODAY
                         NORMAL    RECORD    YEAR
 MAXIMUM TEMPERATURE (F)   78        96      1978
 MINIMUM TEMPERATURE (F)   59        41      1959


SUNRISE AND SUNSET
SEPTEMBER 20 2017.....SUNRISE   704 AM EDT   SUNSET   717 PM EDT
SEPTEMBER 21 2017.....SUNRISE   705 AM EDT   SUNSET   715 PM EDT


-  INDICATES NEGATIVE NUMBERS.
R  INDICATES RECORD WAS SET OR TIED.
MM INDICATES DATA IS MISSING.
T  INDICATES TRACE AMOUNT.

REMARKS:
DUE TO MISSING RAINFALL ON AUGUST 21-24...ALL PRECIPITATION DATA
WILL BE CALCULATED WITHOUT DATA FROM THESE DATES.


$$
