641
CDUS41 KRNK 240938
CLIDAN


CLIMATE REPORT
NATIONAL WEATHER SERVICE BLACKSBURG VA
434 AM EST TUE JAN 24 2017


...................................

...THE DANVILLE VA CLIMATE SUMMARY FOR JANUARY 23 2017...

CLIMATE NORMAL PERIOD 1981 TO 2010
CLIMATE RECORD PERIOD 1948 TO 2017


WEATHER ITEM   OBSERVED TIME   RECORD YEAR NORMAL DEPARTURE LAST
                VALUE   (LST)  VALUE       VALUE  FROM      YEAR
                                                  NORMAL
..................................................................
TEMPERATURE (F)
 YESTERDAY
  MAXIMUM         52    102 PM  71    1967  46      6       32
  MINIMUM         41   1159 PM   8    1984  29     12       23
  AVERAGE         47                        38      9       28

PRECIPITATION (IN)
  YESTERDAY        1.00          1.89 1954   0.11   0.89     0.01
  MONTH TO DATE    3.88                      2.48   1.40     2.52
  SINCE DEC 1      5.50                      5.75  -0.25     8.08
  SINCE JAN 1      3.88                      2.48   1.40     2.52

SNOWFALL (IN)
  YESTERDAY        0.0                                        T
  MONTH TO DATE    8.8                                       9.2
  SINCE DEC 1      8.8                                       9.2
  SINCE JUL 1      8.8                                       9.2
  SNOW DEPTH       0

DEGREE DAYS
 HEATING
  YESTERDAY       18                        27     -9       37
  MONTH TO DATE  525                       632   -107      678
  SINCE DEC 1   1259                      1405   -146     1069
  SINCE JUL 1   1829                      2114   -285     1611

 COOLING
  YESTERDAY        0                         0      0        0
  MONTH TO DATE    0                         0      0        0
  SINCE DEC 1      0                         0      0       11
  SINCE JAN 1      0                         0      0        0
..................................................................


WIND (MPH)
  HIGHEST WIND SPEED    22   HIGHEST WIND DIRECTION    NE (50)
  HIGHEST GUST SPEED    32   HIGHEST GUST DIRECTION    NE (50)
  AVERAGE WIND SPEED    10.7


SKY COVER
  AVERAGE SKY COVER 1.0


WEATHER CONDITIONS
 THE FOLLOWING WEATHER WAS RECORDED YESTERDAY.
  HEAVY RAIN
  RAIN
  LIGHT RAIN
  FOG


RELATIVE HUMIDITY (PERCENT)
 HIGHEST   100          1200 AM
 LOWEST     89           900 PM
 AVERAGE    95

..........................................................


THE DANVILLE VA CLIMATE NORMALS FOR TODAY
                         NORMAL    RECORD    YEAR
 MAXIMUM TEMPERATURE (F)   46        76      1967
 MINIMUM TEMPERATURE (F)   29         4      1963


SUNRISE AND SUNSET
JANUARY 24 2017.......SUNRISE   724 AM EST   SUNSET   535 PM EST
JANUARY 25 2017.......SUNRISE   724 AM EST   SUNSET   536 PM EST


-  INDICATES NEGATIVE NUMBERS.
R  INDICATES RECORD WAS SET OR TIED.
MM INDICATES DATA IS MISSING.
T  INDICATES TRACE AMOUNT.

$$
RCS
