000
CDUS41 KILN 270558
CLIDAY


CLIMATE REPORT
NATIONAL WEATHER SERVICE WILMINGTON OH
157 AM EDT SAT MAY 27 2017


...................................

...THE DAYTON OH CLIMATE SUMMARY FOR MAY 26 2017...

CLIMATE NORMAL PERIOD 1981 TO 2010
CLIMATE RECORD PERIOD 1869 TO 2017


WEATHER ITEM   OBSERVED TIME   RECORD YEAR NORMAL DEPARTURE LAST
                VALUE   (LST)  VALUE       VALUE  FROM      YEAR
                                                  NORMAL
..................................................................
TEMPERATURE (F)
 YESTERDAY
  MAXIMUM         76    555 PM  95    1911  74      2       80
  MINIMUM         55    546 AM  37    1983  55      0       65
                                      1897
  AVERAGE         66                        64      2       73

PRECIPITATION (IN)
  YESTERDAY        1.44          1.78 1989   0.15   1.29      T
  MONTH TO DATE    6.39                      3.90   2.49     2.75
  SINCE MAR 1     16.80                     11.33   5.47    11.20
  SINCE JAN 1     21.74                     16.28   5.46    16.02

SNOWFALL (IN)
  YESTERDAY        0.0           0.0    MM   0.0    0.0      0.0
  MONTH TO DATE    0.0                       0.0    0.0      0.0
  SINCE MAR 1      1.3                       4.0   -2.7      2.1
  SINCE JUL 1      8.5                      23.3  -14.8     12.7
  SNOW DEPTH       0

DEGREE DAYS
 HEATING
  YESTERDAY        0                         3     -3        0
  MONTH TO DATE  160                       154      6      188
  SINCE MAR 1   1125                      1330   -205     1136
  SINCE JUL 1   4555                      5605  -1050     4677

 COOLING
  YESTERDAY        1                         3     -2        8
  MONTH TO DATE   40                        44     -4       25
  SINCE MAR 1     73                        54     19       29
  SINCE JAN 1     73                        54     19       29
..................................................................


WIND (MPH)
  RESULTANT WIND SPEED   9   RESULTANT WIND DIRECTION   W (260)
  HIGHEST WIND SPEED    24   HIGHEST WIND DIRECTION     S (190)
  HIGHEST GUST SPEED    30   HIGHEST GUST DIRECTION     S (190)
  AVERAGE WIND SPEED    11.4



WEATHER CONDITIONS
 THE FOLLOWING WEATHER WAS RECORDED YESTERDAY.
  THUNDERSTORM
  HEAVY RAIN
  RAIN
  LIGHT RAIN
  FOG


RELATIVE HUMIDITY (PERCENT)
 HIGHEST    93           200 AM
 LOWEST     50           500 PM
 AVERAGE    72

..........................................................


THE DAYTON OH CLIMATE NORMALS FOR TODAY
                         NORMAL    RECORD    YEAR
 MAXIMUM TEMPERATURE (F)   75        95      1911
 MINIMUM TEMPERATURE (F)   55        33      1961


SUNRISE AND SUNSET
MAY 27 2017...........SUNRISE   613 AM EDT   SUNSET   856 PM EDT
MAY 28 2017...........SUNRISE   612 AM EDT   SUNSET   857 PM EDT


-  INDICATES NEGATIVE NUMBERS.
R  INDICATES RECORD WAS SET OR TIED.
MM INDICATES DATA IS MISSING.
T  INDICATES TRACE AMOUNT.




$$
