000
CDUS41 KILN 242050
CLIDAY


CLIMATE REPORT
NATIONAL WEATHER SERVICE WILMINGTON OH
450 PM EDT SAT SEP 24 2016


...................................

...THE DAYTON OH CLIMATE SUMMARY FOR SEPTEMBER 24 2016...
VALID TODAY AS OF 0400 PM LOCAL TIME.

CLIMATE NORMAL PERIOD 1981 TO 2010
CLIMATE RECORD PERIOD 1869 TO 2016


WEATHER ITEM   OBSERVED TIME   RECORD YEAR NORMAL DEPARTURE LAST
                VALUE   (LST)  VALUE       VALUE  FROM      YEAR
                                                  NORMAL
..................................................................
TEMPERATURE (F)
 TODAY
  MAXIMUM         79    314 PM  94    1908  73      6       83
  MINIMUM         67    945 AM  33    1950  52     15       54
  AVERAGE         73                        62     11       69

PRECIPITATION (IN)
  TODAY            0.00          1.15 1945   0.11  -0.11     0.00
  MONTH TO DATE    1.90                      2.67  -0.77     0.77
  SINCE SEP 1      1.90                      2.67  -0.77     0.77
  SINCE JAN 1     28.43                     30.98  -2.55    30.51

SNOWFALL (IN)
  TODAY            0.0          MM      MM   0.0    0.0      0.0
  MONTH TO DATE    0.0                       0.0    0.0      0.0
  SINCE SEP 1      0.0                       0.0    0.0      0.0
  SINCE JUL 1      0.0                       0.0    0.0      0.0
  SNOW DEPTH       0

DEGREE DAYS
 HEATING
  TODAY            0                         5     -5        0
  MONTH TO DATE    0                        53    -53       23
  SINCE SEP 1      0                        53    -53       23
  SINCE JUL 1      3                        55    -52       32

 COOLING
  TODAY            8                         2      6        4
  MONTH TO DATE  172                        90     82      145
  SINCE SEP 1    172                        90     82      145
  SINCE JAN 1   1200                       872    328     1046
..................................................................


WIND (MPH)
  RESULTANT WIND SPEED   7   RESULTANT WIND DIRECTION  NE (40)
  HIGHEST WIND SPEED    15   HIGHEST WIND DIRECTION     N (20)
  HIGHEST GUST SPEED    17   HIGHEST GUST DIRECTION    NE (30)
  AVERAGE WIND SPEED     7.3


SKY COVER
  POSSIBLE SUNSHINE  MM
  AVERAGE SKY COVER 0.9


WEATHER CONDITIONS
 THE FOLLOWING WEATHER WAS RECORDED TODAY.
  FOG


RELATIVE HUMIDITY (PERCENT)
 HIGHEST    93           200 AM
 LOWEST     69           200 PM
 AVERAGE    81

..........................................................


THE DAYTON OH CLIMATE NORMALS FOR TOMORROW
                         NORMAL    RECORD    YEAR
 MAXIMUM TEMPERATURE (F)   72        94      1908
                                             1900
 MINIMUM TEMPERATURE (F)   51        35      1903


SUNRISE AND SUNSET
SEPTEMBER 24 2016.....SUNRISE   727 AM EDT   SUNSET   730 PM EDT
SEPTEMBER 25 2016.....SUNRISE   728 AM EDT   SUNSET   728 PM EDT


-  INDICATES NEGATIVE NUMBERS.
R  INDICATES RECORD WAS SET OR TIED.
MM INDICATES DATA IS MISSING.
T  INDICATES TRACE AMOUNT.




$$
