000
CDUS41 KILN 290542
CLIDAY


CLIMATE REPORT
NATIONAL WEATHER SERVICE WILMINGTON OH
1241 AM EST SAT NOV 29 2014


...................................

...THE DAYTON OH CLIMATE SUMMARY FOR NOVEMBER 28 2014...

CLIMATE NORMAL PERIOD 1981 TO 2010
CLIMATE RECORD PERIOD 1869 TO 2014


WEATHER ITEM   OBSERVED TIME   RECORD YEAR NORMAL DEPARTURE LAST
                VALUE   (LST)  VALUE       VALUE  FROM      YEAR
                                                  NORMAL
..................................................................
TEMPERATURE (F)
 YESTERDAY
  MAXIMUM         34    232 PM  69    1990  45    -11       33
  MINIMUM         18    554 AM   6    1930  30    -12       21
  AVERAGE         26                        37    -11       27

PRECIPITATION (IN)
  YESTERDAY        0.00          1.19 2005   0.11  -0.11     0.00
  MONTH TO DATE    1.94                      3.17  -1.23     1.60
  SINCE SEP 1      5.19                      9.40  -4.21     9.57
  SINCE JAN 1     33.09                     37.71  -4.62    31.95

SNOWFALL (IN)
  YESTERDAY        0.0           6.7  1958   0.0    0.0      0.0
  MONTH TO DATE    4.1                       0.5    3.6      1.0
  SINCE SEP 1      4.1                       0.9    3.2      2.0
  SINCE JUL 1      4.1                       0.9    3.2      2.0
  SNOW DEPTH       0

DEGREE DAYS
 HEATING
  YESTERDAY       39                        28     11       38
  MONTH TO DATE  786                       607    179      674
  SINCE SEP 1   1183                      1052    131     1049
  SINCE JUL 1   1190                      1054    136     1061

 COOLING
  YESTERDAY        0                         0      0        0
  MONTH TO DATE    0                         0      0        0
  SINCE SEP 1    107                       109     -2      175
  SINCE JAN 1    977                       891     86     1062
..................................................................


WIND (MPH)
  RESULTANT WIND SPEED   7   RESULTANT WIND DIRECTION   S (200)
  HIGHEST WIND SPEED    18   HIGHEST WIND DIRECTION     S (170)
  HIGHEST GUST SPEED    23   HIGHEST GUST DIRECTION     S (180)
  AVERAGE WIND SPEED     8.9



WEATHER CONDITIONS
 THE FOLLOWING WEATHER WAS RECORDED YESTERDAY.
  NO SIGNIFICANT WEATHER WAS OBSERVED.


RELATIVE HUMIDITY (PERCENT)
 HIGHEST    84           300 AM
 LOWEST     51           300 PM
 AVERAGE    68

..........................................................


THE DAYTON OH CLIMATE NORMALS FOR TODAY
                         NORMAL    RECORD    YEAR
 MAXIMUM TEMPERATURE (F)   44        70      1927
 MINIMUM TEMPERATURE (F)   30         2      1958


SUNRISE AND SUNSET
NOVEMBER 29 2014......SUNRISE   737 AM EST   SUNSET   513 PM EST
NOVEMBER 30 2014......SUNRISE   738 AM EST   SUNSET   513 PM EST


-  INDICATES NEGATIVE NUMBERS.
R  INDICATES RECORD WAS SET OR TIED.
MM INDICATES DATA IS MISSING.
T  INDICATES TRACE AMOUNT.




$$
