644
CDUS41 KILN 262057
CLIDAY


CLIMATE REPORT
NATIONAL WEATHER SERVICE WILMINGTON OH
457 PM EDT WED JUL 26 2017


...................................

...THE DAYTON OH CLIMATE SUMMARY FOR JULY 26 2017...
VALID TODAY AS OF 0400 PM LOCAL TIME.

CLIMATE NORMAL PERIOD 1981 TO 2010
CLIMATE RECORD PERIOD 1869 TO 2017


WEATHER ITEM   OBSERVED TIME   RECORD YEAR NORMAL DEPARTURE LAST
                VALUE   (LST)  VALUE       VALUE  FROM      YEAR
                                                  NORMAL
..................................................................
TEMPERATURE (F)
 TODAY
  MAXIMUM         82    259 PM 101    1901  84     -2       84
  MINIMUM         57    601 AM  52    1977  64     -7       70
                                      1962
                                      1911
  AVERAGE         70                        74     -4       77

PRECIPITATION (IN)
  TODAY            0.00          1.45 1992   0.12  -0.12      T
  MONTH TO DATE    4.54                      3.55   0.99     2.49
  SINCE JUN 1     11.97                      7.72   4.25     6.09
  SINCE JAN 1     33.82                     24.76   9.06    22.31

SNOWFALL (IN)
  TODAY            0.0           0.0    MM   0.0    0.0      0.0
  MONTH TO DATE    0.0                       0.0    0.0      0.0
  SINCE JUN 1      0.0                       0.0    0.0      0.0
  SINCE JUL 1      0.0                       0.0    0.0      0.0
  SNOW DEPTH       0

DEGREE DAYS
 HEATING
  TODAY            0                         0      0        0
  MONTH TO DATE    0                         0      0        3
  SINCE JUN 1     14                        22     -8        7
  SINCE JUL 1      0                         0      0        3

 COOLING
  TODAY            5                         9     -4       12
  MONTH TO DATE  247                       234     13      271
  SINCE JUN 1    435                       424     11      512
  SINCE JAN 1    527                       494     33      591
..................................................................


WIND (MPH)
  RESULTANT WIND SPEED   3   RESULTANT WIND DIRECTION  SE (140)
  HIGHEST WIND SPEED     9   HIGHEST WIND DIRECTION    SE (150)
  HIGHEST GUST SPEED    11   HIGHEST GUST DIRECTION    SW (210)
  AVERAGE WIND SPEED     4.3


SKY COVER
  POSSIBLE SUNSHINE  MM
  AVERAGE SKY COVER 0.3


WEATHER CONDITIONS
 THE FOLLOWING WEATHER WAS RECORDED TODAY.
  NO SIGNIFICANT WEATHER WAS OBSERVED.


RELATIVE HUMIDITY (PERCENT)
 HIGHEST    93           600 AM
 LOWEST     46           300 PM
 AVERAGE    70

..........................................................


THE DAYTON OH CLIMATE NORMALS FOR TOMORROW
                         NORMAL    RECORD    YEAR
 MAXIMUM TEMPERATURE (F)   84       104      1901
 MINIMUM TEMPERATURE (F)   64        50      1900


SUNRISE AND SUNSET
JULY 26 2017..........SUNRISE   630 AM EDT   SUNSET   856 PM EDT
JULY 27 2017..........SUNRISE   631 AM EDT   SUNSET   855 PM EDT


-  INDICATES NEGATIVE NUMBERS.
R  INDICATES RECORD WAS SET OR TIED.
MM INDICATES DATA IS MISSING.
T  INDICATES TRACE AMOUNT.




$$
