000
CDUS41 KILN 170541
CLIDAY


CLIMATE REPORT
NATIONAL WEATHER SERVICE WILMINGTON OH
140 AM EDT THU APR 17 2014


...................................

...THE DAYTON OH CLIMATE SUMMARY FOR APRIL 16 2014...

CLIMATE NORMAL PERIOD 1981 TO 2010
CLIMATE RECORD PERIOD 1869 TO 2014


WEATHER ITEM   OBSERVED TIME   RECORD YEAR NORMAL DEPARTURE LAST
                VALUE   (LST)  VALUE       VALUE  FROM      YEAR
                                                  NORMAL
..................................................................
TEMPERATURE (F)
 YESTERDAY
  MAXIMUM         49    425 PM  87    1896  62    -13       73
  MINIMUM         25    359 AM  23    1962  42    -17       53
  AVERAGE         37                        52    -15       63

PRECIPITATION (IN)
  YESTERDAY        0.00          1.96 1998   0.13  -0.13     0.55
  MONTH TO DATE    3.94                      2.10   1.84     1.99
  SINCE MAR 1      6.56                      5.44   1.12     5.15
  SINCE JAN 1     11.54                     10.39   1.15     9.54

SNOWFALL (IN)
  YESTERDAY        0.0           1.4  1961   0.0    0.0      0.0
  MONTH TO DATE    1.1                       0.5    0.6      0.0
  SINCE MAR 1      8.2                       3.9    4.3     14.2
  SINCE JUL 1     53.6                      23.2   30.4     35.9
  SNOW DEPTH       0

DEGREE DAYS
 HEATING
  YESTERDAY       28                        13     15        2
  MONTH TO DATE  214                       257    -43      215
  SINCE MAR 1   1091                      1021     70     1127
  SINCE JUL 1   5690                      5296    394     5177

 COOLING
  YESTERDAY        0                         0      0        0
  MONTH TO DATE    8                         0      8        9
  SINCE MAR 1      8                         0      8        9
  SINCE JAN 1      8                         0      8        9
..................................................................


WIND (MPH)
  RESULTANT WIND SPEED   8   RESULTANT WIND DIRECTION   E (110)
  HIGHEST WIND SPEED    20   HIGHEST WIND DIRECTION     E (110)
  HIGHEST GUST SPEED    24   HIGHEST GUST DIRECTION     E (110)
  AVERAGE WIND SPEED     8.5



WEATHER CONDITIONS
 THE FOLLOWING WEATHER WAS RECORDED YESTERDAY.
  NO SIGNIFICANT WEATHER WAS OBSERVED.


RELATIVE HUMIDITY (PERCENT)
 HIGHEST    69           700 AM
 LOWEST     34           500 PM
 AVERAGE    52

..........................................................


THE DAYTON OH CLIMATE NORMALS FOR TODAY
                         NORMAL    RECORD    YEAR
 MAXIMUM TEMPERATURE (F)   63        88      1896
 MINIMUM TEMPERATURE (F)   42        22      1904


SUNRISE AND SUNSET
APRIL 17 2014.........SUNRISE   656 AM EDT   SUNSET   817 PM EDT
APRIL 18 2014.........SUNRISE   655 AM EDT   SUNSET   818 PM EDT


-  INDICATES NEGATIVE NUMBERS.
R  INDICATES RECORD WAS SET OR TIED.
MM INDICATES DATA IS MISSING.
T  INDICATES TRACE AMOUNT.




$$
