000
CDUS41 KILN 060600
CLIDAY


CLIMATE REPORT
NATIONAL WEATHER SERVICE WILMINGTON OH
1255 AM EST FRI MAR 6 2015


...................................

...THE DAYTON OH CLIMATE SUMMARY FOR MARCH 5 2015...

CLIMATE NORMAL PERIOD 1981 TO 2010
CLIMATE RECORD PERIOD 1869 TO 2015


WEATHER ITEM   OBSERVED TIME   RECORD YEAR NORMAL DEPARTURE LAST
                VALUE   (LST)  VALUE       VALUE  FROM      YEAR
                                                  NORMAL
..................................................................
TEMPERATURE (F)
 YESTERDAY
  MAXIMUM         22    322 PM  77    1983  45    -23       33
  MINIMUM         11   1132 PM  -1    1978  28    -17       16
  AVERAGE         17                        36    -19       25

PRECIPITATION (IN)
  YESTERDAY        0.00          3.28 1897   0.10  -0.10      T
  MONTH TO DATE    1.10                      0.44   0.66     0.24
  SINCE MAR 1      1.10                      0.44   0.66     0.24
  SINCE JAN 1      5.46                      5.39   0.07     5.22

SNOWFALL (IN)
  YESTERDAY        0.0           4.2  1962   0.2   -0.2       T
  MONTH TO DATE    5.0                       0.8    4.2      2.7
  SINCE MAR 1      5.0                       0.8    4.2      2.7
  SINCE JUL 1     27.0                      20.1    6.9     48.1
  SNOW DEPTH       2

DEGREE DAYS
 HEATING
  YESTERDAY       48                        29     19       40
  MONTH TO DATE  196                       147     49      208
  SINCE MAR 1    196                       147     49      208
  SINCE JUL 1   4759                      4422    337     4807

 COOLING
  YESTERDAY        0                         0      0        0
  MONTH TO DATE    0                         0      0        0
  SINCE MAR 1      0                         0      0        0
  SINCE JAN 1      0                         0      0        0
..................................................................


WIND (MPH)
  RESULTANT WIND SPEED  11   RESULTANT WIND DIRECTION   N (350)
  HIGHEST WIND SPEED    21   HIGHEST WIND DIRECTION     N (10)
  HIGHEST GUST SPEED    31   HIGHEST GUST DIRECTION     N (340)
  AVERAGE WIND SPEED    10.6



WEATHER CONDITIONS
 THE FOLLOWING WEATHER WAS RECORDED YESTERDAY.
  NO SIGNIFICANT WEATHER WAS OBSERVED.


RELATIVE HUMIDITY (PERCENT)
 HIGHEST    73          1100 PM
 LOWEST     49          1100 AM
 AVERAGE    61

..........................................................


THE DAYTON OH CLIMATE NORMALS FOR TODAY
                         NORMAL    RECORD    YEAR
 MAXIMUM TEMPERATURE (F)   45        74      1910
 MINIMUM TEMPERATURE (F)   28         0      1901


SUNRISE AND SUNSET
MARCH  6 2015.........SUNRISE   703 AM EST   SUNSET   634 PM EST
MARCH  7 2015.........SUNRISE   701 AM EST   SUNSET   635 PM EST


-  INDICATES NEGATIVE NUMBERS.
R  INDICATES RECORD WAS SET OR TIED.
MM INDICATES DATA IS MISSING.
T  INDICATES TRACE AMOUNT.




$$
