000
CDUS41 KILN 302051
CLIDAY


CLIMATE REPORT
NATIONAL WEATHER SERVICE WILMINGTON OH
451 PM EDT THU MAR 30 2017


...................................

...THE DAYTON OH CLIMATE SUMMARY FOR MARCH 30 2017...
VALID TODAY AS OF 0400 PM LOCAL TIME.

CLIMATE NORMAL PERIOD 1981 TO 2010
CLIMATE RECORD PERIOD 1869 TO 2017


WEATHER ITEM   OBSERVED TIME   RECORD YEAR NORMAL DEPARTURE LAST
                VALUE   (LST)  VALUE       VALUE  FROM      YEAR
                                                  NORMAL
..................................................................
TEMPERATURE (F)
 TODAY
  MAXIMUM         77    230 PM  83    1910  55     22       70
  MINIMUM         48    454 AM  18    1964  36     12       36
                                      1923
                                      1915
  AVERAGE         63                        46     17       53

PRECIPITATION (IN)
  TODAY            0.00          1.41 1938   0.13  -0.13     0.06
  MONTH TO DATE    4.51                      3.21   1.30     4.12
  SINCE MAR 1      4.51                      3.21   1.30     4.12
  SINCE JAN 1      9.45                      8.16   1.29     8.94

SNOWFALL (IN)
  TODAY            0.0           7.9  1987   0.0    0.0      0.0
  MONTH TO DATE    1.3                       3.3   -2.0      1.4
  SINCE MAR 1      1.3                       3.3   -2.0      1.4
  SINCE JUL 1      8.5                      22.6  -14.1     12.0
  SNOW DEPTH       0

DEGREE DAYS
 HEATING
  TODAY            2                        19    -17       12
  MONTH TO DATE  714                       745    -31      532
  SINCE MAR 1    714                       745    -31      532
  SINCE JUL 1   4144                      5020   -876     4073

 COOLING
  TODAY            0                         0      0        0
  MONTH TO DATE    2                         0      2        0
  SINCE MAR 1      2                         0      2        0
  SINCE JAN 1      2                         0      2        0
..................................................................


WIND (MPH)
  RESULTANT WIND SPEED  10   RESULTANT WIND DIRECTION  SE (120)
  HIGHEST WIND SPEED    22   HIGHEST WIND DIRECTION     E (110)
  HIGHEST GUST SPEED    30   HIGHEST GUST DIRECTION     S (170)
  AVERAGE WIND SPEED    11.7


SKY COVER
  POSSIBLE SUNSHINE  MM
  AVERAGE SKY COVER 0.8


WEATHER CONDITIONS
 THE FOLLOWING WEATHER WAS RECORDED TODAY.
  THUNDERSTORM


RELATIVE HUMIDITY (PERCENT)
 HIGHEST    61           300 AM
 LOWEST     43           300 PM
 AVERAGE    52

..........................................................


THE DAYTON OH CLIMATE NORMALS FOR TOMORROW
                         NORMAL    RECORD    YEAR
 MAXIMUM TEMPERATURE (F)   56        82      1981
 MINIMUM TEMPERATURE (F)   36        12      1923


SUNRISE AND SUNSET
MARCH 30 2017.........SUNRISE   724 AM EDT   SUNSET   759 PM EDT
MARCH 31 2017.........SUNRISE   722 AM EDT   SUNSET   800 PM EDT


-  INDICATES NEGATIVE NUMBERS.
R  INDICATES RECORD WAS SET OR TIED.
MM INDICATES DATA IS MISSING.
T  INDICATES TRACE AMOUNT.




$$
