000
CDUS41 KILN 080612
CLIDAY


CLIMATE REPORT
NATIONAL WEATHER SERVICE WILMINGTON OH
110 AM EST THU DEC 8 2016


...................................

...THE DAYTON OH CLIMATE SUMMARY FOR DECEMBER 7 2016...

CLIMATE NORMAL PERIOD 1981 TO 2010
CLIMATE RECORD PERIOD 1869 TO 2016


WEATHER ITEM   OBSERVED TIME   RECORD YEAR NORMAL DEPARTURE LAST
                VALUE   (LST)  VALUE       VALUE  FROM      YEAR
                                                  NORMAL
..................................................................
TEMPERATURE (F)
 YESTERDAY
  MAXIMUM         37    304 PM  68    1998  41     -4       52
  MINIMUM         23    749 AM  -1    1977  27     -4       32
  AVERAGE         30                        34     -4       42

PRECIPITATION (IN)
  YESTERDAY        0.00          0.84 1956   0.11  -0.11      T
  MONTH TO DATE    0.79                      0.72   0.07     0.05
  SINCE DEC 1      0.79                      0.72   0.07     0.05
  SINCE JAN 1     33.58                     38.65  -5.07    36.78

SNOWFALL (IN)
  YESTERDAY        0.0           1.6  1950   0.1   -0.1      0.0
  MONTH TO DATE    0.0                       0.6   -0.6      0.2
  SINCE DEC 1      0.0                       0.6   -0.6      0.2
  SINCE JUL 1      T                         1.6   -1.6      0.2
  SNOW DEPTH       0

DEGREE DAYS
 HEATING
  YESTERDAY       35                        31      4       23
  MONTH TO DATE  206                       211     -5      192
  SINCE DEC 1    206                       211     -5      192
  SINCE JUL 1    979                      1322   -343     1028

 COOLING
  YESTERDAY        0                         0      0        0
  MONTH TO DATE    0                         0      0        0
  SINCE DEC 1      0                         0      0        0
  SINCE JAN 1   1247                       891    356     1078
..................................................................


WIND (MPH)
  RESULTANT WIND SPEED   9   RESULTANT WIND DIRECTION   W (260)
  HIGHEST WIND SPEED    18   HIGHEST WIND DIRECTION     W (280)
  HIGHEST GUST SPEED    25   HIGHEST GUST DIRECTION     W (290)
  AVERAGE WIND SPEED     9.7



WEATHER CONDITIONS
 THE FOLLOWING WEATHER WAS RECORDED YESTERDAY.
  NO SIGNIFICANT WEATHER WAS OBSERVED.


RELATIVE HUMIDITY (PERCENT)
 HIGHEST    85          1200 AM
 LOWEST     52           300 PM
 AVERAGE    69

..........................................................


THE DAYTON OH CLIMATE NORMALS FOR TODAY
                         NORMAL    RECORD    YEAR
 MAXIMUM TEMPERATURE (F)   40        66      1966
 MINIMUM TEMPERATURE (F)   26        -3      1917


SUNRISE AND SUNSET
DECEMBER  8 2016......SUNRISE   746 AM EST   SUNSET   512 PM EST
DECEMBER  9 2016......SUNRISE   747 AM EST   SUNSET   512 PM EST


-  INDICATES NEGATIVE NUMBERS.
R  INDICATES RECORD WAS SET OR TIED.
MM INDICATES DATA IS MISSING.
T  INDICATES TRACE AMOUNT.




$$
