000
CDUS41 KILN 250547
CLIDAY


CLIMATE REPORT
NATIONAL WEATHER SERVICE WILMINGTON OH
1246 AM EST THU DEC 25 2014


...................................

...THE DAYTON OH CLIMATE SUMMARY FOR DECEMBER 24 2014...

CLIMATE NORMAL PERIOD 1981 TO 2010
CLIMATE RECORD PERIOD 1869 TO 2014


WEATHER ITEM   OBSERVED TIME   RECORD YEAR NORMAL DEPARTURE LAST
                VALUE   (LST)  VALUE       VALUE  FROM      YEAR
                                                  NORMAL
..................................................................
TEMPERATURE (F)
 YESTERDAY
  MAXIMUM         56    328 PM  66    1964  36     20       26
  MINIMUM         38   1120 PM -15    1983  22     16       11
  AVERAGE         47                        29     18       19

PRECIPITATION (IN)
  YESTERDAY        0.21          1.77 1945   0.11   0.10     0.01
  MONTH TO DATE    2.40                      2.41  -0.01     4.42
  SINCE DEC 1      2.40                      2.41  -0.01     4.42
  SINCE JAN 1     35.59                     40.34  -4.75    36.37

SNOWFALL (IN)
  YESTERDAY        0.0           1.9  1960   0.2   -0.2      0.1
  MONTH TO DATE    0.1                       3.1   -3.0     12.5
  SINCE DEC 1      0.1                       3.1   -3.0     12.5
  SINCE JUL 1      4.2                       4.1    0.1     14.5
  SNOW DEPTH       0

DEGREE DAYS
 HEATING
  YESTERDAY       18                        36    -18       46
  MONTH TO DATE  691                       791   -100      769
  SINCE DEC 1    691                       791   -100      769
  SINCE JUL 1   1907                      1902      5     1893

 COOLING
  YESTERDAY        0                         0      0        0
  MONTH TO DATE    0                         0      0        0
  SINCE DEC 1      0                         0      0        0
  SINCE JAN 1    977                       891     86     1062
..................................................................


WIND (MPH)
  RESULTANT WIND SPEED   8   RESULTANT WIND DIRECTION  SW (210)
  HIGHEST WIND SPEED    32   HIGHEST WIND DIRECTION     W (270)
  HIGHEST GUST SPEED    42   HIGHEST GUST DIRECTION     W (250)
  AVERAGE WIND SPEED    13.6



WEATHER CONDITIONS
 THE FOLLOWING WEATHER WAS RECORDED YESTERDAY.
  RAIN
  LIGHT RAIN
  FOG


RELATIVE HUMIDITY (PERCENT)
 HIGHEST   100           100 AM
 LOWEST     79          1000 PM
 AVERAGE    90

..........................................................


THE DAYTON OH CLIMATE NORMALS FOR TODAY
                         NORMAL    RECORD    YEAR
 MAXIMUM TEMPERATURE (F)   36        65      1893
 MINIMUM TEMPERATURE (F)   22       -13      1983


SUNRISE AND SUNSET
DECEMBER 25 2014......SUNRISE   757 AM EST   SUNSET   517 PM EST
DECEMBER 26 2014......SUNRISE   757 AM EST   SUNSET   518 PM EST


-  INDICATES NEGATIVE NUMBERS.
R  INDICATES RECORD WAS SET OR TIED.
MM INDICATES DATA IS MISSING.
T  INDICATES TRACE AMOUNT.




$$
