000
CDUS43 KDVN 052236
CLIDBQ


CLIMATE REPORT
NATIONAL WEATHER SERVICE QUAD CITIES IA IL
435 PM CST THU MAR 5 2015


...................................

...THE DUBUQUE IA CLIMATE SUMMARY FOR MARCH 5 2015...
VALID TODAY AS OF 0400 PM LOCAL TIME.

CLIMATE NORMAL PERIOD 1981 TO 2010
CLIMATE RECORD PERIOD 1873 TO 2015


WEATHER ITEM   OBSERVED TIME   RECORD YEAR NORMAL DEPARTURE LAST
                VALUE   (LST)  VALUE       VALUE  FROM      YEAR
                                                  NORMAL
..................................................................
TEMPERATURE (F)
 TODAY
  MAXIMUM         10    248 PM  69    1921  39    -29       21
  MINIMUM        -12R   655 AM  -9    1978  22    -34       10
  AVERAGE         -1                        31    -32       16

PRECIPITATION (IN)
  TODAY            0.00          2.30 1959   0.06  -0.06     0.16
  MONTH TO DATE    0.18                      0.33  -0.15     0.52
  SINCE MAR 1      0.18                      0.33  -0.15     0.52
  SINCE JAN 1      2.47                      2.94  -0.47     3.00

SNOWFALL (IN)
  TODAY            0.0          MM      MM   0.2   -0.2      2.7
  MONTH TO DATE    1.1                       1.2   -0.1      8.2
  SINCE MAR 1      1.1                       1.2   -0.1      8.2
  SINCE JUL 1     30.7                      34.8   -4.1     59.9
  SNOW DEPTH       5

DEGREE DAYS
 HEATING
  TODAY           66                        34     32       49
  MONTH TO DATE  225                       176     49      287
  SINCE MAR 1    225                       176     49      287
  SINCE JUL 1   6073                      5569    504     6663

 COOLING
  TODAY            0                         0      0        0
  MONTH TO DATE    0                         0      0        0
  SINCE MAR 1      0                         0      0        0
  SINCE JAN 1      0                         0      0        0
..................................................................


WIND (MPH)
  HIGHEST WIND SPEED    15   HIGHEST WIND DIRECTION    NW (330)
  HIGHEST GUST SPEED    18   HIGHEST GUST DIRECTION    NW (320)
  AVERAGE WIND SPEED     9.1


SKY COVER
  POSSIBLE SUNSHINE  MM
  AVERAGE SKY COVER 0.0


WEATHER CONDITIONS
 THE FOLLOWING WEATHER WAS RECORDED TODAY.
  NO SIGNIFICANT WEATHER WAS OBSERVED.


RELATIVE HUMIDITY (PERCENT)
 HIGHEST    86           700 AM
 LOWEST     55          1100 AM
 AVERAGE    71

..........................................................


THE DUBUQUE IA CLIMATE NORMALS FOR TOMORROW
                         NORMAL    RECORD    YEAR
 MAXIMUM TEMPERATURE (F)   39        69      2000
 MINIMUM TEMPERATURE (F)   23       -11      1890


SUNRISE AND SUNSET
MARCH  5 2015.........SUNRISE   632 AM CST   SUNSET   557 PM CST
MARCH  6 2015.........SUNRISE   630 AM CST   SUNSET   558 PM CST


-  INDICATES NEGATIVE NUMBERS.
R  INDICATES RECORD WAS SET OR TIED.
MM INDICATES DATA IS MISSING.
T  INDICATES TRACE AMOUNT.




$$
