000
CDUS43 KDVN 122328 CCA
CLIDBQ

CLIMATE REPORT...CORRECTION
NATIONAL WEATHER SERVICE QUAD CITIES IA IL
528 PM CST FRI FEB 12 2016


...................................

...THE DUBUQUE IA CLIMATE SUMMARY FOR FEBRUARY 12 2016...
VALID TODAY AS OF 0400 PM LOCAL TIME.

CLIMATE NORMAL PERIOD 1981 TO 2010
CLIMATE RECORD PERIOD 1873 TO 2016


WEATHER ITEM   OBSERVED TIME   RECORD YEAR NORMAL DEPARTURE LAST
                VALUE   (LST)  VALUE       VALUE  FROM      YEAR
                                                  NORMAL
..................................................................
TEMPERATURE (F)
 TODAY
  MAXIMUM         18   1251 PM  67    1882  31    -13       11
  MINIMUM         10   1225 AM -20    1899  15     -5        2
  AVERAGE         14                        23     -9        7

PRECIPITATION (IN)
  TODAY            T             0.86 1894   0.05  -0.05      T
  MONTH TO DATE    0.32                      0.54  -0.22     1.09
  SINCE DEC 1      4.97                      3.55   1.42     2.95
  SINCE JAN 1      0.78                      1.71  -0.93     2.02

SNOWFALL (IN)
  TODAY            T            MM      MM   0.4   -0.4      0.1
  MONTH TO DATE    3.7                       4.3   -0.6     10.7
  SINCE DEC 1     15.8                      26.1  -10.3     21.4
  SINCE JUL 1     27.6                      28.9   -1.3     24.9
  SNOW DEPTH       2

DEGREE DAYS
 HEATING
  TODAY           51                        42      9       58
  MONTH TO DATE  521                       525     -4      594
  SINCE DEC 1   2699                      3262   -563     3140
  SINCE JUL 1   3906                      4762   -856     4922

 COOLING
  TODAY            0                         0      0        0
  MONTH TO DATE    0                         0      0        0
  SINCE DEC 1      0                         0      0        0
  SINCE JAN 1      0                         0      0        0
..................................................................


WIND (MPH)
  HIGHEST WIND SPEED    30   HIGHEST WIND DIRECTION    NW (320)
  HIGHEST GUST SPEED    37   HIGHEST GUST DIRECTION    NW (310)
  AVERAGE WIND SPEED    14.6


SKY COVER
  POSSIBLE SUNSHINE  MM
  AVERAGE SKY COVER 0.6


WEATHER CONDITIONS
 THE FOLLOWING WEATHER WAS RECORDED TODAY.
  LIGHT SNOW


RELATIVE HUMIDITY (PERCENT)
 HIGHEST    83           100 AM
 LOWEST     51           400 PM
 AVERAGE    67

..........................................................


THE DUBUQUE IA CLIMATE NORMALS FOR TOMORROW
                         NORMAL    RECORD    YEAR
 MAXIMUM TEMPERATURE (F)   31        57      1938
 MINIMUM TEMPERATURE (F)   15       -25      1905


SUNRISE AND SUNSET
FEBRUARY 12 2016......SUNRISE   704 AM CST   SUNSET   531 PM CST
FEBRUARY 13 2016......SUNRISE   703 AM CST   SUNSET   532 PM CST


-  INDICATES NEGATIVE NUMBERS.
R  INDICATES RECORD WAS SET OR TIED.
MM INDICATES DATA IS MISSING.
T  INDICATES TRACE AMOUNT.




$$
