000
CDUS43 KDVN 190922
CLIDBQ


CLIMATE REPORT
NATIONAL WEATHER SERVICE QUAD CITIES IA IL
421 AM CDT SAT APR 19 2014


...................................

...THE DUBUQUE IA CLIMATE SUMMARY FOR APRIL 18 2014...

CLIMATE NORMAL PERIOD 1981 TO 2010
CLIMATE RECORD PERIOD 1873 TO 2014


WEATHER ITEM   OBSERVED TIME   RECORD YEAR NORMAL DEPARTURE LAST
                VALUE   (LST)  VALUE       VALUE  FROM      YEAR
                                                  NORMAL
..................................................................
TEMPERATURE (F)
 YESTERDAY
  MAXIMUM         58    443 PM  86    1985  60     -2       59
  MINIMUM         28    535 AM  21    1983  39    -11       33
  AVERAGE         43                        49     -6       46

PRECIPITATION (IN)
  YESTERDAY        0.00          2.22 1882   0.13  -0.13     0.68
  MONTH TO DATE    3.71                      2.09   1.62     8.48
  SINCE MAR 1      4.85                      4.50   0.35    11.05
  SINCE JAN 1      7.33                      7.11   0.22    14.47

SNOWFALL (IN)
  YESTERDAY        0.0          MM      MM   0.1   -0.1       T
  MONTH TO DATE    0.7                       1.6   -0.9       T
  SINCE MAR 1     11.6                       7.9    3.7     12.6
  SINCE JUL 1     63.3                      41.5   21.8     54.5
  SNOW DEPTH       0

DEGREE DAYS
 HEATING
  YESTERDAY       22                        16      6       19
  MONTH TO DATE  391                       346     45      424
  SINCE MAR 1   1550                      1264    286     1597
  SINCE JUL 1   7926                      6657   1269     6847

 COOLING
  YESTERDAY        0                         0      0        0
  MONTH TO DATE    0                         0      0        0
  SINCE MAR 1      0                         0      0        0
  SINCE JAN 1      0                         0      0        0
..................................................................


WIND (MPH)
  HIGHEST WIND SPEED    18   HIGHEST WIND DIRECTION    SE (120)
  HIGHEST GUST SPEED    23   HIGHEST GUST DIRECTION    SE (120)
  AVERAGE WIND SPEED     7.0


SKY COVER
  POSSIBLE SUNSHINE  MM
  AVERAGE SKY COVER 0.0


WEATHER CONDITIONS
 THE FOLLOWING WEATHER WAS RECORDED YESTERDAY.
  FOG


RELATIVE HUMIDITY (PERCENT)
 HIGHEST    92           200 AM
 LOWEST     33           300 PM
 AVERAGE    63

..........................................................


THE DUBUQUE IA CLIMATE NORMALS FOR TODAY
                         NORMAL    RECORD    YEAR
 MAXIMUM TEMPERATURE (F)   60        83      1985
                                             1946
 MINIMUM TEMPERATURE (F)   39        22      1988


SUNRISE AND SUNSET
APRIL 19 2014.........SUNRISE   615 AM CDT   SUNSET   749 PM CDT
APRIL 20 2014.........SUNRISE   614 AM CDT   SUNSET   750 PM CDT


-  INDICATES NEGATIVE NUMBERS.
R  INDICATES RECORD WAS SET OR TIED.
MM INDICATES DATA IS MISSING.
T  INDICATES TRACE AMOUNT.




$$
