000
CDUS43 KDVN 252122
CLIDBQ


CLIMATE REPORT
NATIONAL WEATHER SERVICE QUAD CITIES IA IL
421 PM CDT MON SEP 25 2017


...................................

...THE DUBUQUE IA CLIMATE SUMMARY FOR SEPTEMBER 25 2017...
VALID TODAY AS OF 0400 PM LOCAL TIME.

CLIMATE NORMAL PERIOD 1981 TO 2010
CLIMATE RECORD PERIOD 1873 TO 2017


WEATHER ITEM   OBSERVED TIME   RECORD YEAR NORMAL DEPARTURE LAST
                VALUE   (LST)  VALUE       VALUE  FROM      YEAR
                                                  NORMAL
..................................................................
TEMPERATURE (F)
 TODAY
  MAXIMUM         87    238 PM  90    1920  69     18       80
  MINIMUM         64    631 AM  30    1942  47     17       57
  AVERAGE         76                        58     18       69

PRECIPITATION (IN)
  TODAY            0.00          3.38 1880   0.11  -0.11     0.00
  MONTH TO DATE    1.02                      2.95  -1.93     5.15
  SINCE SEP 1      1.02                      2.95  -1.93     5.15
  SINCE JAN 1     28.44                     28.93  -0.49    34.31

SNOWFALL (IN)
  TODAY            0.0          MM      MM   0.0    0.0      0.0
  MONTH TO DATE    0.0                       0.0    0.0      0.0
  SINCE SEP 1      0.0                       0.0    0.0      0.0
  SINCE JUL 1      0.0                       0.0    0.0      0.0
  SNOW DEPTH       0

DEGREE DAYS
 HEATING
  TODAY            0                         8     -8        0
  MONTH TO DATE   55                       107    -52       10
  SINCE SEP 1     55                       107    -52       10
  SINCE JUL 1     81                       134    -53       17

 COOLING
  TODAY           11                         1     10        4
  MONTH TO DATE   99                        57     42       87
  SINCE SEP 1     99                        57     42       87
  SINCE JAN 1    554                       633    -79      767
..................................................................


WIND (MPH)
  HIGHEST WIND SPEED    18   HIGHEST WIND DIRECTION     S (160)
  HIGHEST GUST SPEED    24   HIGHEST GUST DIRECTION    SE (150)
  AVERAGE WIND SPEED     6.5


SKY COVER
  POSSIBLE SUNSHINE  MM
  AVERAGE SKY COVER 0.0


WEATHER CONDITIONS
 THE FOLLOWING WEATHER WAS RECORDED TODAY.
  NO SIGNIFICANT WEATHER WAS OBSERVED.


RELATIVE HUMIDITY (PERCENT)
 HIGHEST    87           500 AM
 LOWEST     46           200 PM
 AVERAGE    67

..........................................................


THE DUBUQUE IA CLIMATE NORMALS FOR TOMORROW
                         NORMAL    RECORD    YEAR
 MAXIMUM TEMPERATURE (F)   68        89      1891
 MINIMUM TEMPERATURE (F)   47        31      1926


SUNRISE AND SUNSET
SEPTEMBER 25 2017.....SUNRISE   654 AM CDT   SUNSET   654 PM CDT
SEPTEMBER 26 2017.....SUNRISE   655 AM CDT   SUNSET   652 PM CDT


-  INDICATES NEGATIVE NUMBERS.
R  INDICATES RECORD WAS SET OR TIED.
MM INDICATES DATA IS MISSING.
T  INDICATES TRACE AMOUNT.




$$
