000
CDUS43 KDVN 282129
CLIDBQ


CLIMATE REPORT
NATIONAL WEATHER SERVICE QUAD CITIES IA IL
428 PM CDT WED SEP 28 2016


...................................

...THE DUBUQUE IA CLIMATE SUMMARY FOR SEPTEMBER 28 2016...
VALID TODAY AS OF 0400 PM LOCAL TIME.

CLIMATE NORMAL PERIOD 1981 TO 2010
CLIMATE RECORD PERIOD 1873 TO 2016


WEATHER ITEM   OBSERVED TIME   RECORD YEAR NORMAL DEPARTURE LAST
                VALUE   (LST)  VALUE       VALUE  FROM      YEAR
                                                  NORMAL
..................................................................
TEMPERATURE (F)
 TODAY
  MAXIMUM         62    259 PM  91    1952  68     -6       79
  MINIMUM         46    107 AM  29    1942  46      0       57
  AVERAGE         54                        57     -3       68

PRECIPITATION (IN)
  TODAY            0.00          1.74 1972   0.10  -0.10      T
  MONTH TO DATE    5.15                      3.27   1.88     2.91
  SINCE SEP 1      5.15                      3.27   1.88     2.91
  SINCE JAN 1     34.31                     29.25   5.06    25.74

SNOWFALL (IN)
  TODAY            0.0          MM      MM   0.0    0.0      0.0
  MONTH TO DATE    0.0                       0.0    0.0      0.0
  SINCE SEP 1      0.0                       0.0    0.0      0.0
  SINCE JUL 1      0.0                       0.0    0.0      0.0
  SNOW DEPTH       0

DEGREE DAYS
 HEATING
  TODAY           11                         9      2        0
  MONTH TO DATE   39                       133    -94       40
  SINCE SEP 1     39                       133    -94       40
  SINCE JUL 1     46                       160   -114       73

 COOLING
  TODAY            0                         1     -1        3
  MONTH TO DATE   87                        60     27      144
  SINCE SEP 1     87                        60     27      144
  SINCE JAN 1    767                       636    131      637
..................................................................


WIND (MPH)
  HIGHEST WIND SPEED    22   HIGHEST WIND DIRECTION     N (20)
  HIGHEST GUST SPEED    26   HIGHEST GUST DIRECTION     N (20)
  AVERAGE WIND SPEED    12.2


SKY COVER
  POSSIBLE SUNSHINE  MM
  AVERAGE SKY COVER 0.9


WEATHER CONDITIONS
 THE FOLLOWING WEATHER WAS RECORDED TODAY.
  FOG
  HAZE


RELATIVE HUMIDITY (PERCENT)
 HIGHEST    93           100 AM
 LOWEST     67           200 PM
 AVERAGE    80

..........................................................


THE DUBUQUE IA CLIMATE NORMALS FOR TOMORROW
                         NORMAL    RECORD    YEAR
 MAXIMUM TEMPERATURE (F)   67        93      1953
 MINIMUM TEMPERATURE (F)   46        28      1984


SUNRISE AND SUNSET
SEPTEMBER 28 2016.....SUNRISE   657 AM CDT   SUNSET   649 PM CDT
SEPTEMBER 29 2016.....SUNRISE   658 AM CDT   SUNSET   647 PM CDT


-  INDICATES NEGATIVE NUMBERS.
R  INDICATES RECORD WAS SET OR TIED.
MM INDICATES DATA IS MISSING.
T  INDICATES TRACE AMOUNT.




$$
