000
CDUS43 KDVN 242132
CLIDBQ


CLIMATE REPORT
NATIONAL WEATHER SERVICE QUAD CITIES IA IL
428 PM CDT WED AUG 24 2016


...................................

...THE DUBUQUE IA CLIMATE SUMMARY FOR AUGUST 24 2016...
VALID TODAY AS OF 0400 PM LOCAL TIME.

CLIMATE NORMAL PERIOD 1981 TO 2010
CLIMATE RECORD PERIOD 1873 TO 2016


WEATHER ITEM   OBSERVED TIME   RECORD YEAR NORMAL DEPARTURE LAST
                VALUE   (LST)  VALUE       VALUE  FROM      YEAR
                                                  NORMAL
..................................................................
TEMPERATURE (F)
 TODAY
  MAXIMUM         85    213 PM  99    1947  79      6       70
                                      1916
  MINIMUM         67    559 AM  43    1875  60      7       49
  AVERAGE         76                        69      7       60

PRECIPITATION (IN)
  TODAY            0.13          2.46 1963   0.12   0.01     0.00
  MONTH TO DATE    3.16                      3.45  -0.29     1.31
  SINCE JUN 1     17.62                     12.16   5.46    10.85
  SINCE JAN 1     28.57                     25.03   3.54    21.62

SNOWFALL (IN)
  TODAY            0.0          MM      MM   0.0    0.0      0.0
  MONTH TO DATE    0.0                       0.0    0.0      0.0
  SINCE JUN 1      0.0                       0.0    0.0       T
  SINCE JUL 1      0.0                       0.0    0.0      0.0
  SNOW DEPTH       0

DEGREE DAYS
 HEATING
  TODAY            0                         1     -1        5
  MONTH TO DATE    2                         9     -7       12
  SINCE JUN 1     20                        57    -37       48
  SINCE JUL 1      7                        17    -10       25

 COOLING
  TODAY           11                         5      6        0
  MONTH TO DATE  184                       145     39      138
  SINCE JUN 1    583                       508     75      450
  SINCE JAN 1    634                       545     89      486
..................................................................


WIND (MPH)
  HIGHEST WIND SPEED    22   HIGHEST WIND DIRECTION     S (180)
  HIGHEST GUST SPEED    27   HIGHEST GUST DIRECTION     S (180)
  AVERAGE WIND SPEED    12.3


SKY COVER
  POSSIBLE SUNSHINE  MM
  AVERAGE SKY COVER 0.8


WEATHER CONDITIONS
 THE FOLLOWING WEATHER WAS RECORDED TODAY.
  THUNDERSTORM
  HEAVY RAIN
  RAIN
  LIGHT RAIN
  FOG


RELATIVE HUMIDITY (PERCENT)
 HIGHEST   100           600 AM
 LOWEST     65           200 PM
 AVERAGE    83

..........................................................


THE DUBUQUE IA CLIMATE NORMALS FOR TOMORROW
                         NORMAL    RECORD    YEAR
 MAXIMUM TEMPERATURE (F)   79        95      1948
 MINIMUM TEMPERATURE (F)   59        42      1958


SUNRISE AND SUNSET
AUGUST 24 2016........SUNRISE   620 AM CDT   SUNSET   749 PM CDT
AUGUST 25 2016........SUNRISE   621 AM CDT   SUNSET   748 PM CDT


-  INDICATES NEGATIVE NUMBERS.
R  INDICATES RECORD WAS SET OR TIED.
MM INDICATES DATA IS MISSING.
T  INDICATES TRACE AMOUNT.




$$
