998
CDUS43 KDVN 262224
CLIDBQ


CLIMATE REPORT
NATIONAL WEATHER SERVICE QUAD CITIES IA IL
424 PM CST SUN FEB 26 2017


...................................

...THE DUBUQUE IA CLIMATE SUMMARY FOR FEBRUARY 26 2017...
VALID TODAY AS OF 0400 PM LOCAL TIME.

CLIMATE NORMAL PERIOD 1981 TO 2010
CLIMATE RECORD PERIOD 1873 TO 2017


WEATHER ITEM   OBSERVED TIME   RECORD YEAR NORMAL DEPARTURE LAST
                VALUE   (LST)  VALUE       VALUE  FROM      YEAR
                                                  NORMAL
..................................................................
TEMPERATURE (F)
 TODAY
  MAXIMUM         43    359 PM  62    1896  36      7       37
  MINIMUM         23    104 AM -12    2014  20      3       26
  AVERAGE         33                        28      5       32

PRECIPITATION (IN)
  TODAY            0.00          1.31 1912   0.06  -0.06     0.00
  MONTH TO DATE    1.69                      1.32   0.37     0.55
  SINCE DEC 1      5.24                      4.33   0.91     5.20
  SINCE JAN 1      3.70                      2.49   1.21     1.01

SNOWFALL (IN)
  TODAY            0.0          MM      MM   0.3   -0.3      0.0
  MONTH TO DATE    1.4                       8.5   -7.1      7.0
  SINCE DEC 1     22.6                      30.3   -7.7     19.1
  SINCE JUL 1     22.6                      33.1  -10.5     30.9
  SNOW DEPTH       1

DEGREE DAYS
 HEATING
  TODAY           32                        37     -5       33
  MONTH TO DATE  822                      1082   -260     1021
  SINCE DEC 1   3447                      3819   -372     3199
  SINCE JUL 1   4439                      5319   -880     4406

 COOLING
  TODAY            0                         0      0        0
  MONTH TO DATE    0                         0      0        0
  SINCE DEC 1      0                         0      0        0
  SINCE JAN 1      0                         0      0        0
..................................................................


WIND (MPH)
  HIGHEST WIND SPEED    26   HIGHEST WIND DIRECTION     W (260)
  HIGHEST GUST SPEED    33   HIGHEST GUST DIRECTION     W (260)
  AVERAGE WIND SPEED    16.6


SKY COVER
  POSSIBLE SUNSHINE  MM
  AVERAGE SKY COVER 0.4


WEATHER CONDITIONS
 THE FOLLOWING WEATHER WAS RECORDED TODAY.
  NO SIGNIFICANT WEATHER WAS OBSERVED.


RELATIVE HUMIDITY (PERCENT)
 HIGHEST    81          1200 AM
 LOWEST     53           200 PM
 AVERAGE    67

..........................................................


THE DUBUQUE IA CLIMATE NORMALS FOR TOMORROW
                         NORMAL    RECORD    YEAR
 MAXIMUM TEMPERATURE (F)   36        62      1896
 MINIMUM TEMPERATURE (F)   20       -21      2015


SUNRISE AND SUNSET
FEBRUARY 26 2017......SUNRISE   642 AM CST   SUNSET   549 PM CST
FEBRUARY 27 2017......SUNRISE   641 AM CST   SUNSET   551 PM CST


-  INDICATES NEGATIVE NUMBERS.
R  INDICATES RECORD WAS SET OR TIED.
MM INDICATES DATA IS MISSING.
T  INDICATES TRACE AMOUNT.




$$
