000
CDUS43 KDVN 022132
CLIDBQ


CLIMATE REPORT
NATIONAL WEATHER SERVICE QUAD CITIES IA IL
432 PM CDT TUE JUN 2 2015


...................................

...THE DUBUQUE IA CLIMATE SUMMARY FOR JUNE 2 2015...
VALID TODAY AS OF 0400 PM LOCAL TIME.

CLIMATE NORMAL PERIOD 1981 TO 2010
CLIMATE RECORD PERIOD 1873 TO 2015


WEATHER ITEM   OBSERVED TIME   RECORD YEAR NORMAL DEPARTURE LAST
                VALUE   (LST)  VALUE       VALUE  FROM      YEAR
                                                  NORMAL
..................................................................
TEMPERATURE (F)
 TODAY
  MAXIMUM         71    259 PM  98    1934  75     -4       80
  MINIMUM         47    445 AM  38    1969  54     -7       64
  AVERAGE         59                        64     -5       72

PRECIPITATION (IN)
  TODAY            0.00          1.73 1950   0.14  -0.14     0.60
  MONTH TO DATE    0.00                      0.29  -0.29     1.56
  SINCE JUN 1      0.00                      0.29  -0.29     1.56
  SINCE JAN 1     10.77                     13.16  -2.39    13.94

SNOWFALL (IN)
  TODAY            0.0          MM      MM   0.0    0.0      0.0
  MONTH TO DATE    0.0                       0.0    0.0      0.0
  SINCE JUN 1      0.0                       0.0    0.0      0.0
  SINCE JUL 1     33.7                      41.9   -8.2     63.3
  SNOW DEPTH       0

DEGREE DAYS
 HEATING
  TODAY            6                         3      3        0
  MONTH TO DATE   16                         6     10        0
  SINCE JUN 1     16                         6     10        0
  SINCE JUL 1   7402                      7052    350     8324

 COOLING
  TODAY            0                         2     -2        7
  MONTH TO DATE    0                         4     -4       18
  SINCE JUN 1      0                         4     -4       18
  SINCE JAN 1     36                        41     -5       72
..................................................................


WIND (MPH)
  HIGHEST WIND SPEED    14   HIGHEST WIND DIRECTION     E (110)
  HIGHEST GUST SPEED    20   HIGHEST GUST DIRECTION     E (100)
  AVERAGE WIND SPEED     6.7


SKY COVER
  POSSIBLE SUNSHINE  MM
  AVERAGE SKY COVER 0.3


WEATHER CONDITIONS
 THE FOLLOWING WEATHER WAS RECORDED TODAY.
  NO SIGNIFICANT WEATHER WAS OBSERVED.


RELATIVE HUMIDITY (PERCENT)
 HIGHEST    82           400 AM
 LOWEST     44           300 PM
 AVERAGE    63

..........................................................


THE DUBUQUE IA CLIMATE NORMALS FOR TOMORROW
                         NORMAL    RECORD    YEAR
 MAXIMUM TEMPERATURE (F)   75        93      1895
 MINIMUM TEMPERATURE (F)   54        39      1969


SUNRISE AND SUNSET
JUNE  2 2015..........SUNRISE   528 AM CDT   SUNSET   834 PM CDT
JUNE  3 2015..........SUNRISE   528 AM CDT   SUNSET   835 PM CDT


-  INDICATES NEGATIVE NUMBERS.
R  INDICATES RECORD WAS SET OR TIED.
MM INDICATES DATA IS MISSING.
T  INDICATES TRACE AMOUNT.




$$
