000
CDUS43 KDVN 231003
CLIDBQ


CLIMATE REPORT
NATIONAL WEATHER SERVICE QUAD CITIES IA IL
402 AM CST TUE JAN 23 2018


...................................

...THE DUBUQUE IA CLIMATE SUMMARY FOR JANUARY 22 2018...

CLIMATE NORMAL PERIOD 1981 TO 2010
CLIMATE RECORD PERIOD 1873 TO 2018


WEATHER ITEM   OBSERVED TIME   RECORD YEAR NORMAL DEPARTURE LAST
                VALUE   (LST)  VALUE       VALUE  FROM      YEAR
                                                  NORMAL
..................................................................
TEMPERATURE (F)
 YESTERDAY
  MAXIMUM         40    415 PM  55    2002  27     13       41
  MINIMUM         33   1159 PM -26    1936  11     22       27
  AVERAGE         37                        19     18       34

PRECIPITATION (IN)
  YESTERDAY        0.96          1.72 1887   0.04   0.92     0.00
  MONTH TO DATE    1.16                      0.82   0.34     1.59
  SINCE DEC 1      1.87                      2.66  -0.79     3.13
  SINCE JAN 1      1.16                      0.82   0.34     1.59

SNOWFALL (IN)
  YESTERDAY        0.0          MM      MM   0.4   -0.4      0.0
  MONTH TO DATE    3.4                       7.0   -3.6      0.2
  SINCE DEC 1      9.1                      18.8   -9.7     17.6
  SINCE JUL 1      9.1                      21.6  -12.5     17.6
  SNOW DEPTH       0

DEGREE DAYS
 HEATING
  YESTERDAY       28                        46    -18       31
  MONTH TO DATE 1088                      1012     76      935
  SINCE DEC 1   2402                      2322     80     2290
  SINCE JUL 1   3767                      3822    -55     3282

 COOLING
  YESTERDAY        0                         0      0        0
  MONTH TO DATE    0                         0      0        0
  SINCE DEC 1      0                         0      0        0
  SINCE JAN 1      0                         0      0        0
..................................................................


WIND (MPH)
  HIGHEST WIND SPEED    20   HIGHEST WIND DIRECTION    NE (50)
  HIGHEST GUST SPEED    24   HIGHEST GUST DIRECTION    NE (50)
  AVERAGE WIND SPEED    11.1


SKY COVER
  POSSIBLE SUNSHINE  MM
  AVERAGE SKY COVER 1.0


WEATHER CONDITIONS
 THE FOLLOWING WEATHER WAS RECORDED YESTERDAY.
  THUNDERSTORM
  HEAVY RAIN
  RAIN
  LIGHT RAIN
  FOG
  FOG W/VISIBILITY <= 1/4 MILE


RELATIVE HUMIDITY (PERCENT)
 HIGHEST   100          1200 AM
 LOWEST     92           700 PM
 AVERAGE    96

..........................................................


THE DUBUQUE IA CLIMATE NORMALS FOR TODAY
                         NORMAL    RECORD    YEAR
 MAXIMUM TEMPERATURE (F)   27        55      1909
 MINIMUM TEMPERATURE (F)   11       -25      1936


SUNRISE AND SUNSET
JANUARY 23 2018.......SUNRISE   724 AM CST   SUNSET   505 PM CST
JANUARY 24 2018.......SUNRISE   724 AM CST   SUNSET   507 PM CST


-  INDICATES NEGATIVE NUMBERS.
R  INDICATES RECORD WAS SET OR TIED.
MM INDICATES DATA IS MISSING.
T  INDICATES TRACE AMOUNT.




$$
