000
CDUS43 KDVN 310915
CLIDBQ


CLIMATE REPORT
NATIONAL WEATHER SERVICE QUAD CITIES IA IL
415 AM CDT FRI JUL 31 2015


...................................

...THE DUBUQUE IA CLIMATE SUMMARY FOR JULY 30 2015...

CLIMATE NORMAL PERIOD 1981 TO 2010
CLIMATE RECORD PERIOD 1873 TO 2015


WEATHER ITEM   OBSERVED TIME   RECORD YEAR NORMAL DEPARTURE LAST
                VALUE   (LST)  VALUE       VALUE  FROM      YEAR
                                                  NORMAL
..................................................................
TEMPERATURE (F)
 YESTERDAY
  MAXIMUM         86    240 PM 100    1916  81      5       77
                                      1913
  MINIMUM         62    508 AM  44    1971  62      0       55
  AVERAGE         74                        72      2       66

PRECIPITATION (IN)
  YESTERDAY        0.00          1.95 1965   0.14  -0.14     0.00
  MONTH TO DATE    1.20                      4.17  -2.97     2.08
  SINCE JUN 1      9.54                      8.57   0.97    14.65
  SINCE JAN 1     20.31                     21.44  -1.13    27.03

SNOWFALL (IN)
  YESTERDAY        0.0          MM      MM   0.0    0.0      0.0
  MONTH TO DATE    0.0                       0.0    0.0      0.0
  SINCE JUN 1      T                         0.0    0.0      0.0
  SINCE JUL 1      0.0                       0.0    0.0      0.0
  SNOW DEPTH       0

DEGREE DAYS
 HEATING
  YESTERDAY        0                         0      0        0
  MONTH TO DATE   13                         0     13       27
  SINCE JUN 1     36                        40     -4       37
  SINCE JUL 1     13                         0     13       27

 COOLING
  YESTERDAY        9                         7      2        1
  MONTH TO DATE  186                       211    -25      100
  SINCE JUN 1    305                       350    -45      254
  SINCE JAN 1    341                       387    -46      308
..................................................................


WIND (MPH)
  HIGHEST WIND SPEED    20   HIGHEST WIND DIRECTION     W (290)
  HIGHEST GUST SPEED    27   HIGHEST GUST DIRECTION    NW (320)
  AVERAGE WIND SPEED     9.1


SKY COVER
  POSSIBLE SUNSHINE  MM
  AVERAGE SKY COVER 0.0


WEATHER CONDITIONS
 THE FOLLOWING WEATHER WAS RECORDED YESTERDAY.
  NO SIGNIFICANT WEATHER WAS OBSERVED.


RELATIVE HUMIDITY (PERCENT)
 HIGHEST    90           300 AM
 LOWEST     40           400 PM
 AVERAGE    65

..........................................................


THE DUBUQUE IA CLIMATE NORMALS FOR TODAY
                         NORMAL    RECORD    YEAR
 MAXIMUM TEMPERATURE (F)   81       101      1988
 MINIMUM TEMPERATURE (F)   62        45      1971


SUNRISE AND SUNSET
JULY 31 2015..........SUNRISE   554 AM CDT   SUNSET   824 PM CDT
AUGUST  1 2015........SUNRISE   555 AM CDT   SUNSET   823 PM CDT


-  INDICATES NEGATIVE NUMBERS.
R  INDICATES RECORD WAS SET OR TIED.
MM INDICATES DATA IS MISSING.
T  INDICATES TRACE AMOUNT.




$$
