000
CDUS43 KDVN 072125
CLIDBQ


CLIMATE REPORT
NATIONAL WEATHER SERVICE QUAD CITIES IA IL
424 PM CDT TUE JUL 7 2015


...................................

...THE DUBUQUE IA CLIMATE SUMMARY FOR JULY 7 2015...
VALID TODAY AS OF 0400 PM LOCAL TIME.

CLIMATE NORMAL PERIOD 1981 TO 2010
CLIMATE RECORD PERIOD 1873 TO 2015


WEATHER ITEM   OBSERVED TIME   RECORD YEAR NORMAL DEPARTURE LAST
                VALUE   (LST)  VALUE       VALUE  FROM      YEAR
                                                  NORMAL
..................................................................
TEMPERATURE (F)
 TODAY
  MAXIMUM         71    108 PM 102    1936  82    -11       83
  MINIMUM         57    518 AM  44    1984  62     -5       65
  AVERAGE         64                        72     -8       74

PRECIPITATION (IN)
  TODAY            0.00          2.85 1879   0.14  -0.14     0.00
  MONTH TO DATE    0.17                      0.95  -0.78     0.01
  SINCE JUN 1      8.51                      5.35   3.16    12.58
  SINCE JAN 1     19.28                     18.22   1.06    24.96

SNOWFALL (IN)
  TODAY            0.0          MM      MM   0.0    0.0      0.0
  MONTH TO DATE    0.0                       0.0    0.0      0.0
  SINCE JUN 1      T                         0.0    0.0      0.0
  SINCE JUL 1      0.0                       0.0    0.0      0.0
  SNOW DEPTH       0

DEGREE DAYS
 HEATING
  TODAY            1                         0      1        0
  MONTH TO DATE    8                         0      8       12
  SINCE JUN 1     31                        40     -9       22
  SINCE JUL 1      8                         0      8       12

 COOLING
  TODAY            0                         7     -7        9
  MONTH TO DATE   12                        49    -37       20
  SINCE JUN 1    131                       188    -57      174
  SINCE JAN 1    167                       225    -58      228
..................................................................


WIND (MPH)
  HIGHEST WIND SPEED    20   HIGHEST WIND DIRECTION     N (360)
  HIGHEST GUST SPEED    26   HIGHEST GUST DIRECTION     N (360)
  AVERAGE WIND SPEED    11.1


SKY COVER
  POSSIBLE SUNSHINE  MM
  AVERAGE SKY COVER 0.5


WEATHER CONDITIONS
 THE FOLLOWING WEATHER WAS RECORDED TODAY.
  FOG
  HAZE


RELATIVE HUMIDITY (PERCENT)
 HIGHEST    93           400 AM
 LOWEST     53           300 PM
 AVERAGE    73

..........................................................


THE DUBUQUE IA CLIMATE NORMALS FOR TOMORROW
                         NORMAL    RECORD    YEAR
 MAXIMUM TEMPERATURE (F)   82       101      1936
 MINIMUM TEMPERATURE (F)   62        47      2004


SUNRISE AND SUNSET
JULY  7 2015..........SUNRISE   533 AM CDT   SUNSET   842 PM CDT
JULY  8 2015..........SUNRISE   534 AM CDT   SUNSET   842 PM CDT


-  INDICATES NEGATIVE NUMBERS.
R  INDICATES RECORD WAS SET OR TIED.
MM INDICATES DATA IS MISSING.
T  INDICATES TRACE AMOUNT.




$$
