000
CDUS43 KDVN 192229
CLIDBQ


CLIMATE REPORT
NATIONAL WEATHER SERVICE QUAD CITIES IA IL
426 PM CST SUN NOV 19 2017


...................................

...THE DUBUQUE IA CLIMATE SUMMARY FOR NOVEMBER 19 2017...
VALID TODAY AS OF 0400 PM LOCAL TIME.

CLIMATE NORMAL PERIOD 1981 TO 2010
CLIMATE RECORD PERIOD 1873 TO 2017


WEATHER ITEM   OBSERVED TIME   RECORD YEAR NORMAL DEPARTURE LAST
                VALUE   (LST)  VALUE       VALUE  FROM      YEAR
                                                  NORMAL
..................................................................
TEMPERATURE (F)
 TODAY
  MAXIMUM         33    349 PM  74    1942  43    -10       36
  MINIMUM         19    713 AM   4    1914  27     -8       23
  AVERAGE         26                        35     -9       30

PRECIPITATION (IN)
  TODAY            0.00          0.73 1983   0.08  -0.08     0.00
  MONTH TO DATE    0.66                      1.51  -0.85     0.56
  SINCE SEP 1      7.87                      7.63   0.24     8.24
  SINCE JAN 1     35.29                     33.61   1.68    37.40

SNOWFALL (IN)
  TODAY            0.0          MM      MM   0.1   -0.1      0.0
  MONTH TO DATE    0.0                       0.9   -0.9       T
  SINCE SEP 1      T                         0.9   -0.9       T
  SINCE JUL 1      T                         0.9   -0.9       T
  SNOW DEPTH       0

DEGREE DAYS
 HEATING
  TODAY           39                        30      9       35
  MONTH TO DATE  585                       481    104      305
  SINCE SEP 1   1045                      1103    -58      664
  SINCE JUL 1   1071                      1130    -59      671

 COOLING
  TODAY            0                         0      0        0
  MONTH TO DATE    0                         0      0        0
  SINCE SEP 1    114                        67     47      101
  SINCE JAN 1    569                       643    -74      781
..................................................................


WIND (MPH)
  HIGHEST WIND SPEED    23   HIGHEST WIND DIRECTION    NW (330)
  HIGHEST GUST SPEED    30   HIGHEST GUST DIRECTION    NW (320)
  AVERAGE WIND SPEED    14.6


SKY COVER
  POSSIBLE SUNSHINE  MM
  AVERAGE SKY COVER 0.1


WEATHER CONDITIONS
 THE FOLLOWING WEATHER WAS RECORDED TODAY.
  NO SIGNIFICANT WEATHER WAS OBSERVED.


RELATIVE HUMIDITY (PERCENT)
 HIGHEST    77           400 AM
 LOWEST     49          1200 PM
 AVERAGE    63

..........................................................


THE DUBUQUE IA CLIMATE NORMALS FOR TOMORROW
                         NORMAL    RECORD    YEAR
 MAXIMUM TEMPERATURE (F)   42        70      1913
                                             1897
 MINIMUM TEMPERATURE (F)   26         3      2014


SUNRISE AND SUNSET
NOVEMBER 19 2017......SUNRISE   659 AM CST   SUNSET   437 PM CST
NOVEMBER 20 2017......SUNRISE   700 AM CST   SUNSET   436 PM CST


-  INDICATES NEGATIVE NUMBERS.
R  INDICATES RECORD WAS SET OR TIED.
MM INDICATES DATA IS MISSING.
T  INDICATES TRACE AMOUNT.




$$
