000
CDUS43 KDVN 282121
CLIDBQ


CLIMATE REPORT
NATIONAL WEATHER SERVICE QUAD CITIES IA IL
421 PM CDT FRI AUG 28 2015


...................................

...THE DUBUQUE IA CLIMATE SUMMARY FOR AUGUST 28 2015...
VALID TODAY AS OF 0400 PM LOCAL TIME.

CLIMATE NORMAL PERIOD 1981 TO 2010
CLIMATE RECORD PERIOD 1873 TO 2015


WEATHER ITEM   OBSERVED TIME   RECORD YEAR NORMAL DEPARTURE LAST
                VALUE   (LST)  VALUE       VALUE  FROM      YEAR
                                                  NORMAL
..................................................................
TEMPERATURE (F)
 TODAY
  MAXIMUM         64    252 PM  97    1984  78    -14       71
  MINIMUM         59    548 AM  40    1986  59      0       62
  AVERAGE         62                        68     -6       67

PRECIPITATION (IN)
  TODAY            0.02          2.80 1877   0.14  -0.12      T
  MONTH TO DATE    1.33                      3.99  -2.66     3.01
  SINCE JUN 1     10.87                     12.70  -1.83    17.66
  SINCE JAN 1     21.64                     25.57  -3.93    30.04

SNOWFALL (IN)
  TODAY            0.0          MM      MM   0.0    0.0      0.0
  MONTH TO DATE    0.0                       0.0    0.0      0.0
  SINCE JUN 1      T                         0.0    0.0      0.0
  SINCE JUL 1      0.0                       0.0    0.0      0.0
  SNOW DEPTH       0

DEGREE DAYS
 HEATING
  TODAY            3                         1      2        0
  MONTH TO DATE   20                        13      7        2
  SINCE JUN 1     56                        61     -5       39
  SINCE JUL 1     33                        21     12       29

 COOLING
  TODAY            0                         4     -4        2
  MONTH TO DATE  138                       164    -26      147
  SINCE JUN 1    450                       527    -77      403
  SINCE JAN 1    486                       564    -78      457
..................................................................


WIND (MPH)
  HIGHEST WIND SPEED    17   HIGHEST WIND DIRECTION     E (100)
  HIGHEST GUST SPEED    20   HIGHEST GUST DIRECTION     E (100)
  AVERAGE WIND SPEED     6.4


SKY COVER
  POSSIBLE SUNSHINE  MM
  AVERAGE SKY COVER 0.4


WEATHER CONDITIONS
 THE FOLLOWING WEATHER WAS RECORDED TODAY.
  LIGHT RAIN
  FOG


RELATIVE HUMIDITY (PERCENT)
 HIGHEST    97           700 AM
 LOWEST     84           200 AM
 AVERAGE    91

..........................................................


THE DUBUQUE IA CLIMATE NORMALS FOR TOMORROW
                         NORMAL    RECORD    YEAR
 MAXIMUM TEMPERATURE (F)   78        99      1984
 MINIMUM TEMPERATURE (F)   58        43      1986
                                             1934


SUNRISE AND SUNSET
AUGUST 28 2015........SUNRISE   623 AM CDT   SUNSET   744 PM CDT
AUGUST 29 2015........SUNRISE   624 AM CDT   SUNSET   742 PM CDT


-  INDICATES NEGATIVE NUMBERS.
R  INDICATES RECORD WAS SET OR TIED.
MM INDICATES DATA IS MISSING.
T  INDICATES TRACE AMOUNT.




$$
