000
CDUS41 KLWX 300521
CLIDCA


CLIMATE REPORT
NATIONAL WEATHER SERVICE BALTIMORE MD/WASHINGTON DC
120 AM EDT SAT AUG 30 2014


...................................

...THE WASHINGTON NATIONAL DC CLIMATE SUMMARY FOR AUGUST 29 2014...

CLIMATE NORMAL PERIOD 1981 TO 2010
CLIMATE RECORD PERIOD 1871 TO 2014


WEATHER ITEM   OBSERVED TIME   RECORD YEAR NORMAL DEPARTURE LAST
                VALUE   (LST)  VALUE       VALUE  FROM      YEAR
                                                  NORMAL
..................................................................
TEMPERATURE (F)
 YESTERDAY
  MAXIMUM         84    204 PM  98    1973  85     -1       87
                                      1953
  MINIMUM         65    616 AM  49    1986  68     -3       74
  AVERAGE         75                        76     -1       81

PRECIPITATION (IN)
  YESTERDAY        0.00          2.84 1875   0.09  -0.09      T
  MONTH TO DATE    3.12                      2.75   0.37     1.34
  SINCE JUN 1     11.11                     10.26   0.85    15.74
  SINCE JAN 1     33.40                     26.22   7.18    28.32

SNOWFALL (IN)
  YESTERDAY        0.0          MM      MM   0.0    0.0
  MONTH TO DATE    0.0                       0.0    0.0
  SINCE JUL 1      0.0                       0.0    0.0
  SNOW DEPTH       0

DEGREE DAYS
 HEATING
  YESTERDAY        0                         0      0        0
  MONTH TO DATE    0                         0      0        0
  SINCE JUN 1      0                         6     -6        0
  SINCE JUL 1      0                         0      0        0

 COOLING
  YESTERDAY       10                        11     -1       16
  MONTH TO DATE  364                       383    -19      350
  SINCE JUN 1   1189                      1154     35     1212
  SINCE JAN 1   1358                      1288     70     1397
..................................................................


WIND (MPH)
  HIGHEST WIND SPEED    14   HIGHEST WIND DIRECTION     E (100)
  HIGHEST GUST SPEED    16   HIGHEST GUST DIRECTION     E (110)
  AVERAGE WIND SPEED     5.3


SKY COVER
  POSSIBLE SUNSHINE  MM
  AVERAGE SKY COVER 0.5


WEATHER CONDITIONS
 THE FOLLOWING WEATHER WAS RECORDED YESTERDAY.
  NO SIGNIFICANT WEATHER WAS OBSERVED.


RELATIVE HUMIDITY (PERCENT)
 HIGHEST    64          1100 PM
 LOWEST     36           200 PM
 AVERAGE    50

..........................................................


THE WASHINGTON NATIONAL DC CLIMATE NORMALS FOR TODAY
                         NORMAL    RECORD    YEAR
 MAXIMUM TEMPERATURE (F)   85        99      1953
 MINIMUM TEMPERATURE (F)   68        50      1986
                                             1896


SUNRISE AND SUNSET
AUGUST 30 2014........SUNRISE   635 AM EDT   SUNSET   741 PM EDT
AUGUST 31 2014........SUNRISE   636 AM EDT   SUNSET   740 PM EDT


-  INDICATES NEGATIVE NUMBERS.
R  INDICATES RECORD WAS SET OR TIED.
MM INDICATES DATA IS MISSING.
T  INDICATES TRACE AMOUNT.




$$
