000
CDUS41 KLWX 022132
CLIDCA


CLIMATE REPORT
NATIONAL WEATHER SERVICE BALTIMORE MD/WASHINGTON DC
530 PM EDT SUN AUG 2 2015


...................................

...THE WASHINGTON NATIONAL DC CLIMATE SUMMARY FOR AUGUST 2 2015...
VALID TODAY AS OF 0500 PM LOCAL TIME.

CLIMATE NORMAL PERIOD 1981 TO 2010
CLIMATE RECORD PERIOD 1871 TO 2015


WEATHER ITEM   OBSERVED TIME   RECORD YEAR NORMAL DEPARTURE LAST
                VALUE   (LST)  VALUE       VALUE  FROM      YEAR
                                                  NORMAL
..................................................................
TEMPERATURE (F)
 TODAY
  MAXIMUM         91    309 PM 100    2002  88      3       84
  MINIMUM         73    516 AM  55    1895  71      2       68
  AVERAGE         82                        79      3       76

PRECIPITATION (IN)
  TODAY            0.00          6.14 1944   0.10  -0.10     0.06
  MONTH TO DATE    T                         0.21  -0.21     0.17
  SINCE JUN 1     16.95                      7.72   9.23     8.16
  SINCE JAN 1     31.73                     23.68   8.05    30.45

SNOWFALL (IN)
  TODAY            0.0          MM      MM   0.0    0.0
  MONTH TO DATE    0.0                       0.0    0.0
  SINCE JUL 1      0.0                       0.0    0.0
  SNOW DEPTH       0

DEGREE DAYS
 HEATING
  TODAY            0                         0      0        0
  MONTH TO DATE    0                         0      0        0
  SINCE JUN 1      6                         6      0        0
  SINCE JUL 1      0                         0      0        0

 COOLING
  TODAY           17                        14      3       11
  MONTH TO DATE   35                        28      7       20
  SINCE JUN 1    962                       799    163      845
  SINCE JAN 1   1260                       933    327     1014
..................................................................


WIND (MPH)
  HIGHEST WIND SPEED    16   HIGHEST WIND DIRECTION     S (200)
  HIGHEST GUST SPEED    18   HIGHEST GUST DIRECTION     S (200)
  AVERAGE WIND SPEED     5.3


SKY COVER
  POSSIBLE SUNSHINE  MM
  AVERAGE SKY COVER 0.7


WEATHER CONDITIONS
 THE FOLLOWING WEATHER WAS RECORDED TODAY.
  NO SIGNIFICANT WEATHER WAS OBSERVED.


RELATIVE HUMIDITY (PERCENT)
 HIGHEST    64           500 AM
 LOWEST     32           300 PM
 AVERAGE    48

..........................................................


THE WASHINGTON NATIONAL DC CLIMATE NORMALS FOR TOMORROW
                         NORMAL    RECORD    YEAR
 MAXIMUM TEMPERATURE (F)   88       101      2006
 MINIMUM TEMPERATURE (F)   71        56      1920


SUNRISE AND SUNSET
AUGUST  2 2015........SUNRISE   610 AM EDT   SUNSET   818 PM EDT
AUGUST  3 2015........SUNRISE   611 AM EDT   SUNSET   817 PM EDT


-  INDICATES NEGATIVE NUMBERS.
R  INDICATES RECORD WAS SET OR TIED.
MM INDICATES DATA IS MISSING.
T  INDICATES TRACE AMOUNT.




$$
