000
CDUS41 KALY 290631
CLIDDH


CLIMATE REPORT
NATIONAL WEATHER SERVICE ALBANY NY
230 AM EDT TUE JUL 29 2014


...................................

...THE BENNINGTON VT CLIMATE SUMMARY FOR JULY 28 2014...

CLIMATE NORMAL PERIOD 1981 TO 2010
CLIMATE RECORD PERIOD 9999 TO 9999


WEATHER ITEM   OBSERVED TIME   NORMAL DEPARTURE LAST
                VALUE   (LST)  VALUE  FROM      YEAR
                                      NORMAL
......................................................
TEMPERATURE (F)
 YESTERDAY
  MAXIMUM         76   1246 PM  79     -3       75
  MINIMUM         60   1159 PM  57      3       63
  AVERAGE         68            68      0       69

PRECIPITATION (IN)
  YESTERDAY        1.51          0.14   1.37     0.30
  MONTH TO DATE    7.53          3.92   3.61     5.60
  SINCE JUN 1     10.86          8.05   2.81    12.89
  SINCE JAN 1     23.69         23.12   0.57    27.36

DEGREE DAYS
 HEATING
  YESTERDAY        0             1     -1        0
  MONTH TO DATE    8            28    -20        9
  SINCE JUN 1     55           125    -70      109
  SINCE JUL 1      8            28    -20        9

 COOLING
  YESTERDAY        3             4     -1        4
  MONTH TO DATE  124           111     13      246
  SINCE JUN 1    186           169     17      344
  SINCE JAN 1    202           183     19      376
......................................................


WIND (MPH)
  HIGHEST WIND SPEED    13   HIGHEST WIND DIRECTION     W (280)
  HIGHEST GUST SPEED    18   HIGHEST GUST DIRECTION     W (260)
  AVERAGE WIND SPEED     4.8


SKY COVER
  AVERAGE SKY COVER 0.8



RELATIVE HUMIDITY (PERCENT)
 HIGHEST   100           800 AM
 LOWEST     74           100 PM
 AVERAGE    87

..........................................................


THE BENNINGTON VT CLIMATE NORMALS FOR TODAY
                         NORMAL
 MAXIMUM TEMPERATURE (F)   79
 MINIMUM TEMPERATURE (F)   57


SUNRISE AND SUNSET
JULY 29 2014..........SUNRISE   541 AM EDT   SUNSET   817 PM EDT
JULY 30 2014..........SUNRISE   542 AM EDT   SUNSET   816 PM EDT


-  INDICATES NEGATIVE NUMBERS.
R  INDICATES RECORD WAS SET OR TIED.
MM INDICATES DATA IS MISSING.
T  INDICATES TRACE AMOUNT.




$$
