000
CDUS41 KALY 290636
CLIDDH


CLIMATE REPORT
NATIONAL WEATHER SERVICE ALBANY NY
235 AM EDT MON MAY 29 2017


...................................

...THE BENNINGTON VT CLIMATE SUMMARY FOR MAY 28 2017...

CLIMATE NORMAL PERIOD 1981 TO 2010
CLIMATE RECORD PERIOD 9999 TO 9999


WEATHER ITEM   OBSERVED TIME   NORMAL DEPARTURE LAST
                VALUE   (LST)  VALUE  FROM      YEAR
                                      NORMAL
......................................................
TEMPERATURE (F)
 YESTERDAY
  MAXIMUM         72    424 PM  70      2       89
  MINIMUM         56   1154 PM  47      9       61
  AVERAGE         64            58      6       75

PRECIPITATION (IN)
  YESTERDAY        0.00          0.14  -0.14     0.00
  MONTH TO DATE    6.18          3.22   2.96     2.87
  SINCE MAR 1     11.66          9.64   2.02     7.96
  SINCE JAN 1     15.29         14.63   0.66    13.00

DEGREE DAYS
 HEATING
  YESTERDAY        1             7     -6        0
  MONTH TO DATE  301           296      5      295
  SINCE MAR 1   1845          1868    -23     1703
  SINCE JUL 1   6380          7119   -739     6036

 COOLING
  YESTERDAY        0             1     -1       10
  MONTH TO DATE   12             1     11       23
  SINCE MAR 1     15             4     11       24
  SINCE JAN 1     15             4     11       24
......................................................


WIND (MPH)
  HIGHEST WIND SPEED    13   HIGHEST WIND DIRECTION     S (160)
  HIGHEST GUST SPEED    16   HIGHEST GUST DIRECTION     S (180)
  AVERAGE WIND SPEED     3.5


SKY COVER
  AVERAGE SKY COVER 0.8



RELATIVE HUMIDITY (PERCENT)
 HIGHEST    93           500 AM
 LOWEST     53          1100 AM
 AVERAGE    73

..........................................................


THE BENNINGTON VT CLIMATE NORMALS FOR TODAY
                         NORMAL
 MAXIMUM TEMPERATURE (F)   70
 MINIMUM TEMPERATURE (F)   47


SUNRISE AND SUNSET
MAY 29 2017...........SUNRISE   519 AM EDT   SUNSET   823 PM EDT
MAY 30 2017...........SUNRISE   518 AM EDT   SUNSET   824 PM EDT


-  INDICATES NEGATIVE NUMBERS.
R  INDICATES RECORD WAS SET OR TIED.
MM INDICATES DATA IS MISSING.
T  INDICATES TRACE AMOUNT.




$$
