000
CDUS41 KALY 200624
CLIDDH


CLIMATE REPORT
NATIONAL WEATHER SERVICE ALBANY NY
223 AM EDT SUN APR 20 2014


...................................

...THE BENNINGTON VT CLIMATE SUMMARY FOR APRIL 19 2014...

CLIMATE NORMAL PERIOD 1981 TO 2010
CLIMATE RECORD PERIOD 9999 TO 9999


WEATHER ITEM   OBSERVED TIME   NORMAL DEPARTURE LAST
                VALUE   (LST)  VALUE  FROM      YEAR
                                      NORMAL
......................................................
TEMPERATURE (F)
 YESTERDAY
  MAXIMUM         57    226 PM  58     -1       74
  MINIMUM         31   1230 AM  36     -5       44
  AVERAGE         44            47     -3       59

PRECIPITATION (IN)
  YESTERDAY        0.00          0.09  -0.09     0.95
  MONTH TO DATE    0.99          2.16  -1.17     3.02
  SINCE MAR 1      3.14          5.31  -2.17     4.30
  SINCE JAN 1      9.00         10.30  -1.30     6.96

DEGREE DAYS
 HEATING
  YESTERDAY       21            18      3        6
  MONTH TO DATE  393           411    -18      400
  SINCE MAR 1   1551          1395    156     1417
  SINCE JUL 1   6799          6646    153     6201

 COOLING
  YESTERDAY        0             0      0        0
  MONTH TO DATE    4             0      4        0
  SINCE MAR 1      4             0      4        0
  SINCE JAN 1      4             0      4        0
......................................................


WIND (MPH)
  HIGHEST WIND SPEED    17   HIGHEST WIND DIRECTION    NW (330)
  HIGHEST GUST SPEED    25   HIGHEST GUST DIRECTION     N (350)
  AVERAGE WIND SPEED     6.9


SKY COVER
  AVERAGE SKY COVER 0.4



RELATIVE HUMIDITY (PERCENT)
 HIGHEST    82           300 AM
 LOWEST     30           400 PM
 AVERAGE    56

..........................................................


THE BENNINGTON VT CLIMATE NORMALS FOR TODAY
                         NORMAL
 MAXIMUM TEMPERATURE (F)   59
 MINIMUM TEMPERATURE (F)   36


SUNRISE AND SUNSET
APRIL 20 2014.........SUNRISE   603 AM EDT   SUNSET   741 PM EDT
APRIL 21 2014.........SUNRISE   602 AM EDT   SUNSET   742 PM EDT


-  INDICATES NEGATIVE NUMBERS.
R  INDICATES RECORD WAS SET OR TIED.
MM INDICATES DATA IS MISSING.
T  INDICATES TRACE AMOUNT.




$$
