000
CDUS43 KILX 280646
CLIDEC


CLIMATE REPORT
NATIONAL WEATHER SERVICE LINCOLN IL
145 AM CDT FRI JUL 28 2017


...................................

...THE DECATUR IL AIRPORT CLIMATE SUMMARY FOR JULY 27 2017...

CLIMATE NORMAL PERIOD 1981 TO 2010
CLIMATE RECORD PERIOD 9999 TO 9999


WEATHER ITEM   OBSERVED TIME   RECORD YEAR NORMAL DEPARTURE LAST
                VALUE   (LST)  VALUE       VALUE  FROM      YEAR
                                                  NORMAL
..................................................................
TEMPERATURE (F)
 YESTERDAY
  MAXIMUM         83    608 PM  MM      MM  86     -3       87
  MINIMUM         69   1159 PM  MM      MM  64      5       65
  AVERAGE         76                        75      1       76

PRECIPITATION (IN)
  YESTERDAY        0.06         MM      MM   0.12  -0.06     0.00
  MONTH TO DATE    3.25                      3.42  -0.17     4.45
  SINCE JUN 1      4.67                      7.77  -3.10     6.61
  SINCE JAN 1     23.60                     22.22   1.38    17.47

DEGREE DAYS
 HEATING
  YESTERDAY        0                         0      0        0
  MONTH TO DATE    0                         0      0        5
  SINCE JUN 1      4                        17    -13        5
  SINCE JUL 1      0                         0      0        5

 COOLING
  YESTERDAY       11                        10      1       11
  MONTH TO DATE  344                       292     52      314
  SINCE JUN 1    599                       521     78      637
  SINCE JAN 1    696                       608     88      727
..................................................................


WIND (MPH)
  HIGHEST WIND SPEED    17   HIGHEST WIND DIRECTION    SW (240)
  HIGHEST GUST SPEED    23   HIGHEST GUST DIRECTION    SW (220)
  AVERAGE WIND SPEED     7.6


SKY COVER
  POSSIBLE SUNSHINE  MM
  AVERAGE SKY COVER 0.7


WEATHER CONDITIONS
 THE FOLLOWING WEATHER WAS RECORDED YESTERDAY.
  RAIN
  LIGHT RAIN
  FOG


RELATIVE HUMIDITY (PERCENT)
 HIGHEST    93           200 AM
 LOWEST     74           600 PM
 AVERAGE    84

..........................................................


THE DECATUR IL AIRPORT CLIMATE NORMALS FOR TODAY
                         NORMAL    RECORD    YEAR
 MAXIMUM TEMPERATURE (F)   86        MM        MM
 MINIMUM TEMPERATURE (F)   64        MM        MM


SUNRISE AND SUNSET
JULY 28 2017..........SUNRISE   551 AM CDT   SUNSET   812 PM CDT
JULY 29 2017..........SUNRISE   552 AM CDT   SUNSET   811 PM CDT


-  INDICATES NEGATIVE NUMBERS.
R  INDICATES RECORD WAS SET OR TIED.
MM INDICATES DATA IS MISSING.
T  INDICATES TRACE AMOUNT.




$$
