000
CDUS43 KILX 242227
CLIDEC


CLIMATE REPORT
NATIONAL WEATHER SERVICE LINCOLN IL
427 PM CST FRI NOV 24 2017


...................................

...THE DECATUR IL AIRPORT CLIMATE SUMMARY FOR NOVEMBER 24 2017...
VALID TODAY AS OF 0400 PM LOCAL TIME.

CLIMATE NORMAL PERIOD 1981 TO 2010
CLIMATE RECORD PERIOD 9999 TO 9999


WEATHER ITEM   OBSERVED TIME   RECORD YEAR NORMAL DEPARTURE LAST
                VALUE   (LST)  VALUE       VALUE  FROM      YEAR
                                                  NORMAL
..................................................................
TEMPERATURE (F)
 TODAY
  MAXIMUM         63    253 PM  MM      MM  47     16       43
  MINIMUM         30    545 AM  MM      MM  31     -1       39
  AVERAGE         47                        39      8       41

PRECIPITATION (IN)
  TODAY            0.00         MM      MM   0.11  -0.11     0.00
  MONTH TO DATE    0.42                      2.72  -2.30     2.54
  SINCE SEP 1      6.20                      8.89  -2.69     7.62
  SINCE JAN 1     32.37                     35.20  -2.83    30.54

DEGREE DAYS
 HEATING
  TODAY           18                        26     -8       24
  MONTH TO DATE  537                       498     39      382
  SINCE SEP 1    833                       910    -77      563
  SINCE JUL 1    834                       916    -82      568

 COOLING
  TODAY            0                         0      0        0
  MONTH TO DATE    0                         0      0       13
  SINCE SEP 1    214                       130     84      299
  SINCE JAN 1   1120                      1048     72     1434
..................................................................


WIND (MPH)
  HIGHEST WIND SPEED    24   HIGHEST WIND DIRECTION     S (190)
  HIGHEST GUST SPEED    34   HIGHEST GUST DIRECTION     S (200)
  AVERAGE WIND SPEED    11.1


SKY COVER
  POSSIBLE SUNSHINE  MM
  AVERAGE SKY COVER 0.0


WEATHER CONDITIONS
 THE FOLLOWING WEATHER WAS RECORDED TODAY.
  NO SIGNIFICANT WEATHER WAS OBSERVED.


RELATIVE HUMIDITY (PERCENT)
 HIGHEST    82           500 AM
 LOWEST     39           200 PM
 AVERAGE    61

..........................................................


THE DECATUR IL AIRPORT CLIMATE NORMALS FOR TOMORROW
                         NORMAL    RECORD    YEAR
 MAXIMUM TEMPERATURE (F)   47        MM        MM
 MINIMUM TEMPERATURE (F)   30        MM        MM


SUNRISE AND SUNSET
NOVEMBER 24 2017......SUNRISE   650 AM CST   SUNSET   434 PM CST
NOVEMBER 25 2017......SUNRISE   652 AM CST   SUNSET   433 PM CST


-  INDICATES NEGATIVE NUMBERS.
R  INDICATES RECORD WAS SET OR TIED.
MM INDICATES DATA IS MISSING.
T  INDICATES TRACE AMOUNT.




$$
