000
CDUS43 KILX 022128
CLIDEC


CLIMATE REPORT
NATIONAL WEATHER SERVICE LINCOLN IL
427 PM CDT WED SEP 2 2015


...................................

...THE DECATUR IL AIRPORT CLIMATE SUMMARY FOR SEPTEMBER 2 2015...
VALID TODAY AS OF 0400 PM LOCAL TIME.

CLIMATE NORMAL PERIOD 1981 TO 2010
CLIMATE RECORD PERIOD 9999 TO 9999


WEATHER ITEM   OBSERVED TIME   RECORD YEAR NORMAL DEPARTURE LAST
                VALUE   (LST)  VALUE       VALUE  FROM      YEAR
                                                  NORMAL
..................................................................
TEMPERATURE (F)
 TODAY
  MAXIMUM         94    145 PM  MM      MM  83     11       81
  MINIMUM         70    543 AM  MM      MM  60     10       68
  AVERAGE         82                        71     11       75

PRECIPITATION (IN)
  TODAY            0.00         MM      MM   0.12  -0.12     0.20
  MONTH TO DATE    0.00                      0.26  -0.26     0.58
  SINCE SEP 1      0.00                      0.26  -0.26     0.58
  SINCE JAN 1     22.91                     26.57  -3.66    24.51

DEGREE DAYS
 HEATING
  TODAY            0                         0      0        0
  MONTH TO DATE    0                         0      0        0
  SINCE SEP 1      0                         0      0        0
  SINCE JUL 1      2                         6     -4        2

 COOLING
  TODAY           17                         7     10       10
  MONTH TO DATE   33                        14     19       22
  SINCE SEP 1     33                        14     19       22
  SINCE JAN 1    992                       932     60      926
..................................................................


WIND (MPH)
  HIGHEST WIND SPEED    17   HIGHEST WIND DIRECTION    SW (230)
  HIGHEST GUST SPEED    22   HIGHEST GUST DIRECTION    SW (230)
  AVERAGE WIND SPEED     7.8


SKY COVER
  POSSIBLE SUNSHINE  MM
  AVERAGE SKY COVER 0.0


WEATHER CONDITIONS
 THE FOLLOWING WEATHER WAS RECORDED TODAY.
  NO SIGNIFICANT WEATHER WAS OBSERVED.


RELATIVE HUMIDITY (PERCENT)
 HIGHEST    90           500 AM
 LOWEST     41           200 PM
 AVERAGE    66

..........................................................


THE DECATUR IL AIRPORT CLIMATE NORMALS FOR TOMORROW
                         NORMAL    RECORD    YEAR
 MAXIMUM TEMPERATURE (F)   83        MM        MM
 MINIMUM TEMPERATURE (F)   60        MM        MM


SUNRISE AND SUNSET
SEPTEMBER  2 2015.....SUNRISE   624 AM CDT   SUNSET   726 PM CDT
SEPTEMBER  3 2015.....SUNRISE   625 AM CDT   SUNSET   724 PM CDT


-  INDICATES NEGATIVE NUMBERS.
R  INDICATES RECORD WAS SET OR TIED.
MM INDICATES DATA IS MISSING.
T  INDICATES TRACE AMOUNT.




$$
