000
CDUS43 KILX 252230
CLIDEC


CLIMATE REPORT
NATIONAL WEATHER SERVICE LINCOLN IL
430 PM CST SAT FEB 25 2017


...................................

...THE DECATUR IL AIRPORT CLIMATE SUMMARY FOR FEBRUARY 25 2017...
VALID TODAY AS OF 0400 PM LOCAL TIME.

CLIMATE NORMAL PERIOD 1981 TO 2010
CLIMATE RECORD PERIOD 9999 TO 9999


WEATHER ITEM   OBSERVED TIME   RECORD YEAR NORMAL DEPARTURE LAST
                VALUE   (LST)  VALUE       VALUE  FROM      YEAR
                                                  NORMAL
..................................................................
TEMPERATURE (F)
 TODAY
  MAXIMUM         35    358 PM  MM      MM  43     -8       39
  MINIMUM         24    807 AM  MM      MM  26     -2       33
  AVERAGE         30                        34     -4       36

PRECIPITATION (IN)
  TODAY            0.01         MM      MM   0.08  -0.07     0.00
  MONTH TO DATE    0.36                      1.76  -1.40     0.39
  SINCE DEC 1      2.70                      6.04  -3.34    10.41
  SINCE JAN 1      2.01                      3.50  -1.49     1.19

DEGREE DAYS
 HEATING
  TODAY           35                        31      4       29
  MONTH TO DATE  585                       859   -274      787
  SINCE DEC 1   2605                      3085   -480     2620
  SINCE JUL 1   3301                      4166   -865     3402

 COOLING
  TODAY            0                         0      0        0
  MONTH TO DATE    0                         0      0        0
  SINCE DEC 1      0                         0      0        0
  SINCE JAN 1      0                         0      0        0
..................................................................


WIND (MPH)
  HIGHEST WIND SPEED    30   HIGHEST WIND DIRECTION     W (290)
  HIGHEST GUST SPEED    40   HIGHEST GUST DIRECTION     W (290)
  AVERAGE WIND SPEED    19.2


SKY COVER
  POSSIBLE SUNSHINE  MM
  AVERAGE SKY COVER 0.7


WEATHER CONDITIONS
 THE FOLLOWING WEATHER WAS RECORDED TODAY.
  LIGHT SNOW
  FOG


RELATIVE HUMIDITY (PERCENT)
 HIGHEST    89          1200 AM
 LOWEST     38           200 PM
 AVERAGE    64

..........................................................


THE DECATUR IL AIRPORT CLIMATE NORMALS FOR TOMORROW
                         NORMAL    RECORD    YEAR
 MAXIMUM TEMPERATURE (F)   43        MM        MM
 MINIMUM TEMPERATURE (F)   26        MM        MM


SUNRISE AND SUNSET
FEBRUARY 25 2017......SUNRISE   634 AM CST   SUNSET   543 PM CST
FEBRUARY 26 2017......SUNRISE   633 AM CST   SUNSET   544 PM CST


-  INDICATES NEGATIVE NUMBERS.
R  INDICATES RECORD WAS SET OR TIED.
MM INDICATES DATA IS MISSING.
T  INDICATES TRACE AMOUNT.




$$
