000
CDUS43 KILX 210653
CLIDEC


CLIMATE REPORT
NATIONAL WEATHER SERVICE LINCOLN IL
1251 AM CST SAT JAN 21 2017


...................................

...THE DECATUR IL AIRPORT CLIMATE SUMMARY FOR JANUARY 20 2017...

CLIMATE NORMAL PERIOD 1981 TO 2010
CLIMATE RECORD PERIOD 9999 TO 9999


WEATHER ITEM   OBSERVED TIME   RECORD YEAR NORMAL DEPARTURE LAST
                VALUE   (LST)  VALUE       VALUE  FROM      YEAR
                                                  NORMAL
..................................................................
TEMPERATURE (F)
 YESTERDAY
  MAXIMUM         54   1034 PM  MM      MM  35     19       22
  MINIMUM         42   1205 AM  MM      MM  19     23        0
  AVERAGE         48                        27     21       11

PRECIPITATION (IN)
  YESTERDAY        0.37         MM      MM   0.04   0.33    MM
  MONTH TO DATE    1.65                      1.26   0.39     0.80
  SINCE DEC 1      2.34                      3.80  -1.46    10.02
  SINCE JAN 1      1.65                      1.26   0.39     0.80

DEGREE DAYS
 HEATING
  YESTERDAY       17                        38    -21       54
  MONTH TO DATE  687                       755    -68      776
  SINCE DEC 1   1721                      1813    -92     1475
  SINCE JUL 1   2417                      2894   -477     2257

 COOLING
  YESTERDAY        0                         0      0        0
  MONTH TO DATE    0                         0      0        0
  SINCE DEC 1      0                         0      0        0
  SINCE JAN 1      0                         0      0        0
..................................................................


WIND (MPH)
  HIGHEST WIND SPEED    18   HIGHEST WIND DIRECTION     S (190)
  HIGHEST GUST SPEED    24   HIGHEST GUST DIRECTION     S (170)
  AVERAGE WIND SPEED     6.6


SKY COVER
  POSSIBLE SUNSHINE  MM
  AVERAGE SKY COVER 1.0


WEATHER CONDITIONS
 THE FOLLOWING WEATHER WAS RECORDED YESTERDAY.
  RAIN
  LIGHT RAIN
  FOG
  HAZE


RELATIVE HUMIDITY (PERCENT)
 HIGHEST   100           100 PM
 LOWEST     56          1200 PM
 AVERAGE    78

..........................................................


THE DECATUR IL AIRPORT CLIMATE NORMALS FOR TODAY
                         NORMAL    RECORD    YEAR
 MAXIMUM TEMPERATURE (F)   35        MM        MM
 MINIMUM TEMPERATURE (F)   19        MM        MM


SUNRISE AND SUNSET
JANUARY 21 2017.......SUNRISE   712 AM CST   SUNSET   502 PM CST
JANUARY 22 2017.......SUNRISE   711 AM CST   SUNSET   503 PM CST


-  INDICATES NEGATIVE NUMBERS.
R  INDICATES RECORD WAS SET OR TIED.
MM INDICATES DATA IS MISSING.
T  INDICATES TRACE AMOUNT.




$$
