000
CDUS43 KILX 230629
CLIDEC


CLIMATE REPORT
NATIONAL WEATHER SERVICE LINCOLN IL
128 AM CDT TUE SEP 23 2014


...................................

...THE DECATUR IL AIRPORT CLIMATE SUMMARY FOR SEPTEMBER 22 2014...

CLIMATE NORMAL PERIOD 1981 TO 2010
CLIMATE RECORD PERIOD 9999 TO 9999


WEATHER ITEM   OBSERVED TIME   RECORD YEAR NORMAL DEPARTURE LAST
                VALUE   (LST)  VALUE       VALUE  FROM      YEAR
                                                  NORMAL
..................................................................
TEMPERATURE (F)
 YESTERDAY
  MAXIMUM         71    429 PM  MM      MM  76     -5       75
  MINIMUM         47   1111 PM  MM      MM  51     -4       44
  AVERAGE         59                        64     -5       60

PRECIPITATION (IN)
  YESTERDAY        0.00         MM      MM   0.07  -0.07     0.00
  MONTH TO DATE    3.92                      2.32   1.60     0.52
  SINCE SEP 1      3.92                      2.32   1.60     0.52
  SINCE JAN 1     27.85                     28.63  -0.78    26.89

DEGREE DAYS
 HEATING
  YESTERDAY        6                         3      3        5
  MONTH TO DATE   78                        27     51       26
  SINCE SEP 1     78                        27     51       26
  SINCE JUL 1     80                        33     47       36

 COOLING
  YESTERDAY        0                         2     -2        0
  MONTH TO DATE   74                        95    -21      159
  SINCE SEP 1     74                        95    -21      159
  SINCE JAN 1    978                      1013    -35     1031
..................................................................


WIND (MPH)
  HIGHEST WIND SPEED    10   HIGHEST WIND DIRECTION     N (20)
  HIGHEST GUST SPEED    17   HIGHEST GUST DIRECTION    NE (60)
  AVERAGE WIND SPEED     3.5


SKY COVER
  POSSIBLE SUNSHINE  MM
  AVERAGE SKY COVER 0.0


WEATHER CONDITIONS
 THE FOLLOWING WEATHER WAS RECORDED YESTERDAY.
  FOG


RELATIVE HUMIDITY (PERCENT)
 HIGHEST    93           200 AM
 LOWEST     38           400 PM
 AVERAGE    66

..........................................................


THE DECATUR IL AIRPORT CLIMATE NORMALS FOR TODAY
                         NORMAL    RECORD    YEAR
 MAXIMUM TEMPERATURE (F)   76        MM        MM
 MINIMUM TEMPERATURE (F)   51        MM        MM


SUNRISE AND SUNSET
SEPTEMBER 23 2014.....SUNRISE   644 AM CDT   SUNSET   651 PM CDT
SEPTEMBER 24 2014.....SUNRISE   645 AM CDT   SUNSET   649 PM CDT


-  INDICATES NEGATIVE NUMBERS.
R  INDICATES RECORD WAS SET OR TIED.
MM INDICATES DATA IS MISSING.
T  INDICATES TRACE AMOUNT.




$$
