000
CDUS43 KILX 092155
CLIDEC


CLIMATE REPORT
NATIONAL WEATHER SERVICE LINCOLN IL
445 PM CDT WED JUL 9 2014


...................................

...THE DECATUR IL AIRPORT CLIMATE SUMMARY FOR JULY 9 2014...
VALID TODAY AS OF 0400 PM LOCAL TIME.

CLIMATE NORMAL PERIOD 1981 TO 2010
CLIMATE RECORD PERIOD 9999 TO 9999


WEATHER ITEM   OBSERVED TIME   RECORD YEAR NORMAL DEPARTURE LAST
                VALUE   (LST)  VALUE       VALUE  FROM      YEAR
                                                  NORMAL
..................................................................
TEMPERATURE (F)
 TODAY
  MAXIMUM         81    259 PM  MM      MM  87     -6       91
  MINIMUM         62    436 AM  MM      MM  66     -4       77
  AVERAGE         72                        76     -4       84

PRECIPITATION (IN)
  TODAY            0.00         MM      MM   0.10  -0.10      T
  MONTH TO DATE    0.81                      1.08  -0.27     0.08
  SINCE JUN 1      7.71                      5.43   2.28     5.03
  SINCE JAN 1     17.37                     19.88  -2.51    23.34

DEGREE DAYS
 HEATING
  TODAY            0                         0      0        0
  MONTH TO DATE    0                         0      0        0
  SINCE JUN 1      1                        17    -16       14
  SINCE JUL 1      0                         0      0        0

 COOLING
  TODAY            7                        11     -4       19
  MONTH TO DATE   66                        99    -33       79
  SINCE JUN 1    342                       328     14      321
  SINCE JAN 1    487                       415     72      433
..................................................................


WIND (MPH)
  HIGHEST WIND SPEED    16   HIGHEST WIND DIRECTION    NW (320)
  HIGHEST GUST SPEED    23   HIGHEST GUST DIRECTION    NW (320)
  AVERAGE WIND SPEED     8.2


SKY COVER
  POSSIBLE SUNSHINE  MM
  AVERAGE SKY COVER 0.2


WEATHER CONDITIONS
 THE FOLLOWING WEATHER WAS RECORDED TODAY.
  NO SIGNIFICANT WEATHER WAS OBSERVED.


RELATIVE HUMIDITY (PERCENT)
 HIGHEST    87           100 AM
 LOWEST     42           300 PM
 AVERAGE    65

..........................................................


THE DECATUR IL AIRPORT CLIMATE NORMALS FOR TOMORROW
                         NORMAL    RECORD    YEAR
 MAXIMUM TEMPERATURE (F)   87        MM        MM
 MINIMUM TEMPERATURE (F)   66        MM        MM


SUNRISE AND SUNSET
JULY  9 2014..........SUNRISE   535 AM CDT   SUNSET   826 PM CDT
JULY 10 2014..........SUNRISE   536 AM CDT   SUNSET   825 PM CDT


-  INDICATES NEGATIVE NUMBERS.
R  INDICATES RECORD WAS SET OR TIED.
MM INDICATES DATA IS MISSING.
T  INDICATES TRACE AMOUNT.




$$
