000
CDUS45 KBOU 251230
CLIDEN


CLIMATE REPORT
NATIONAL WEATHER SERVICE DENVER/BOULDER CO
629 AM MDT SUN JUN 25 2017


...................................

...THE DENVER CO CLIMATE SUMMARY FOR JUNE 25 2017...
VALID AS OF 0600 AM LOCAL TIME.

CLIMATE NORMAL PERIOD 1981 TO 2010
CLIMATE RECORD PERIOD 1872 TO 2017


WEATHER ITEM   OBSERVED TIME   RECORD YEAR NORMAL DEPARTURE LAST
                VALUE   (LST)  VALUE       VALUE  FROM      YEAR
                                                  NORMAL
..................................................................
TEMPERATURE (F)
 TODAY
  MAXIMUM         56   1214 AM 105    2012  86    -30       84
  MINIMUM         49    312 AM  42    1958  55     -6       58
  AVERAGE         53                        70    -17       71

PRECIPITATION (IN)
  TODAY            0.00          1.02 1937   0.06  -0.06     0.01
  MONTH TO DATE    0.12                      1.68  -1.56     1.62
  SINCE JUN 1      0.12                      1.68  -1.56     1.62
  SINCE JAN 1      6.43                      7.21  -0.78     8.72

..................................................................


WIND (MPH)
  HIGHEST WIND SPEED    14   HIGHEST WIND DIRECTION     E (110)
  HIGHEST GUST SPEED    17   HIGHEST GUST DIRECTION     E (100)
  AVERAGE WIND SPEED     7.7




RELATIVE HUMIDITY (PERCENT)
 HIGHEST    86           200 AM
 LOWEST     77          1200 AM
 AVERAGE    82

..........................................................


THE DENVER CO CLIMATE NORMALS FOR TOMORROW
                         NORMAL    RECORD    YEAR
 MAXIMUM TEMPERATURE (F)   86       105      2012
 MINIMUM TEMPERATURE (F)   55        40      1968


SUNRISE AND SUNSET
JUNE 25 2017..........SUNRISE   532 AM MDT   SUNSET   831 PM MDT
JUNE 26 2017..........SUNRISE   532 AM MDT   SUNSET   831 PM MDT


-  INDICATES NEGATIVE NUMBERS.
R  INDICATES RECORD WAS SET OR TIED.
MM INDICATES DATA IS MISSING.
T  INDICATES TRACE AMOUNT.




$$
