000
CDUS45 KBOU 250758
CLIDEN


CLIMATE REPORT
NATIONAL WEATHER SERVICE DENVER/BOULDER CO
156 AM MDT WED MAY 25 2016


...................................

...THE DENVER CO CLIMATE SUMMARY FOR MAY 24 2016...

CLIMATE NORMAL PERIOD 1981 TO 2010
CLIMATE RECORD PERIOD 1872 TO 2016


WEATHER ITEM   OBSERVED TIME   RECORD YEAR NORMAL DEPARTURE LAST
                VALUE   (LST)  VALUE       VALUE  FROM      YEAR
                                                  NORMAL
..................................................................
TEMPERATURE (F)
 YESTERDAY
  MAXIMUM         73   1209 PM  87    2005  75     -2       61
                                      1984
                                      1967
  MINIMUM         43    557 AM  32    2002  45     -2       40
  AVERAGE         58                        60     -2       51

PRECIPITATION (IN)
  YESTERDAY        0.04          0.64 1909   0.07  -0.03     0.00
  MONTH TO DATE    0.94                      1.61  -0.67     3.72
  SINCE MAR 1      4.68                      4.24   0.44     7.16
  SINCE JAN 1      5.66                      5.02   0.64     8.79

SNOWFALL (IN)
  YESTERDAY        0.0
  MONTH TO DATE      T
  SINCE MAR 1       34
  SINCE JUL 1     72.8
  SNOW DEPTH       0


DEGREE DAYS
 HEATING
  YESTERDAY        7                         6      1       14
  MONTH TO DATE  275                       229     46      329
  SINCE MAR 1   1517                      1521     -4     1421
  SINCE JUL 1   5505                      5960   -455     5534

 COOLING
  YESTERDAY        0                         1     -1        0
  MONTH TO DATE    3                         9     -6        0
  SINCE MAR 1      3                        10     -7        0
  SINCE JAN 1      3                        10     -7        0
..................................................................


WIND (MPH)
  HIGHEST WIND SPEED    24   HIGHEST WIND DIRECTION    NE (50)
  HIGHEST GUST SPEED    33   HIGHEST GUST DIRECTION     E (110)
  AVERAGE WIND SPEED    10.8


SKY COVER **
  POSSIBLE SUNSHINE  MM
  AVERAGE SKY COVER 0.5


WEATHER CONDITIONS
 THE FOLLOWING WEATHER WAS RECORDED YESTERDAY.
  THUNDERSTORM
  LIGHT RAIN


RELATIVE HUMIDITY (PERCENT)
 HIGHEST    89           600 AM
 LOWEST     44          1100 AM
 AVERAGE    67

..........................................................


THE DENVER CO CLIMATE NORMALS FOR TODAY
                         NORMAL    RECORD    YEAR
 MAXIMUM TEMPERATURE (F)   75        91      1964
 MINIMUM TEMPERATURE (F)   46        31      1950


SUNRISE AND SUNSET
MAY 25 2016...........SUNRISE   535 AM MDT   SUNSET   816 PM MDT
MAY 26 2016...........SUNRISE   534 AM MDT   SUNSET   817 PM MDT


-  INDICATES NEGATIVE NUMBERS.
R  INDICATES RECORD WAS SET OR TIED.
MM INDICATES DATA IS MISSING.
T  INDICATES TRACE AMOUNT.

&&

** SUNSHINE DATA WILL NO LONGER BE AVAILABLE EFFECTIVE OCTOBER 1ST 2009.




$$
