000
CDUS45 KBOU 202333
CLIDEN


CLIMATE REPORT
NATIONAL WEATHER SERVICE DENVER/BOULDER CO
432 PM MST MON NOV 20 2017


...................................

...THE DENVER CO CLIMATE SUMMARY FOR NOVEMBER 20 2017...
VALID TODAY AS OF 0400 PM LOCAL TIME.

CLIMATE NORMAL PERIOD 1981 TO 2010
CLIMATE RECORD PERIOD 1872 TO 2017


WEATHER ITEM   OBSERVED TIME   RECORD YEAR NORMAL DEPARTURE LAST
                VALUE   (LST)  VALUE       VALUE  FROM      YEAR
                                                  NORMAL
..................................................................
TEMPERATURE (F)
 TODAY
  MAXIMUM         69    227 PM  72    2006  50     19       69
                                      1897
  MINIMUM         30    638 AM   1    1985  22      8       37
                                      1975
                                      1906
  AVERAGE         50                        36     14       53

PRECIPITATION (IN)
  TODAY            0.00          0.95 1979   0.02  -0.02     0.00
  MONTH TO DATE    0.27                      0.45  -0.18     0.22
  SINCE SEP 1      2.49                      2.43   0.06     0.76
  SINCE JAN 1     11.46                     13.79  -2.33    10.77

DEGREE DAYS
 HEATING
  TODAY           15                        29    -14       12
  MONTH TO DATE  423                       490    -67      317
  SINCE SEP 1   1000                      1055    -55      612
  SINCE JUL 1   1008                      1071    -63      627

 COOLING
  TODAY            0                         0      0        0
  MONTH TO DATE    0                         0      0        0
  SINCE SEP 1    132                        81     51      116
  SINCE JAN 1    881                       769    112      878
..................................................................


WIND (MPH)
  HIGHEST WIND SPEED    22   HIGHEST WIND DIRECTION     W (260)
  HIGHEST GUST SPEED    30   HIGHEST GUST DIRECTION     W (260)
  AVERAGE WIND SPEED    11.9


SKY COVER
  POSSIBLE SUNSHINE  MM
  AVERAGE SKY COVER 0.6


WEATHER CONDITIONS
 THE FOLLOWING WEATHER WAS RECORDED TODAY.
  NO SIGNIFICANT WEATHER WAS OBSERVED.


RELATIVE HUMIDITY (PERCENT)
 HIGHEST    27          1200 AM
 LOWEST      8          1100 AM
 AVERAGE    18

..........................................................


THE DENVER CO CLIMATE NORMALS FOR TOMORROW
                         NORMAL    RECORD    YEAR
 MAXIMUM TEMPERATURE (F)   49        73      1974
 MINIMUM TEMPERATURE (F)   22         0      1929


SUNRISE AND SUNSET
NOVEMBER 20 2017......SUNRISE   649 AM MST   SUNSET   439 PM MST
NOVEMBER 21 2017......SUNRISE   651 AM MST   SUNSET   438 PM MST


-  INDICATES NEGATIVE NUMBERS.
R  INDICATES RECORD WAS SET OR TIED.
MM INDICATES DATA IS MISSING.
T  INDICATES TRACE AMOUNT.




$$
