000
CDUS45 KBOU 292342
CLIDEN


CLIMATE REPORT
NATIONAL WEATHER SERVICE DENVER/BOULDER CO
542 PM MDT WED MAR 29 2017


...................................

...THE DENVER CO CLIMATE SUMMARY FOR MARCH 29 2017...
VALID TODAY AS OF 0500 PM LOCAL TIME.

CLIMATE NORMAL PERIOD 1981 TO 2010
CLIMATE RECORD PERIOD 1872 TO 2017


WEATHER ITEM   OBSERVED TIME   RECORD YEAR NORMAL DEPARTURE LAST
                VALUE   (LST)  VALUE       VALUE  FROM      YEAR
                                                  NORMAL
..................................................................
TEMPERATURE (F)
 TODAY
  MAXIMUM         57    359 PM  79    1967  58     -1       61
                                      1943
                                      1879
  MINIMUM         35    526 AM   2    1886  30      5       36
  AVERAGE         46                        44      2       49

PRECIPITATION (IN)
  TODAY            0.04          0.91 1891   0.04   0.00     0.04
  MONTH TO DATE    0.78                      0.84  -0.06     1.13
  SINCE MAR 1      0.78                      0.84  -0.06     1.13
  SINCE JAN 1      1.55                      1.62  -0.07     2.11

DEGREE DAYS
 HEATING
  TODAY           19                        21     -2       16
  MONTH TO DATE  484                       720   -236      660
  SINCE MAR 1    484                       720   -236      660
  SINCE JUL 1   4286                      5159   -873     4648

 COOLING
  TODAY            0                         0      0        0
  MONTH TO DATE    0                         0      0        0
  SINCE MAR 1      0                         0      0        0
  SINCE JAN 1      0                         0      0        0
..................................................................


WIND (MPH)
  HIGHEST WIND SPEED    24   HIGHEST WIND DIRECTION     N (350)
  HIGHEST GUST SPEED    30   HIGHEST GUST DIRECTION     N (360)
  AVERAGE WIND SPEED    16.1


SKY COVER **
  POSSIBLE SUNSHINE  MM
  AVERAGE SKY COVER 0.7


WEATHER CONDITIONS
 THE FOLLOWING WEATHER WAS RECORDED TODAY.
  RAIN
  LIGHT RAIN
  SNOW
  LIGHT SNOW
  FOG
  FOG W/VISIBILITY <= 1/4 MILE


RELATIVE HUMIDITY (PERCENT)
 HIGHEST    92           200 AM
 LOWEST     35           400 PM
 AVERAGE    64

..........................................................


THE DENVER CO CLIMATE NORMALS FOR TOMORROW
                         NORMAL    RECORD    YEAR
 MAXIMUM TEMPERATURE (F)   58        82      2010
 MINIMUM TEMPERATURE (F)   30        10      1987


SUNRISE AND SUNSET
MARCH 29 2017.........SUNRISE   647 AM MDT   SUNSET   720 PM MDT
MARCH 30 2017.........SUNRISE   645 AM MDT   SUNSET   721 PM MDT


-  INDICATES NEGATIVE NUMBERS.
R  INDICATES RECORD WAS SET OR TIED.
MM INDICATES DATA IS MISSING.
T  INDICATES TRACE AMOUNT.




$$
