000
CDUS45 KBOU 030757
CLIDEN


CLIMATE REPORT
NATIONAL WEATHER SERVICE DENVER CO
156 AM MDT MON AUG 3 2015


...................................

...THE DENVER CO CLIMATE SUMMARY FOR AUGUST 2 2015...

CLIMATE NORMAL PERIOD 1981 TO 2010
CLIMATE RECORD PERIOD 1872 TO 2015


WEATHER ITEM   OBSERVED TIME   RECORD YEAR NORMAL DEPARTURE LAST
                VALUE   (LST)  VALUE       VALUE  FROM      YEAR
                                                  NORMAL
..................................................................
TEMPERATURE (F)
 YESTERDAY
  MAXIMUM         94   1206 PM 103    2008  89      5       84
  MINIMUM         66    507 AM  50    1891  60      6       56
  AVERAGE         80                        75      5       70

PRECIPITATION (IN)
  YESTERDAY        0.00          1.52 1951   0.07  -0.07     0.00
  MONTH TO DATE    0.00                      0.14  -0.14     0.00
  SINCE JUN 1      3.59                      4.28  -0.69     5.67
  SINCE JAN 1     12.42                      9.81   2.61    12.38

SNOWFALL (IN)
  YESTERDAY        0.0
  MONTH TO DATE      0
  SINCE JUN 1        0
  SINCE JUL 1        0
  SNOW DEPTH       0


DEGREE DAYS
 HEATING
  YESTERDAY        0                         0      0        0
  MONTH TO DATE    0                         0      0        0
  SINCE JUN 1     16                        68    -52       35
  SINCE JUL 1      5                         6     -1        5

 COOLING
  YESTERDAY       15                        10      5        5
  MONTH TO DATE   29                        20      9        8
  SINCE JUN 1    434                       442     -8      418
  SINCE JAN 1    438                       464    -26      439
..................................................................


WIND (MPH)
  HIGHEST WIND SPEED    32   HIGHEST WIND DIRECTION    SW (210)
  HIGHEST GUST SPEED    41   HIGHEST GUST DIRECTION    SW (210)
  AVERAGE WIND SPEED     9.3


SKY COVER **
  POSSIBLE SUNSHINE  MM
  AVERAGE SKY COVER 0.8


WEATHER CONDITIONS
 THE FOLLOWING WEATHER WAS RECORDED YESTERDAY.
  THUNDERSTORM


RELATIVE HUMIDITY (PERCENT)
 HIGHEST    63           400 AM
 LOWEST     16          1200 PM
 AVERAGE    40

..........................................................


THE DENVER CO CLIMATE NORMALS FOR TODAY
                         NORMAL    RECORD    YEAR
 MAXIMUM TEMPERATURE (F)   89       100      1878
 MINIMUM TEMPERATURE (F)   60        48      1911


SUNRISE AND SUNSET
AUGUST  3 2015........SUNRISE   559 AM MST   SUNSET   811 PM MST
AUGUST  4 2015........SUNRISE   600 AM MST   SUNSET   810 PM MST


-  INDICATES NEGATIVE NUMBERS.
R  INDICATES RECORD WAS SET OR TIED.
MM INDICATES DATA IS MISSING.
T  INDICATES TRACE AMOUNT.

&&

** SUNSHINE DATA WILL NO LONGER BE AVAILABLE EFFECTIVE OCTOBER 1ST 2009.




$$
