000
CDUS45 KBOU 092331
CLIDEN


CLIMATE REPORT
NATIONAL WEATHER SERVICE DENVER/BOULDER CO
430 PM MST FRI DEC 9 2016


...................................

...THE DENVER CO CLIMATE SUMMARY FOR DECEMBER 9 2016...
VALID TODAY AS OF 0400 PM LOCAL TIME.

CLIMATE NORMAL PERIOD 1981 TO 2010
CLIMATE RECORD PERIOD 1872 TO 2016


WEATHER ITEM   OBSERVED TIME   RECORD YEAR NORMAL DEPARTURE LAST
                VALUE   (LST)  VALUE       VALUE  FROM      YEAR
                                                  NORMAL
..................................................................
TEMPERATURE (F)
 TODAY
  MAXIMUM         54    144 PM  71    1957  43     11       69
  MINIMUM          3    229 AM -20    1919  17    -14       36
                                      1898
  AVERAGE         29                        30     -1       53

PRECIPITATION (IN)
  TODAY            0.00          0.31 1897   0.01  -0.01     0.00
  MONTH TO DATE    0.06                      0.11  -0.05     0.00
  SINCE DEC 1      0.06                      0.11  -0.05     0.00
  SINCE JAN 1     11.13                     14.06  -2.93    17.60

DEGREE DAYS
 HEATING
  TODAY           36                        35      1       12
  MONTH TO DATE  380                       307     73      226
  SINCE DEC 1    380                       307     73      226
  SINCE JUL 1   1276                      1689   -413     1316

 COOLING
  TODAY            0                         0      0        0
  MONTH TO DATE    0                         0      0        0
  SINCE DEC 1      0                         0      0        0
  SINCE JAN 1    878                       769    109      877
..................................................................


WIND (MPH)
  HIGHEST WIND SPEED    16   HIGHEST WIND DIRECTION     S (200)
  HIGHEST GUST SPEED    19   HIGHEST GUST DIRECTION     W (260)
  AVERAGE WIND SPEED     6.4


SKY COVER **
  POSSIBLE SUNSHINE  MM
  AVERAGE SKY COVER 0.3


WEATHER CONDITIONS
 THE FOLLOWING WEATHER WAS RECORDED TODAY.
  NO SIGNIFICANT WEATHER WAS OBSERVED.


RELATIVE HUMIDITY (PERCENT)
 HIGHEST    87           200 AM
 LOWEST     30           200 PM
 AVERAGE    59

..........................................................


THE DENVER CO CLIMATE NORMALS FOR TOMORROW
                         NORMAL    RECORD    YEAR
 MAXIMUM TEMPERATURE (F)   43        70      1939
 MINIMUM TEMPERATURE (F)   17       -18      1972


SUNRISE AND SUNSET
DECEMBER  9 2016......SUNRISE   709 AM MST   SUNSET   433 PM MST
DECEMBER 10 2016......SUNRISE   710 AM MST   SUNSET   433 PM MST


-  INDICATES NEGATIVE NUMBERS.
R  INDICATES RECORD WAS SET OR TIED.
MM INDICATES DATA IS MISSING.
T  INDICATES TRACE AMOUNT.




$$
