000
CDUS45 KBOU 280800
CLIDEN


CLIMATE REPORT
NATIONAL WEATHER SERVICE DENVER/BOULDER CO
158 AM MDT WED SEP 28 2016


...................................

...THE DENVER CO CLIMATE SUMMARY FOR SEPTEMBER 27 2016...

CLIMATE NORMAL PERIOD 1981 TO 2010
CLIMATE RECORD PERIOD 1872 TO 2016


WEATHER ITEM   OBSERVED TIME   RECORD YEAR NORMAL DEPARTURE LAST
                VALUE   (LST)  VALUE       VALUE  FROM      YEAR
                                                  NORMAL
..................................................................
TEMPERATURE (F)
 YESTERDAY
  MAXIMUM         83    329 PM  92    1953  74      9       90
  MINIMUM         46    405 AM  21    1908  44      2       55
  AVERAGE         65                        59      6       73

PRECIPITATION (IN)
  YESTERDAY        0.00          0.81 1936   0.03  -0.03     0.00
  MONTH TO DATE    0.28                      0.86  -0.58     0.04
  SINCE SEP 1      0.28                      0.86  -0.58     0.04
  SINCE JAN 1     10.29                     12.22  -1.93    13.64

SNOWFALL (IN)
  YESTERDAY        0.0
  MONTH TO DATE      0
  SINCE SEP 1        0
  SINCE JUL 1        0
  SNOW DEPTH       0


DEGREE DAYS
 HEATING
  YESTERDAY        0                         7     -7        0
  MONTH TO DATE   62                        99    -37        9
  SINCE SEP 1     62                        99    -37        9
  SINCE JUL 1     77                       115    -38       27

 COOLING
  YESTERDAY        0                         1     -1        8
  MONTH TO DATE   96                        74     22      142
  SINCE SEP 1     96                        74     22      142
  SINCE JAN 1    858                       762     96      855
..................................................................


WIND (MPH)
  HIGHEST WIND SPEED    13   HIGHEST WIND DIRECTION    SW (210)
  HIGHEST GUST SPEED    16   HIGHEST GUST DIRECTION    SW (220)
  AVERAGE WIND SPEED     6.5


SKY COVER **
  POSSIBLE SUNSHINE  MM
  AVERAGE SKY COVER 0.1


WEATHER CONDITIONS
 THE FOLLOWING WEATHER WAS RECORDED YESTERDAY.
  HAZE


RELATIVE HUMIDITY (PERCENT)
 HIGHEST    58           400 AM
 LOWEST     10           400 PM
 AVERAGE    34

..........................................................


THE DENVER CO CLIMATE NORMALS FOR TODAY
                         NORMAL    RECORD    YEAR
 MAXIMUM TEMPERATURE (F)   73        92      2010
 MINIMUM TEMPERATURE (F)   43        21      1985


SUNRISE AND SUNSET
SEPTEMBER 28 2016.....SUNRISE   653 AM MDT   SUNSET   645 PM MDT
SEPTEMBER 29 2016.....SUNRISE   654 AM MDT   SUNSET   644 PM MDT


-  INDICATES NEGATIVE NUMBERS.
R  INDICATES RECORD WAS SET OR TIED.
MM INDICATES DATA IS MISSING.
T  INDICATES TRACE AMOUNT.

&&

** SUNSHINE DATA WILL NO LONGER BE AVAILABLE EFFECTIVE OCTOBER 1ST 2009.




$$
