000
CDUS44 KSHV 290747
CLIDEQ


CLIMATE REPORT
NATIONAL WEATHER SERVICE SHREVEPORT, LA
246 AM CDT MON MAY 29 2017


...................................

...THE DE QUEEN CLIMATE SUMMARY FOR MAY 28 2017...

CLIMATE NORMAL PERIOD 1981 TO 2010
CLIMATE RECORD PERIOD 1902 TO 2017


WEATHER ITEM   OBSERVED TIME   RECORD YEAR NORMAL DEPARTURE LAST
                VALUE   (LST)  VALUE       VALUE  FROM      YEAR
                                                  NORMAL
..................................................................
TEMPERATURE (F)
 YESTERDAY
  MAXIMUM         81   1232 AM  94    1977  84     -3       81
  MINIMUM         66   1148 PM  44    1961  62      4       61
  AVERAGE         74                        73      1       71

PRECIPITATION (IN)
  YESTERDAY        0.62          2.56 1998   0.15   0.47     0.00
  MONTH TO DATE    3.21                      5.17  -1.96     1.32
  SINCE DEC 1     22.46                     25.10  -2.64    28.80
  SINCE JAN 1     19.75                     20.74  -0.99    18.52

SNOWFALL (IN)
  YESTERDAY        0.0
  MONTH TO DATE    0.0
  SINCE MAR 1      0.0
  SINCE JUL 1      0.3
  SNOW DEPTH       0

DEGREE DAYS
 HEATING
  YESTERDAY        0                         0      0        0
  MONTH TO DATE   24                        21      3       27
  SINCE MAR 1    332                       551   -219      370
  SINCE JUL 1   2101                      3042   -941     2322

 COOLING
  YESTERDAY        9                         8      1        6
  MONTH TO DATE  145                       145      0      114
  SINCE MAR 1    242                       190     52      164
  SINCE JAN 1    252                       192     60      164
..................................................................


WIND (MPH)
  HIGHEST WIND SPEED    29   HIGHEST WIND DIRECTION    NW (320)
  HIGHEST GUST SPEED    42   HIGHEST GUST DIRECTION    NW (330)
  AVERAGE WIND SPEED     4.4


SKY COVER
  POSSIBLE SUNSHINE  MM
  AVERAGE SKY COVER 0.6


WEATHER CONDITIONS
 THE FOLLOWING WEATHER WAS RECORDED YESTERDAY.
  THUNDERSTORM
  HEAVY RAIN
  RAIN
  LIGHT RAIN
  FOG
  FOG W/VISIBILITY <= 1/4 MILE
  HAZE


RELATIVE HUMIDITY (PERCENT)
 HIGHEST   100           400 AM
 LOWEST     76           200 PM
 AVERAGE    88

..........................................................


THE DE QUEEN CLIMATE NORMALS FOR TODAY
                         NORMAL    RECORD    YEAR
 MAXIMUM TEMPERATURE (F)   84        95      1977
 MINIMUM TEMPERATURE (F)   63        47      1992


SUNRISE AND SUNSET
MAY 29 2017...........SUNRISE   608 AM CDT   SUNSET   822 PM CDT
MAY 30 2017...........SUNRISE   608 AM CDT   SUNSET   823 PM CDT


-  INDICATES NEGATIVE NUMBERS.
R  INDICATES RECORD WAS SET OR TIED.
MM INDICATES DATA IS MISSING.
T  INDICATES TRACE AMOUNT.




$$
