000
CDUS44 KSHV 190734
CLIDEQ


CLIMATE REPORT
NATIONAL WEATHER SERVICE SHREVEPORT, LA
234 AM CDT FRI SEP 19 2014


...................................

...THE DE QUEEN CLIMATE SUMMARY FOR SEPTEMBER 18 2014...

CLIMATE NORMAL PERIOD 1981 TO 2010
CLIMATE RECORD PERIOD 1902 TO 2014


WEATHER ITEM   OBSERVED TIME   RECORD YEAR NORMAL DEPARTURE LAST
                VALUE   (LST)  VALUE       VALUE  FROM      YEAR
                                                  NORMAL
..................................................................
TEMPERATURE (F)
 YESTERDAY
  MAXIMUM         85    141 PM 100    2005  86     -1       92
  MINIMUM         71    634 AM  40    1981  60     11       70
  AVERAGE         78                        73      5       81

PRECIPITATION (IN)
  YESTERDAY        0.13          1.05 1952   0.10   0.03      T
  MONTH TO DATE    7.09                      2.19   4.90     0.56
  SINCE DEC 1     35.37                     38.14  -2.77    24.91
  SINCE JAN 1     33.44                     33.78  -0.34    20.86

SNOWFALL (IN)
  YESTERDAY        0.0
  MONTH TO DATE    0.0
  SINCE SEP 1      0.0
  SINCE JUL 1      0.0
  SNOW DEPTH       0

DEGREE DAYS
 HEATING
  YESTERDAY        0                         0      0        0
  MONTH TO DATE    1                         0      1        0
  SINCE SEP 1      1                         0      1        0
  SINCE JUL 1      1                         0      1        0

 COOLING
  YESTERDAY       13                         8      5       16
  MONTH TO DATE  223                       203     20      278
  SINCE SEP 1    223                       203     20      278
  SINCE JAN 1   1553                      1795   -242     1841
..................................................................


WIND (MPH)
  HIGHEST WIND SPEED    10   HIGHEST WIND DIRECTION    NE (30)
  HIGHEST GUST SPEED    16   HIGHEST GUST DIRECTION    NE (30)
  AVERAGE WIND SPEED     3.5


SKY COVER
  POSSIBLE SUNSHINE  MM
  AVERAGE SKY COVER 0.3


WEATHER CONDITIONS
 THE FOLLOWING WEATHER WAS RECORDED YESTERDAY.
  THUNDERSTORM
  HEAVY RAIN
  LIGHT RAIN
  FOG


RELATIVE HUMIDITY (PERCENT)
 HIGHEST   100           800 PM
 LOWEST     65           200 PM
 AVERAGE    83

..........................................................


THE DE QUEEN CLIMATE NORMALS FOR TODAY
                         NORMAL    RECORD    YEAR
 MAXIMUM TEMPERATURE (F)   85       100      1956
 MINIMUM TEMPERATURE (F)   60        40      1981


SUNRISE AND SUNSET
SEPTEMBER 19 2014.....SUNRISE   704 AM CDT   SUNSET   718 PM CDT
SEPTEMBER 20 2014.....SUNRISE   704 AM CDT   SUNSET   717 PM CDT


-  INDICATES NEGATIVE NUMBERS.
R  INDICATES RECORD WAS SET OR TIED.
MM INDICATES DATA IS MISSING.
T  INDICATES TRACE AMOUNT.




$$
