000
CDUS44 KSHV 220847
CLIDEQ


CLIMATE REPORT
NATIONAL WEATHER SERVICE SHREVEPORT, LA
247 AM CST WED FEB 22 2017


...................................

...THE DE QUEEN CLIMATE SUMMARY FOR FEBRUARY 21 2017...

CLIMATE NORMAL PERIOD 1981 TO 2010
CLIMATE RECORD PERIOD 1902 TO 2017


WEATHER ITEM   OBSERVED TIME   RECORD YEAR NORMAL DEPARTURE LAST
                VALUE   (LST)  VALUE       VALUE  FROM      YEAR
                                                  NORMAL
..................................................................
TEMPERATURE (F)
 YESTERDAY
  MAXIMUM         70    500 PM  87    1986  60     10       68
  MINIMUM         53   1159 PM  18    1939  34     19       56
  AVERAGE         62                        47     15       62

PRECIPITATION (IN)
  YESTERDAY        0.08          2.25 1997   0.11  -0.03     0.00
  MONTH TO DATE    0.66                      2.97  -2.31     0.10
  SINCE DEC 1      5.98                     10.65  -4.67    11.25
  SINCE JAN 1      3.27                      6.29  -3.02     0.97

SNOWFALL (IN)
  YESTERDAY        0.0
  MONTH TO DATE    0.0
  SINCE DEC 1      0.3
  SINCE JUL 1      0.3
  SNOW DEPTH       0

DEGREE DAYS
 HEATING
  YESTERDAY        3                        18    -15        3
  MONTH TO DATE  249                       436   -187      341
  SINCE DEC 1   1386                      1846   -460     1475
  SINCE JUL 1   1700                      2372   -672     1816

 COOLING
  YESTERDAY        0                         0      0        0
  MONTH TO DATE    4                         0      4        0
  SINCE DEC 1      9                         1      8        3
  SINCE JAN 1      7                         1      6        0
..................................................................


WIND (MPH)
  HIGHEST WIND SPEED    12   HIGHEST WIND DIRECTION    NW (330)
  HIGHEST GUST SPEED    16   HIGHEST GUST DIRECTION    NW (330)
  AVERAGE WIND SPEED     3.9


SKY COVER
  POSSIBLE SUNSHINE  MM
  AVERAGE SKY COVER 0.9


WEATHER CONDITIONS
 THE FOLLOWING WEATHER WAS RECORDED YESTERDAY.
  RAIN
  LIGHT RAIN
  FOG
  FOG W/VISIBILITY <= 1/4 MILE


RELATIVE HUMIDITY (PERCENT)
 HIGHEST   100          1200 AM
 LOWEST     61           400 PM
 AVERAGE    81

..........................................................


THE DE QUEEN CLIMATE NORMALS FOR TODAY
                         NORMAL    RECORD    YEAR
 MAXIMUM TEMPERATURE (F)   60        88      1996
 MINIMUM TEMPERATURE (F)   34        14      1963


SUNRISE AND SUNSET
FEBRUARY 22 2017......SUNRISE   654 AM CST   SUNSET   608 PM CST
FEBRUARY 23 2017......SUNRISE   653 AM CST   SUNSET   609 PM CST


-  INDICATES NEGATIVE NUMBERS.
R  INDICATES RECORD WAS SET OR TIED.
MM INDICATES DATA IS MISSING.
T  INDICATES TRACE AMOUNT.




$$
