000
CDUS46 KOTX 300825
CLIDEW


CLIMATE REPORT
NATIONAL WEATHER SERVICE SPOKANE, WA
125 AM PDT TUE JUN 30 2015


...................................

...THE DEER_PARK WA AIRPORT CLIMATE SUMMARY FOR JUNE 29 2015...

CLIMATE NORMAL PERIOD 1981 TO 2010
CLIMATE RECORD PERIOD 9999 TO 9999


WEATHER ITEM   OBSERVED TIME   RECORD YEAR NORMAL DEPARTURE LAST
                VALUE   (LST)  VALUE       VALUE  FROM      YEAR
                                                  NORMAL
..................................................................
TEMPERATURE (F)
 YESTERDAY
  MAXIMUM         92    416 PM  MM      MM  78     14       70
  MINIMUM         62   1153 PM  MM      MM  46     16       50
  AVERAGE         77                        62     15       60

PRECIPITATION (IN)
  YESTERDAY        0.01         MM      MM   0.06  -0.05      T
  MONTH TO DATE    1.00                      1.91  -0.91     2.53
  SINCE OCT 1     16.47                     19.47  -3.00    17.39
  SINCE JAN 1     10.08                     11.65  -1.57    13.59

SNOWFALL (IN)
  YESTERDAY       MM

DEGREE DAYS
 HEATING
  YESTERDAY        0                         4     -4        5
  MONTH TO DATE   78                       196   -118      200
  SINCE JUN 1     78                       196   -118      200
  SINCE JUL 1   6187                      7410  -1223     7405

 COOLING
  YESTERDAY       12                         1     11        0
  MONTH TO DATE   93                        12     81        2
  SINCE JUN 1     93                        12     81        2
  SINCE JAN 1    104                        15     89        2
..................................................................


WIND (MPH)
  HIGHEST WIND SPEED    18   HIGHEST WIND DIRECTION     W (270)
  HIGHEST GUST SPEED    25   HIGHEST GUST DIRECTION    SW (240)
  AVERAGE WIND SPEED     6.2


SKY COVER
  POSSIBLE SUNSHINE  MM
  AVERAGE SKY COVER 0.2


WEATHER CONDITIONS
 THE FOLLOWING WEATHER WAS RECORDED YESTERDAY.
  LIGHT RAIN


RELATIVE HUMIDITY (PERCENT)
 HIGHEST    73          1100 PM
 LOWEST     32           400 PM
 AVERAGE    53

..........................................................


THE DEER_PARK WA AIRPORT CLIMATE NORMALS FOR TODAY
                         NORMAL    RECORD    YEAR
 MAXIMUM TEMPERATURE (F)   78        MM        MM
 MINIMUM TEMPERATURE (F)   46        MM        MM


SUNRISE AND SUNSET
JUNE 30 2015..........SUNRISE   454 AM PDT   SUNSET   853 PM PDT
JULY  1 2015..........SUNRISE   454 AM PDT   SUNSET   852 PM PDT


-  INDICATES NEGATIVE NUMBERS.
R  INDICATES RECORD WAS SET OR TIED.
MM INDICATES DATA IS MISSING.
T  INDICATES TRACE AMOUNT.




$$
