000
CDUS44 KFWD 300641
CLIDFW


CLIMATE REPORT
NATIONAL WEATHER SERVICE FORT WORTH TX
141 AM CDT MON MAR 30 2015


...................................

...THE DALLAS FORT WORTH CLIMATE SUMMARY FOR MARCH 29 2015...

CLIMATE NORMAL PERIOD 1981 TO 2010
CLIMATE RECORD PERIOD 1898 TO 2015


WEATHER ITEM   OBSERVED TIME   RECORD YEAR NORMAL DEPARTURE LAST
                VALUE   (LST)  VALUE       VALUE  FROM      YEAR
                                                  NORMAL
..................................................................
TEMPERATURE (F)
 YESTERDAY
  MAXIMUM         83    436 PM  88    1967  72     11       74
                                      1946
  MINIMUM         53    621 AM  28    1944  50      3       46
  AVERAGE         68                        61      7       60

PRECIPITATION (IN)
  YESTERDAY        0.00          2.99 1958   0.11  -0.11     0.00
  MONTH TO DATE    2.53                      3.28  -0.75     1.45
  SINCE MAR 1      2.53                      3.28  -0.75     1.45
  SINCE JAN 1      9.11                      8.07   1.04     2.19

SNOWFALL (IN)
  YESTERDAY        0.0           2.0  1937   0.0    0.0      0.0
  MONTH TO DATE    3.5                       0.2    3.3      0.1
  SINCE MAR 1      3.5                       0.2    3.3      0.1
  SINCE JUL 1      5.8                       1.2    4.6      2.9
  SNOW DEPTH       0

DEGREE DAYS
 HEATING
  YESTERDAY        0                         6     -6        5
  MONTH TO DATE  301                       251     50      320
  SINCE MAR 1    301                       251     50      320
  SINCE JUL 1   2337                      2183    154     2493

 COOLING
  YESTERDAY        3                         2      1        0
  MONTH TO DATE   24                        31     -7       18
  SINCE MAR 1     24                        31     -7       18
  SINCE JAN 1     24                        38    -14       18
..................................................................


WIND (MPH)
  HIGHEST WIND SPEED    28   HIGHEST WIND DIRECTION     S (170)
  HIGHEST GUST SPEED    34   HIGHEST GUST DIRECTION     S (170)
  AVERAGE WIND SPEED    12.9


SKY COVER
  POSSIBLE SUNSHINE  MM
  AVERAGE SKY COVER 0.2


WEATHER CONDITIONS
 THE FOLLOWING WEATHER WAS RECORDED YESTERDAY.
  NO SIGNIFICANT WEATHER WAS OBSERVED.


RELATIVE HUMIDITY (PERCENT)
 HIGHEST    77           500 AM
 LOWEST     42           600 PM
 AVERAGE    60

..........................................................


THE DALLAS FORT WORTH CLIMATE NORMALS FOR TODAY
                         NORMAL    RECORD    YEAR
 MAXIMUM TEMPERATURE (F)   72        95      1946
 MINIMUM TEMPERATURE (F)   50        29      1987


SUNRISE AND SUNSET
MARCH 30 2015.........SUNRISE   719 AM CDT   SUNSET   747 PM CDT
MARCH 31 2015.........SUNRISE   718 AM CDT   SUNSET   747 PM CDT


-  INDICATES NEGATIVE NUMBERS.
R  INDICATES RECORD WAS SET OR TIED.
MM INDICATES DATA IS MISSING.
T  INDICATES TRACE AMOUNT.




$$
