000
CDUS44 KFWD 270715
CLIDFW


CLIMATE REPORT
NATIONAL WEATHER SERVICE FORT WORTH TX
215 AM CDT WED MAY 27 2015


...................................

...THE DALLAS FORT WORTH CLIMATE SUMMARY FOR MAY 26 2015...

CLIMATE NORMAL PERIOD 1981 TO 2010
CLIMATE RECORD PERIOD 1898 TO 2015


WEATHER ITEM   OBSERVED TIME   RECORD YEAR NORMAL DEPARTURE LAST
                VALUE   (LST)  VALUE       VALUE  FROM      YEAR
                                                  NORMAL
..................................................................
TEMPERATURE (F)
 YESTERDAY
  MAXIMUM         81    319 PM  99    1980  86     -5       82
  MINIMUM         58    129 AM  50    1901  67     -9       70
  AVERAGE         70                        77     -7       76

PRECIPITATION (IN)
  YESTERDAY        0.43          2.96 1900   0.15   0.28     0.03
  MONTH TO DATE   12.31                      4.11   8.20     3.18
  SINCE MAR 1     20.40                     10.67   9.73     6.37
  SINCE JAN 1     26.98                     15.46  11.52     7.11

DEGREE DAYS
 HEATING
  YESTERDAY        0                         0      0        0
  MONTH TO DATE    6                         6      0        9
  SINCE MAR 1    363                       350     13      430
  SINCE JUL 1   2399                      2282    117     2603

 COOLING
  YESTERDAY        5                        12     -7       11
  MONTH TO DATE  163                       222    -59      248
  SINCE MAR 1    286                       353    -67      415
  SINCE JAN 1    286                       360    -74      415
..................................................................


WIND (MPH)
  HIGHEST WIND SPEED    36   HIGHEST WIND DIRECTION     S (180)
  HIGHEST GUST SPEED    47   HIGHEST GUST DIRECTION     S (190)
  AVERAGE WIND SPEED     9.7


SKY COVER
  POSSIBLE SUNSHINE  MM
  AVERAGE SKY COVER 0.9


WEATHER CONDITIONS
 THE FOLLOWING WEATHER WAS RECORDED YESTERDAY.
  THUNDERSTORM
  HEAVY RAIN
  RAIN
  LIGHT RAIN
  FOG


RELATIVE HUMIDITY (PERCENT)
 HIGHEST   100          1200 AM
 LOWEST     71           500 PM
 AVERAGE    86

..........................................................


THE DALLAS FORT WORTH CLIMATE NORMALS FOR TODAY
                         NORMAL    RECORD    YEAR
 MAXIMUM TEMPERATURE (F)   87       103      1928
 MINIMUM TEMPERATURE (F)   67        47      1901


SUNRISE AND SUNSET
MAY 27 2015...........SUNRISE   622 AM CDT   SUNSET   828 PM CDT
MAY 28 2015...........SUNRISE   622 AM CDT   SUNSET   829 PM CDT


-  INDICATES NEGATIVE NUMBERS.
R  INDICATES RECORD WAS SET OR TIED.
MM INDICATES DATA IS MISSING.
T  INDICATES TRACE AMOUNT.




$$
