620
CDUS44 KFWD 220640
CLIDFW


CLIMATE REPORT
NATIONAL WEATHER SERVICE FORT WORTH TX
139 AM CDT TUE AUG 22 2017


...................................

...THE DALLAS FORT WORTH CLIMATE SUMMARY FOR AUGUST 21 2017...

CLIMATE NORMAL PERIOD 1981 TO 2010
CLIMATE RECORD PERIOD 1898 TO 2017


WEATHER ITEM   OBSERVED TIME   RECORD YEAR NORMAL DEPARTURE LAST
                VALUE   (LST)  VALUE       VALUE  FROM      YEAR
                                                  NORMAL
..................................................................
TEMPERATURE (F)
 YESTERDAY
  MAXIMUM         95    446 PM 105    1948  96     -1       91
  MINIMUM         79    558 AM  62    1940  75      4       73
                                      1927
  AVERAGE         87                        85      2       82

PRECIPITATION (IN)
  YESTERDAY        0.00          2.25 1919   0.07  -0.07     0.00
  MONTH TO DATE    3.38                      1.17   2.21     4.26
  SINCE JUN 1     15.94                      7.12   8.82    11.75
  SINCE JAN 1     27.80                     23.37   4.43    28.51

DEGREE DAYS
 HEATING
  YESTERDAY        0                         0      0        0
  MONTH TO DATE    0                         0      0        0
  SINCE JUN 1      0                         0      0        0
  SINCE JUL 1      0                         0      0        0

 COOLING
  YESTERDAY       22                        20      2       17
  MONTH TO DATE  439                       440     -1      461
  SINCE JUN 1   1648                      1562     86     1736
  SINCE JAN 1   2330                      1984    346     2159
..................................................................


WIND (MPH)
  HIGHEST WIND SPEED    18   HIGHEST WIND DIRECTION    SE (150)
  HIGHEST GUST SPEED    23   HIGHEST GUST DIRECTION    SE (150)
  AVERAGE WIND SPEED     9.2


SKY COVER
  POSSIBLE SUNSHINE  MM
  AVERAGE SKY COVER 0.2


WEATHER CONDITIONS
 THE FOLLOWING WEATHER WAS RECORDED YESTERDAY.
  NO SIGNIFICANT WEATHER WAS OBSERVED.


RELATIVE HUMIDITY (PERCENT)
 HIGHEST    79           600 AM
 LOWEST     39           400 PM
 AVERAGE    59

..........................................................


THE DALLAS FORT WORTH CLIMATE NORMALS FOR TODAY
                         NORMAL    RECORD    YEAR
 MAXIMUM TEMPERATURE (F)   96       105      2010
                                             1980
 MINIMUM TEMPERATURE (F)   75        61      1956


SUNRISE AND SUNSET
AUGUST 22 2017........SUNRISE   656 AM CDT   SUNSET   805 PM CDT
AUGUST 23 2017........SUNRISE   657 AM CDT   SUNSET   804 PM CDT


-  INDICATES NEGATIVE NUMBERS.
R  INDICATES RECORD WAS SET OR TIED.
MM INDICATES DATA IS MISSING.
T  INDICATES TRACE AMOUNT.




$$
