000
CDUS44 KFWD 290715
CLIDFW

CLIMATE REPORT
NATIONAL WEATHER SERVICE FORT WORTH TX
214 AM CDT FRI AUG 29 2014


...................................

...THE DALLAS FORT WORTH CLIMATE SUMMARY FOR AUGUST 28 2014...

CLIMATE NORMAL PERIOD 1981 TO 2010
CLIMATE RECORD PERIOD 1898 TO 2014


WEATHER ITEM   OBSERVED TIME   RECORD YEAR NORMAL DEPARTURE LAST
                VALUE   (LST)  VALUE       VALUE  FROM      YEAR
                                                  NORMAL
..................................................................
TEMPERATURE (F)
 YESTERDAY
  MAXIMUM         96    415 PM 108    1901  94      2       98
  MINIMUM         74    536 AM  56    1906  74      0       72
  AVERAGE         85                        84      1       85

PRECIPITATION (IN)
  YESTERDAY        0.00          4.28 1946   0.08  -0.08     0.00
  MONTH TO DATE    3.94                      1.66   2.28     1.32
  SINCE JUN 1      8.18                      7.61   0.57     5.51
  SINCE JAN 1     15.51                     23.86  -8.35    18.67

DEGREE DAYS
 HEATING
  YESTERDAY        0                         0      0        0
  MONTH TO DATE    0                         0      0        0
  SINCE JUN 1      0                         0      0        0
  SINCE JUL 1      0                         0      0        0

 COOLING
  YESTERDAY       20                        19      1       20
  MONTH TO DATE  605                       577     28      616
  SINCE JUN 1   1721                      1699     22     1763
  SINCE JAN 1   2197                      2121     76     2152
..................................................................


WIND (MPH)
  HIGHEST WIND SPEED    18   HIGHEST WIND DIRECTION    SE (140)
  HIGHEST GUST SPEED    23   HIGHEST GUST DIRECTION    SE (140)
  AVERAGE WIND SPEED     8.7


SKY COVER
  POSSIBLE SUNSHINE  MM
  AVERAGE SKY COVER 0.3


WEATHER CONDITIONS
 THE FOLLOWING WEATHER WAS RECORDED YESTERDAY.
  NO SIGNIFICANT WEATHER WAS OBSERVED.


RELATIVE HUMIDITY (PERCENT)
 HIGHEST    69           600 AM
 LOWEST     33           300 PM
 AVERAGE    51

..........................................................


THE DALLAS FORT WORTH CLIMATE NORMALS FOR TODAY
                         NORMAL    RECORD    YEAR
 MAXIMUM TEMPERATURE (F)   94       105      1951
                                             1943
 MINIMUM TEMPERATURE (F)   73        60      1992


SUNRISE AND SUNSET
AUGUST 29 2014........SUNRISE   701 AM CDT   SUNSET   757 PM CDT
AUGUST 30 2014........SUNRISE   701 AM CDT   SUNSET   755 PM CDT


-  INDICATES NEGATIVE NUMBERS.
R  INDICATES RECORD WAS SET OR TIED.
MM INDICATES DATA IS MISSING.
T  INDICATES TRACE AMOUNT.




$$
