000
CDUS44 KFWD 220720
CLIDFW


CLIMATE REPORT
NATIONAL WEATHER SERVICE FORT WORTH TX
120 AM CST MON JAN 22 2018


...................................

...THE DALLAS FORT WORTH CLIMATE SUMMARY FOR JANUARY 21 2018...

CLIMATE NORMAL PERIOD 1981 TO 2010
CLIMATE RECORD PERIOD 1898 TO 2018


WEATHER ITEM   OBSERVED TIME   RECORD YEAR NORMAL DEPARTURE LAST
                VALUE   (LST)  VALUE       VALUE  FROM      YEAR
                                                  NORMAL
..................................................................
TEMPERATURE (F)
 YESTERDAY
  MAXIMUM         77    305 PM  79    2005  57     20       73
                                      1952
                                      1909
  MINIMUM         59   1159 PM   7    1935  36     23       48
  AVERAGE         68                        46     22       61

PRECIPITATION (IN)
  YESTERDAY        0.56          3.09 1923   0.07   0.49     0.02
  MONTH TO DATE    0.77                      1.36  -0.59     4.39
  SINCE DEC 1      5.33                      3.91   1.42     4.99
  SINCE JAN 1      0.77                      1.36  -0.59     4.39

SNOWFALL (IN)
  YESTERDAY        0.0           4.0  1918   0.0    0.0      0.0
  MONTH TO DATE    T                         0.1   -0.1      0.1
  SINCE DEC 1      T                         0.4   -0.4      0.1
  SINCE JUL 1      T                         0.4   -0.4      0.1
  SNOW DEPTH       0

DEGREE DAYS
 HEATING
  YESTERDAY        0                        19    -19        4
  MONTH TO DATE  467                       410     57      318
  SINCE DEC 1    943                       968    -25      802
  SINCE JUL 1   1146                      1322   -176      904

 COOLING
  YESTERDAY        3                         0      3        0
  MONTH TO DATE    3                         0      3        6
  SINCE DEC 1     15                         4     11       22
  SINCE JAN 1      3                         0      3        6
..................................................................


WIND (MPH)
  HIGHEST WIND SPEED    35   HIGHEST WIND DIRECTION    SW (240)
  HIGHEST GUST SPEED    42   HIGHEST GUST DIRECTION     W (250)
  AVERAGE WIND SPEED    18.3


SKY COVER
  POSSIBLE SUNSHINE  MM
  AVERAGE SKY COVER 0.8


WEATHER CONDITIONS
 THE FOLLOWING WEATHER WAS RECORDED YESTERDAY.
  THUNDERSTORM
  HEAVY RAIN
  RAIN
  LIGHT RAIN
  FOG
  HAZE


RELATIVE HUMIDITY (PERCENT)
 HIGHEST    87           700 AM
 LOWEST     17          1100 PM
 AVERAGE    52

..........................................................


THE DALLAS FORT WORTH CLIMATE NORMALS FOR TODAY
                         NORMAL    RECORD    YEAR
 MAXIMUM TEMPERATURE (F)   57        85      1909
 MINIMUM TEMPERATURE (F)   36         6      1918


SUNRISE AND SUNSET
JANUARY 22 2018.......SUNRISE   729 AM CST   SUNSET   551 PM CST
JANUARY 23 2018.......SUNRISE   728 AM CST   SUNSET   552 PM CST


-  INDICATES NEGATIVE NUMBERS.
R  INDICATES RECORD WAS SET OR TIED.
MM INDICATES DATA IS MISSING.
T  INDICATES TRACE AMOUNT.




$$
