000
CDUS44 KFWD 232124
CLIDFW


CLIMATE REPORT
NATIONAL WEATHER SERVICE FORT WORTH TX
424 PM CDT MON OCT 23 2017


...................................

...THE DALLAS FORT WORTH CLIMATE SUMMARY FOR OCTOBER 23 2017...
VALID AS OF 0400 PM LOCAL TIME.

CLIMATE NORMAL PERIOD 1981 TO 2010
CLIMATE RECORD PERIOD 1898 TO 2017


WEATHER ITEM   OBSERVED TIME   RECORD YEAR NORMAL DEPARTURE LAST
                VALUE   (LST)  VALUE       VALUE  FROM      YEAR
                                                  NORMAL
..................................................................
TEMPERATURE (F)
 TODAY
  MAXIMUM         84    259 PM  91    1939  76      8       80
                                      1925
  MINIMUM         49    636 AM  36    1990  55     -6       57
                                      1917
  AVERAGE         67

PRECIPITATION (IN)
  TODAY            0.00          3.55 2015   0.16  -0.16     0.00
  MONTH TO DATE    2.08                      3.06  -0.98     2.01
  SINCE SEP 1      2.55                      5.61  -3.06     2.99
  SINCE JAN 1     31.21                     29.72   1.49    31.66

SNOWFALL (IN)
  TODAY            0.0           0.0    MM   0.0    0.0      0.0
  MONTH TO DATE    0.0                       0.0    0.0      0.0
  SINCE SEP 1      0.0                       0.0    0.0      0.0
  SINCE JUL 1      0.0                       0.0    0.0      0.0
  SNOW DEPTH       0

..................................................................


WIND (MPH)
  HIGHEST WIND SPEED    15   HIGHEST WIND DIRECTION    SW (220)
  HIGHEST GUST SPEED    20   HIGHEST GUST DIRECTION    SW (220)
  AVERAGE WIND SPEED     7.8




..........................................................


THE DALLAS FORT WORTH CLIMATE NORMALS FOR TOMORROW
                         NORMAL    RECORD    YEAR
 MAXIMUM TEMPERATURE (F)   76        90      2003
 MINIMUM TEMPERATURE (F)   54        34      1917


SUNRISE AND SUNSET
OCTOBER 23 2017.......SUNRISE   739 AM CDT   SUNSET   646 PM CDT
OCTOBER 24 2017.......SUNRISE   740 AM CDT   SUNSET   645 PM CDT


-  INDICATES NEGATIVE NUMBERS.
R  INDICATES RECORD WAS SET OR TIED.
MM INDICATES DATA IS MISSING.
T  INDICATES TRACE AMOUNT.




$$
