000
CDUS44 KFWD 260651
CLIDFW


CLIMATE REPORT
NATIONAL WEATHER SERVICE FORT WORTH TX
151 AM CDT MON JUN 26 2017


...................................

...THE DALLAS FORT WORTH CLIMATE SUMMARY FOR JUNE 25 2017...

CLIMATE NORMAL PERIOD 1981 TO 2010
CLIMATE RECORD PERIOD 1898 TO 2017


WEATHER ITEM   OBSERVED TIME   RECORD YEAR NORMAL DEPARTURE LAST
                VALUE   (LST)  VALUE       VALUE  FROM      YEAR
                                                  NORMAL
..................................................................
TEMPERATURE (F)
 YESTERDAY
  MAXIMUM         88    447 PM 109    1980  93     -5       96
  MINIMUM         72    230 AM  60    1974  73     -1       79
  AVERAGE         80                        83     -3       88

PRECIPITATION (IN)
  YESTERDAY        0.00          2.82 1915   0.11  -0.11     0.00
  MONTH TO DATE    7.93                      3.28   4.65     3.60
  SINCE JUN 1      7.93                      3.28   4.65     3.60
  SINCE JAN 1     19.79                     19.53   0.26    20.36

DEGREE DAYS
 HEATING
  YESTERDAY        0                         0      0        0
  MONTH TO DATE    0                         0      0        0
  SINCE JUN 1      0                         0      0        0
  SINCE JUL 1   1305                      2284   -979     1592

 COOLING
  YESTERDAY       15                        18     -3       23
  MONTH TO DATE  441                       399     42      463
  SINCE JUN 1    441                       399     42      463
  SINCE JAN 1   1123                       821    302      886
..................................................................


WIND (MPH)
  HIGHEST WIND SPEED    16   HIGHEST WIND DIRECTION     E (80)
  HIGHEST GUST SPEED    20   HIGHEST GUST DIRECTION     E (100)
  AVERAGE WIND SPEED     8.2


SKY COVER
  POSSIBLE SUNSHINE  MM
  AVERAGE SKY COVER 0.5


WEATHER CONDITIONS
 THE FOLLOWING WEATHER WAS RECORDED YESTERDAY.
  NO SIGNIFICANT WEATHER WAS OBSERVED.


RELATIVE HUMIDITY (PERCENT)
 HIGHEST    79           300 AM
 LOWEST     40           600 PM
 AVERAGE    60

..........................................................


THE DALLAS FORT WORTH CLIMATE NORMALS FOR TODAY
                         NORMAL    RECORD    YEAR
 MAXIMUM TEMPERATURE (F)   93       113      1980
 MINIMUM TEMPERATURE (F)   73        60      1928


SUNRISE AND SUNSET
JUNE 26 2017..........SUNRISE   622 AM CDT   SUNSET   840 PM CDT
JUNE 27 2017..........SUNRISE   622 AM CDT   SUNSET   840 PM CDT


-  INDICATES NEGATIVE NUMBERS.
R  INDICATES RECORD WAS SET OR TIED.
MM INDICATES DATA IS MISSING.
T  INDICATES TRACE AMOUNT.




$$
