000
CDUS44 KFWD 250649
CLIDFW


CLIMATE REPORT
NATIONAL WEATHER SERVICE FORT WORTH TX
147 AM CDT SAT MAR 25 2017

...................................

...THE DALLAS FORT WORTH CLIMATE SUMMARY FOR MARCH 24 2017...

CLIMATE NORMAL PERIOD 1981 TO 2010
CLIMATE RECORD PERIOD 1898 TO 2017

WEATHER ITEM   OBSERVED TIME   RECORD YEAR NORMAL DEPARTURE LAST
                VALUE   (LST)  VALUE       VALUE  FROM      YEAR
                                                  NORMAL
..................................................................
TEMPERATURE (F)
 YESTERDAY
  MAXIMUM         80    629 PM  89    1929  71      9       63
  MINIMUM         59   1141 AM  30    2006  49     10       46
  AVERAGE         70                        60     10       55

PRECIPITATION (IN)
  YESTERDAY        0.32          3.83 1920   0.12   0.20     0.00
  MONTH TO DATE    0.51                      2.74  -2.23     2.51
  SINCE MAR 1      0.51                      2.74  -2.23     2.51
  SINCE JAN 1      7.23                      7.53  -0.30     5.75

SNOWFALL (IN)
  YESTERDAY        0.0           0.0    MM   0.0    0.0      0.0
  MONTH TO DATE    0.0                       0.2   -0.2      0.0
  SINCE MAR 1      0.0                       0.2   -0.2      0.0
  SINCE JUL 1      0.1                       1.6   -1.5       T
  SNOW DEPTH       0

DEGREE DAYS
 HEATING
  YESTERDAY        0                         7     -7       10
  MONTH TO DATE   93                       221   -128      112
  SINCE MAR 1     93                       221   -128      112
  SINCE JUL 1   1281                      2153   -872     1523

 COOLING
  YESTERDAY        5                         1      4        0
  MONTH TO DATE   99                        22     77       22
  SINCE MAR 1     99                        22     77       22
  SINCE JAN 1    167                        29    138       33
..................................................................

WIND (MPH)
  HIGHEST WIND SPEED    35   HIGHEST WIND DIRECTION     S (170)
  HIGHEST GUST SPEED    43   HIGHEST GUST DIRECTION     S (170)
  AVERAGE WIND SPEED    17.8


SKY COVER
  POSSIBLE SUNSHINE  MM
  AVERAGE SKY COVER 0.6


WEATHER CONDITIONS
 THE FOLLOWING WEATHER WAS RECORDED YESTERDAY.
  THUNDERSTORM
  HEAVY RAIN
  RAIN
  LIGHT RAIN
  FOG


RELATIVE HUMIDITY (PERCENT)
 HIGHEST    87           900 AM
 LOWEST     19           700 PM
 AVERAGE    53

..........................................................

THE DALLAS FORT WORTH CLIMATE NORMALS FOR TODAY
                         NORMAL    RECORD    YEAR
 MAXIMUM TEMPERATURE (F)   71        97      1899
 MINIMUM TEMPERATURE (F)   49        26      1955


SUNRISE AND SUNSET
MARCH 25 2017.........SUNRISE   725 AM CDT   SUNSET   744 PM CDT
MARCH 26 2017.........SUNRISE   724 AM CDT   SUNSET   744 PM CDT


-  INDICATES NEGATIVE NUMBERS.
R  INDICATES RECORD WAS SET OR TIED.
MM INDICATES DATA IS MISSING.
T  INDICATES TRACE AMOUNT.


$$
