000
CDUS43 KDDC 200706
CLIDGC


CLIMATE REPORT
NATIONAL WEATHER SERVICE DODGE CITY KS
105 AM CST MON FEB 20 2017


...................................

...THE DODGE CITY KS CLIMATE SUMMARY FOR FEBRUARY 19 2017...

CLIMATE NORMAL PERIOD 1981 TO 2010
CLIMATE RECORD PERIOD 1875 TO 2017


WEATHER ITEM   OBSERVED TIME   RECORD YEAR NORMAL DEPARTURE LAST
                VALUE   (LST)  VALUE       VALUE  FROM      YEAR
                                                  NORMAL
..................................................................
TEMPERATURE (F)
 YESTERDAY
  MAXIMUM         73    349 PM  78    1930  49     24       71
  MINIMUM         42    520 AM  -5    1889  24     18       39
  AVERAGE         58                        37     21       55

PRECIPITATION (IN)
  YESTERDAY        0.00          0.53 1954   0.02  -0.02     0.00
  MONTH TO DATE    0.01                      0.44  -0.43     0.31
  SINCE DEC 1      3.19                      1.86   1.33     3.02
  SINCE JAN 1      2.57                      1.02   1.55     0.59

SNOWFALL (IN)
  YESTERDAY        0.0           2.7  1969   0.1   -0.1      0.0
  MONTH TO DATE    0.0                       2.8   -2.8      0.1
  SINCE DEC 1      5.0                      11.8   -6.8      8.9
  SINCE JUL 1      5.0                      14.0   -9.0     10.0
  SNOW DEPTH       0

DEGREE DAYS
 HEATING
  YESTERDAY        7                        28    -21       10
  MONTH TO DATE  405                       574   -169      483
  SINCE DEC 1   2455                      2592   -137     2330
  SINCE JUL 1   3051                      3606   -555     3160

 COOLING
  YESTERDAY        0                         0      0        0
  MONTH TO DATE    0                         0      0        2
  SINCE DEC 1      0                         0      0        2
  SINCE JAN 1      0                         0      0        2
..................................................................


WIND (MPH)
  HIGHEST WIND SPEED    31   HIGHEST WIND DIRECTION     S (180)
  HIGHEST GUST SPEED    38   HIGHEST GUST DIRECTION     S (170)
  AVERAGE WIND SPEED    14.2


SKY COVER
  POSSIBLE SUNSHINE  MM
  AVERAGE SKY COVER 0.3


WEATHER CONDITIONS
 THE FOLLOWING WEATHER WAS RECORDED YESTERDAY.
  FOG
  FOG W/VISIBILITY <= 1/4 MILE
  HAZE


RELATIVE HUMIDITY (PERCENT)
 HIGHEST   100           500 AM
 LOWEST     47           400 PM
 AVERAGE    74

..........................................................


THE DODGE CITY KS CLIMATE NORMALS FOR TODAY
                         NORMAL    RECORD    YEAR
 MAXIMUM TEMPERATURE (F)   50        84      1981
 MINIMUM TEMPERATURE (F)   25        -2      1918


SUNRISE AND SUNSET
FEBRUARY 20 2017......SUNRISE   723 AM CST   SUNSET   625 PM CST
FEBRUARY 21 2017......SUNRISE   722 AM CST   SUNSET   626 PM CST


-  INDICATES NEGATIVE NUMBERS.
R  INDICATES RECORD WAS SET OR TIED.
MM INDICATES DATA IS MISSING.
T  INDICATES TRACE AMOUNT.




$$
