000
CDUS45 KCYS 212122
CLIDGW


CLIMATE REPORT
NATIONAL WEATHER SERVICE CHEYENNE WY
322 PM MDT TUE OCT 21 2014


...................................

...THE DOUGLAS WY AIRPORT CLIMATE SUMMARY FOR OCTOBER 21 2014...
VALID AS OF 0300 PM LOCAL TIME.

CLIMATE NORMAL PERIOD 1981 TO 2010
CLIMATE RECORD PERIOD 1998 TO 2014


WEATHER ITEM   OBSERVED TIME   RECORD YEAR NORMAL DEPARTURE LAST
                VALUE   (LST)  VALUE       VALUE  FROM      YEAR
                                                  NORMAL
..................................................................
TEMPERATURE (F)
 TODAY
  MAXIMUM         77    108 PM  81    2003  59     18       56
  MINIMUM         42    459 AM  25    2009  29     13       30
  AVERAGE         60                        44     16       43

PRECIPITATION (IN)
  TODAY            0.00          0.33 2008   0.03  -0.03     0.00
  MONTH TO DATE    0.37                      0.84  -0.47     1.96
  SINCE JAN 1     11.95                     12.12  -0.17     9.22

DEGREE DAYS
 HEATING
  TODAY            5                        21    -16       22
  MONTH TO DATE  276                       370    -94      462
  SINCE SEP 1    448                       598   -150      600
  SINCE JUL 1    485                       639   -154      600

 COOLING
  TODAY            0                         0      0        0
  MONTH TO DATE    0                         0      0        0
  SINCE SEP 1     24                        28     -4       88
  SINCE JAN 1    401                       486    -85      739
..................................................................


WIND (MPH)
  HIGHEST WIND SPEED    28   HIGHEST WIND DIRECTION     W (250)
  HIGHEST GUST SPEED    33   HIGHEST GUST DIRECTION    SW (230)
  AVERAGE WIND SPEED     9.0


SKY COVER
  AVERAGE SKY COVER 0.1


WEATHER CONDITIONS
 THE FOLLOWING WEATHER WAS RECORDED TODAY.
  HAZE


RELATIVE HUMIDITY (PERCENT)
 HIGHEST    70           500 AM
 LOWEST     23           100 PM
 AVERAGE    47

..........................................................


THE DOUGLAS WY AIRPORT CLIMATE NORMALS FOR TOMORROW
                         NORMAL    RECORD    YEAR
 MAXIMUM TEMPERATURE (F)   59        80      2003
 MINIMUM TEMPERATURE (F)   28        20      2009


SUNRISE AND SUNSET
OCTOBER 21 2014.......SUNRISE   722 AM MDT   SUNSET   609 PM MDT
OCTOBER 22 2014.......SUNRISE   723 AM MDT   SUNSET   608 PM MDT


-  INDICATES NEGATIVE NUMBERS.
R  INDICATES RECORD WAS SET OR TIED.
MM INDICATES DATA IS MISSING.
T  INDICATES TRACE AMOUNT.




$$
