000
CDUS45 KCYS 300735
CLIDGW


CLIMATE REPORT
NATIONAL WEATHER SERVICE CHEYENNE WY
135 AM MDT TUE AUG 30 2016


...................................

...THE DOUGLAS WY AIRPORT CLIMATE SUMMARY FOR AUGUST 29 2016...

CLIMATE NORMAL PERIOD 1981 TO 2010
CLIMATE RECORD PERIOD 1998 TO 2016


WEATHER ITEM   OBSERVED TIME   RECORD YEAR NORMAL DEPARTURE LAST
                VALUE   (LST)  VALUE       VALUE  FROM      YEAR
                                                  NORMAL
..................................................................
TEMPERATURE (F)
 YESTERDAY
  MAXIMUM         89    125 PM 100    2012  84      5       94
  MINIMUM         49    455 AM  43    2009  49      0       47
                                      2004
  AVERAGE         69                        66      3       71

PRECIPITATION (IN)
  YESTERDAY        0.15R         0.11 2011   0.04   0.11     0.00
  MONTH TO DATE    1.00                      1.05  -0.05     0.51
  SINCE JAN 1      8.20                      9.96  -1.76    11.86

DEGREE DAYS
 HEATING
  YESTERDAY        0                         2     -2        0
  MONTH TO DATE   45                        23     22       35
  SINCE JUN 1     45                       148   -103       70
  SINCE JUL 1     45                        38      7       48

 COOLING
  YESTERDAY        4                         3      1        6
  MONTH TO DATE  141                       169    -28      172
  SINCE JUN 1    175                       445   -270      410
  SINCE JAN 1    175                       451   -276      411
..................................................................


WIND (MPH)
  HIGHEST WIND SPEED    21   HIGHEST WIND DIRECTION    SE (120)
  HIGHEST GUST SPEED    28   HIGHEST GUST DIRECTION    SE (130)
  AVERAGE WIND SPEED     8.2


SKY COVER
  AVERAGE SKY COVER 0.1


WEATHER CONDITIONS
 THE FOLLOWING WEATHER WAS RECORDED YESTERDAY.
  LIGHT RAIN


RELATIVE HUMIDITY (PERCENT)
 HIGHEST    77           500 AM
 LOWEST     18           100 PM
 AVERAGE    48

..........................................................


THE DOUGLAS WY AIRPORT CLIMATE NORMALS FOR TODAY
                         NORMAL    RECORD    YEAR
 MAXIMUM TEMPERATURE (F)   83        99      2015
 MINIMUM TEMPERATURE (F)   49        43      2004


SUNRISE AND SUNSET
AUGUST 30 2016........SUNRISE   625 AM MDT   SUNSET   738 PM MDT
AUGUST 31 2016........SUNRISE   626 AM MDT   SUNSET   737 PM MDT


-  INDICATES NEGATIVE NUMBERS.
R  INDICATES RECORD WAS SET OR TIED.
MM INDICATES DATA IS MISSING.
T  INDICATES TRACE AMOUNT.




$$
