000
CDUS44 KTAE 180634
CLIDHN


CLIMATE REPORT
NATIONAL WEATHER SERVICE TALLAHASSEE FL
233 AM EDT FRI APR 18 2014

...................................

...THE DOTHAN CLIMATE SUMMARY FOR APRIL 17 2014...

CLIMATE NORMAL PERIOD 1981 TO 2010
CLIMATE RECORD PERIOD 1965 TO 2014


WEATHER ITEM   OBSERVED TIME   NORMAL DEPARTURE LAST
                VALUE   (LST)  VALUE  FROM      YEAR
                                      NORMAL
......................................................
TEMPERATURE (F)
 YESTERDAY
  MAXIMUM         68    259 PM  79    -11       82
  MINIMUM         49    527 AM  53     -4       66
  AVERAGE         59            66     -7       74

PRECIPITATION (IN)
  YESTERDAY        T             0.12  -0.12     0.00
  MONTH TO DATE    4.53          2.25   2.28     2.93
  SINCE MAR 1      9.83          8.13   1.70     4.08
  SINCE JAN 1     17.56         17.53   0.03    25.08

SNOWFALL (IN)
  YESTERDAY        0.0

DEGREE DAYS
 HEATING
  YESTERDAY        6             2      4        0
  MONTH TO DATE   53            54     -1       43
  SINCE MAR 1    319           265     54      384
  SINCE JUL 1   1984          1824    160     1591

 COOLING
  YESTERDAY        0             3     -3        9
  MONTH TO DATE   30            35     -5       45
  SINCE MAR 1     32            56    -24       51
  SINCE JAN 1     41            66    -25       89
......................................................


-  INDICATES NEGATIVE NUMBERS.
R  INDICATES RECORD WAS SET OR TIED.
MM INDICATES DATA IS MISSING.
T  INDICATES TRACE AMOUNT.

$$
