000
CDUS44 KTAE 200636
CLIDHN


CLIMATE REPORT
NATIONAL WEATHER SERVICE TALLAHASSEE FL
236 AM EDT FRI OCT 20 2017


...................................

...THE DOTHAN CLIMATE SUMMARY FOR OCTOBER 19 2017...

CLIMATE NORMAL PERIOD 1981 TO 2010
CLIMATE RECORD PERIOD 1965 TO 2017


WEATHER ITEM   OBSERVED TIME   NORMAL DEPARTURE LAST
                VALUE   (LST)  VALUE  FROM      YEAR
                                      NORMAL
......................................................
TEMPERATURE (F)
 YESTERDAY
  MAXIMUM         82    404 PM  79      3       91
  MINIMUM         53    618 AM  54     -1       62
  AVERAGE         68            66      2       77

PRECIPITATION (IN)
  YESTERDAY        0.00          0.12  -0.12     0.00
  MONTH TO DATE    1.10          2.06  -0.96      T
  SINCE SEP 1      3.95          5.65  -1.70     0.76
  SINCE JAN 1     45.20         44.04   1.16    43.99

SNOWFALL (IN)
  YESTERDAY        0.0

DEGREE DAYS
 HEATING
  YESTERDAY        0             2     -2        0
  MONTH TO DATE    3            17    -14        0
  SINCE SEP 1      7            19    -12        0
  SINCE JUL 1      7            19    -12        0

 COOLING
  YESTERDAY        3             4     -1       12
  MONTH TO DATE  211           101    110      176
  SINCE SEP 1    580           449    131      603
  SINCE JAN 1   2638          2329    309     2671
......................................................


WIND (MPH)
  HIGHEST WIND SPEED    13   HIGHEST WIND DIRECTION     E (70)
  HIGHEST GUST SPEED    17   HIGHEST GUST DIRECTION     E (70)
  AVERAGE WIND SPEED     6.5








-  INDICATES NEGATIVE NUMBERS.
R  INDICATES RECORD WAS SET OR TIED.
MM INDICATES DATA IS MISSING.
T  INDICATES TRACE AMOUNT.




$$
