000
CDUS44 KTAE 240630
CLIDHN


CLIMATE REPORT
NATIONAL WEATHER SERVICE TALLAHASSEE FL
130 AM EST TUE JAN 24 2017


...................................

...THE DOTHAN CLIMATE SUMMARY FOR JANUARY 23 2017...

CLIMATE NORMAL PERIOD 1981 TO 2010
CLIMATE RECORD PERIOD 1965 TO 2017


WEATHER ITEM   OBSERVED TIME   NORMAL DEPARTURE LAST
                VALUE   (LST)  VALUE  FROM      YEAR
                                      NORMAL
......................................................
TEMPERATURE (F)
 YESTERDAY
  MAXIMUM         67    406 PM  60      7       41
  MINIMUM         52   1159 PM  38     14       30
  AVERAGE         60            49     11       36

PRECIPITATION (IN)
  YESTERDAY        T             0.19  -0.19      T
  MONTH TO DATE   14.32          3.11  11.21     3.66
  SINCE DEC 1     24.68          7.50  17.18    13.79
  SINCE JAN 1     14.32          3.11  11.21     3.66

SNOWFALL (IN)
  YESTERDAY        0.0

DEGREE DAYS
 HEATING
  YESTERDAY        5            16    -11       29
  MONTH TO DATE  173           379   -206      420
  SINCE DEC 1    454           815   -361      601
  SINCE JUL 1    615          1092   -477      736
......................................................


WIND (MPH)
  HIGHEST WIND SPEED    30   HIGHEST WIND DIRECTION     W (290)
  HIGHEST GUST SPEED    40   HIGHEST GUST DIRECTION     W (280)
  AVERAGE WIND SPEED    16.6








-  INDICATES NEGATIVE NUMBERS.
R  INDICATES RECORD WAS SET OR TIED.
MM INDICATES DATA IS MISSING.
T  INDICATES TRACE AMOUNT.




$$
