000
CDUS44 KTAE 280631
CLIDHN


CLIMATE REPORT
NATIONAL WEATHER SERVICE TALLAHASSEE FL
130 AM EST WED JAN 28 2015


...................................

...THE DOTHAN CLIMATE SUMMARY FOR JANUARY 27 2015...

CLIMATE NORMAL PERIOD 1981 TO 2010
CLIMATE RECORD PERIOD 1965 TO 2015


WEATHER ITEM   OBSERVED TIME   NORMAL DEPARTURE LAST
                VALUE   (LST)  VALUE  FROM      YEAR
                                      NORMAL
......................................................
TEMPERATURE (F)
 YESTERDAY
  MAXIMUM         62    234 PM  61      1       71
  MINIMUM         35    624 AM  38     -3       46
  AVERAGE         49            50     -1       59

PRECIPITATION (IN)
  YESTERDAY        0.00          0.20  -0.20     0.12
  MONTH TO DATE    2.95          3.90  -0.95     2.42
  SINCE DEC 1      8.39          8.29   0.10    11.06
  SINCE JAN 1      2.95          3.90  -0.95     2.42

SNOWFALL (IN)
  YESTERDAY        0.0

DEGREE DAYS
 HEATING
  YESTERDAY       16            16      0        6
  MONTH TO DATE  425           443    -18      554
  SINCE DEC 1    752           879   -127      906
  SINCE JUL 1   1173          1156     17     1206
......................................................


WIND (MPH)
  HIGHEST WIND SPEED    23   HIGHEST WIND DIRECTION    NW (310)
  HIGHEST GUST SPEED    28   HIGHEST GUST DIRECTION    NW (310)
  AVERAGE WIND SPEED     9.0








-  INDICATES NEGATIVE NUMBERS.
R  INDICATES RECORD WAS SET OR TIED.
MM INDICATES DATA IS MISSING.
T  INDICATES TRACE AMOUNT.




$$
