000
CDUS44 KTAE 210631
CLIDHN


CLIMATE REPORT
NATIONAL WEATHER SERVICE TALLAHASSEE FL
231 AM EDT MON AUG 21 2017


...................................

...THE DOTHAN CLIMATE SUMMARY FOR AUGUST 20 2017...

CLIMATE NORMAL PERIOD 1981 TO 2010
CLIMATE RECORD PERIOD 1965 TO 2017


WEATHER ITEM   OBSERVED TIME   NORMAL DEPARTURE LAST
                VALUE   (LST)  VALUE  FROM      YEAR
                                      NORMAL
......................................................
TEMPERATURE (F)
 YESTERDAY
  MAXIMUM         96    317 PM  91      5       93
  MINIMUM         72    637 AM  71      1       75
  AVERAGE         84            81      3       84

PRECIPITATION (IN)
  YESTERDAY        0.00          0.15  -0.15      T
  MONTH TO DATE    2.80          3.00  -0.20     4.13
  SINCE JUN 1     11.74         14.55  -2.81    17.80
  SINCE JAN 1     38.99         36.91   2.08    42.22

SNOWFALL (IN)
  YESTERDAY        0.0

DEGREE DAYS
 COOLING
  YESTERDAY       19            16      3       19
  MONTH TO DATE  341           330     11      359
  SINCE JUN 1   1279          1298    -19     1421
  SINCE JAN 1   1875          1711    164     1874
......................................................


WIND (MPH)
  HIGHEST WIND SPEED    10   HIGHEST WIND DIRECTION    NW (330)
  HIGHEST GUST SPEED    16   HIGHEST GUST DIRECTION    NW (320)
  AVERAGE WIND SPEED     3.0








-  INDICATES NEGATIVE NUMBERS.
R  INDICATES RECORD WAS SET OR TIED.
MM INDICATES DATA IS MISSING.
T  INDICATES TRACE AMOUNT.




$$
