000
CDUS44 KTAE 130633
CLIDHN


CLIMATE REPORT
NATIONAL WEATHER SERVICE TALLAHASSEE FL
132 AM EST SAT FEB 13 2016


...................................

...THE DOTHAN CLIMATE SUMMARY FOR FEBRUARY 12 2016...

CLIMATE NORMAL PERIOD 1981 TO 2010
CLIMATE RECORD PERIOD 1965 TO 2016


WEATHER ITEM   OBSERVED TIME   NORMAL DEPARTURE LAST
                VALUE   (LST)  VALUE  FROM      YEAR
                                      NORMAL
......................................................
TEMPERATURE (F)
 YESTERDAY
  MAXIMUM         72    341 PM  64      8       63
  MINIMUM         52   1159 PM  41     11       33
  AVERAGE         62            52     10       48

PRECIPITATION (IN)
  YESTERDAY        0.00          0.18  -0.18     0.00
  MONTH TO DATE    3.39          1.85   1.54     1.19
  SINCE DEC 1     17.81         10.87   6.94     9.58
  SINCE JAN 1      7.68          6.48   1.20     4.14

SNOWFALL (IN)
  YESTERDAY        0.0

DEGREE DAYS
 HEATING
  YESTERDAY        3            13    -10       17
  MONTH TO DATE  165           167     -2      191
  SINCE DEC 1    878          1106   -228     1007
  SINCE JUL 1   1013          1383   -370     1428
......................................................


WIND (MPH)
  HIGHEST WIND SPEED    21   HIGHEST WIND DIRECTION     W (270)
  HIGHEST GUST SPEED    27   HIGHEST GUST DIRECTION     W (270)
  AVERAGE WIND SPEED    11.7








-  INDICATES NEGATIVE NUMBERS.
R  INDICATES RECORD WAS SET OR TIED.
MM INDICATES DATA IS MISSING.
T  INDICATES TRACE AMOUNT.




$$
