000
CDUS44 KAMA 280639
CLIDHT


CLIMATE REPORT
NATIONAL WEATHER SERVICE AMARILLO TX
139 AM CDT WED JUN 28 2017


...................................

...THE DALHART CLIMATE SUMMARY FOR JUNE 27 2017...

CLIMATE NORMAL PERIOD 1981 TO 2010
CLIMATE RECORD PERIOD 1948 TO 2017


WEATHER ITEM   OBSERVED TIME   RECORD YEAR NORMAL DEPARTURE LAST
                VALUE   (LST)  VALUE       VALUE  FROM      YEAR
                                                  NORMAL
..................................................................
TEMPERATURE (F)
 YESTERDAY
  MAXIMUM         95    336 PM 107    2013  90      5       93
  MINIMUM         61    546 AM  46    1985  61      0       58
  AVERAGE         78                        75      3       76

PRECIPITATION (IN)
  YESTERDAY        T             1.49 2000   0.07  -0.07     0.00
  MONTH TO DATE    1.26                      2.05  -0.79     1.76
  SINCE JUN 1      1.26                      2.05  -0.79     1.76
  SINCE JAN 1     10.40                      7.46   2.94     8.98

SNOWFALL (IN)
  YESTERDAY        0.0           0.0    MM   0.0    0.0      0.0
  MONTH TO DATE    0.0                       0.0    0.0      0.0
  SINCE JUN 1      0.0                       0.0    0.0      0.0
  SINCE JUL 1     11.3                      18.9   -7.6     12.7
  SNOW DEPTH       0

DEGREE DAYS
 HEATING
  YESTERDAY        0                         0      0        0
  MONTH TO DATE    0                         9     -9        0
  SINCE JUN 1      0                         9     -9        0
  SINCE JUL 1   3634                      4726  -1092     3851

 COOLING
  YESTERDAY       13                        10      3       11
  MONTH TO DATE  304                       206     98      309
  SINCE JUN 1    304                       206     98      309
  SINCE JAN 1    381                       278    103      355
..................................................................


WIND (MPH)
  RESULTANT WIND SPEED  16   RESULTANT WIND DIRECTION   S (200)
  HIGHEST WIND SPEED    31   HIGHEST WIND DIRECTION     S (170)
  HIGHEST GUST SPEED    37   HIGHEST GUST DIRECTION     S (180)
  AVERAGE WIND SPEED    17.6


SKY COVER
  AVERAGE SKY COVER 0.1


WEATHER CONDITIONS
 THE FOLLOWING WEATHER WAS RECORDED YESTERDAY.
  NO SIGNIFICANT WEATHER WAS OBSERVED.


RELATIVE HUMIDITY (PERCENT)
 HIGHEST    84           500 AM
 LOWEST     24           400 PM
 AVERAGE    54

..........................................................


THE DALHART CLIMATE NORMALS FOR TODAY
                         NORMAL    RECORD    YEAR
 MAXIMUM TEMPERATURE (F)   91       107      2012
                                             1968
 MINIMUM TEMPERATURE (F)   61        54      1992


SUNRISE AND SUNSET
JUNE 28 2017..........SUNRISE   636 AM CDT   SUNSET   911 PM CDT
JUNE 29 2017..........SUNRISE   636 AM CDT   SUNSET   911 PM CDT


-  INDICATES NEGATIVE NUMBERS.
R  INDICATES RECORD WAS SET OR TIED.
MM INDICATES DATA IS MISSING.
T  INDICATES TRACE AMOUNT.




$$
