000
CDUS44 KAMA 230639
CLIDHT


CLIMATE REPORT
NATIONAL WEATHER SERVICE AMARILLO TX
138 AM CDT SAT AUG 23 2014


...................................

...THE DALHART CLIMATE SUMMARY FOR AUGUST 22 2014...

CLIMATE NORMAL PERIOD 1981 TO 2010
CLIMATE RECORD PERIOD 1894 TO 2014


WEATHER ITEM   OBSERVED TIME   RECORD YEAR NORMAL DEPARTURE LAST
                VALUE   (LST)  VALUE       VALUE  FROM      YEAR
                                                  NORMAL
..................................................................
TEMPERATURE (F)
 YESTERDAY
  MAXIMUM         99R   231 PM  99    2011  89     10       94
  MINIMUM         67    405 AM  53    1979  61      6       58
  AVERAGE         83                        75      8       76

PRECIPITATION (IN)
  YESTERDAY        T             0.64 1984   0.08  -0.08     0.00
  MONTH TO DATE    0.37                      2.20  -1.83     1.56
  SINCE JUN 1      6.29                      7.29  -1.00     3.72
  SINCE JAN 1      8.13                     12.70  -4.57     5.02

SNOWFALL (IN)
  YESTERDAY        0.0           0.0    MM   0.0    0.0      0.0
  MONTH TO DATE    0.0                       0.0    0.0      0.0
  SINCE JUN 1      0.0                       0.0    0.0      0.0
  SINCE JUL 1      0.0                       0.0    0.0      0.0
  SNOW DEPTH       0

DEGREE DAYS
 HEATING
  YESTERDAY        0                         0      0        0
  MONTH TO DATE    0                         0      0        0
  SINCE JUN 1      4                        13     -9        0
  SINCE JUL 1      0                         1     -1        0

 COOLING
  YESTERDAY       18                        10      8       11
  MONTH TO DATE  298                       237     61      263
  SINCE JUN 1    971                       842    129     1072
  SINCE JAN 1   1091                       914    177     1226
..................................................................


WIND (MPH)
  RESULTANT WIND SPEED  11   RESULTANT WIND DIRECTION   S (190)
  HIGHEST WIND SPEED    33   HIGHEST WIND DIRECTION     S (170)
  HIGHEST GUST SPEED    42   HIGHEST GUST DIRECTION     S (160)
  AVERAGE WIND SPEED    12.0


SKY COVER
  AVERAGE SKY COVER 0.1


WEATHER CONDITIONS
 THE FOLLOWING WEATHER WAS RECORDED YESTERDAY.
  LIGHT RAIN


RELATIVE HUMIDITY (PERCENT)
 HIGHEST    66           600 AM
 LOWEST     17           200 PM
 AVERAGE    42

..........................................................


THE DALHART CLIMATE NORMALS FOR TODAY
                         NORMAL    RECORD    YEAR
 MAXIMUM TEMPERATURE (F)   89       101      2010
 MINIMUM TEMPERATURE (F)   61        52      1966


SUNRISE AND SUNSET
AUGUST 23 2014........SUNRISE   715 AM CDT   SUNSET   830 PM CDT
AUGUST 24 2014........SUNRISE   716 AM CDT   SUNSET   829 PM CDT


-  INDICATES NEGATIVE NUMBERS.
R  INDICATES RECORD WAS SET OR TIED.
MM INDICATES DATA IS MISSING.
T  INDICATES TRACE AMOUNT.




$$
