993
CDUS44 KAMA 132250
CLIDHT


CLIMATE REPORT
NATIONAL WEATHER SERVICE AMARILLO TX
450 PM CST WED DEC 13 2017


...................................

...THE DALHART CLIMATE SUMMARY FOR DECEMBER 13 2017...
VALID TODAY AS OF 0400 PM LOCAL TIME.

CLIMATE NORMAL PERIOD 1981 TO 2010
CLIMATE RECORD PERIOD 1948 TO 2017


WEATHER ITEM   OBSERVED TIME   RECORD YEAR NORMAL DEPARTURE LAST
                VALUE   (LST)  VALUE       VALUE  FROM      YEAR
                                                  NORMAL
..................................................................
TEMPERATURE (F)
 TODAY
  MAXIMUM         63    144 PM  73    1995  49     14       44
  MINIMUM         23    337 AM   3    1963  20      3       22
  AVERAGE         43                        34      9       33

PRECIPITATION (IN)
  TODAY            0.00          0.29 1993   0.02  -0.02     0.00
  MONTH TO DATE    0.00                      0.23  -0.23     0.03
  SINCE DEC 1      0.00                      0.23  -0.23     0.03
  SINCE JAN 1     24.41                     17.28   7.13    18.91

SNOWFALL (IN)
  TODAY            0.0           0.1  1985   0.1   -0.1      0.0
  MONTH TO DATE    0.0                       1.7   -1.7      0.5
  SINCE DEC 1      0.0                       1.7   -1.7      0.5
  SINCE JUL 1      2.3                       3.6   -1.3      0.5
  SNOW DEPTH       0

DEGREE DAYS
 HEATING
  TODAY           22                        31     -9       32
  MONTH TO DATE  291                       385    -94      382
  SINCE DEC 1    291                       385    -94      382
  SINCE JUL 1    966                      1380   -414      958

 COOLING
  TODAY            0                         0      0        0
  MONTH TO DATE    0                         0      0        0
  SINCE DEC 1      0                         0      0        0
  SINCE JAN 1   1349                      1138    211     1556
..................................................................


WIND (MPH)
  RESULTANT WIND SPEED   9   RESULTANT WIND DIRECTION   N (0)
  HIGHEST WIND SPEED    30   HIGHEST WIND DIRECTION     N (20)
  HIGHEST GUST SPEED    38   HIGHEST GUST DIRECTION     N (20)
  AVERAGE WIND SPEED    13.7


SKY COVER
  AVERAGE SKY COVER 0.0


WEATHER CONDITIONS
 THE FOLLOWING WEATHER WAS RECORDED TODAY.
  NO SIGNIFICANT WEATHER WAS OBSERVED.


RELATIVE HUMIDITY (PERCENT)
 HIGHEST    68           300 AM
 LOWEST     14           200 PM
 AVERAGE    41

..........................................................


THE DALHART CLIMATE NORMALS FOR TOMORROW
                         NORMAL    RECORD    YEAR
 MAXIMUM TEMPERATURE (F)   49        72      2010
 MINIMUM TEMPERATURE (F)   20         0      1963


SUNRISE AND SUNSET
DECEMBER 13 2017......SUNRISE   752 AM CST   SUNSET   537 PM CST
DECEMBER 14 2017......SUNRISE   753 AM CST   SUNSET   537 PM CST


-  INDICATES NEGATIVE NUMBERS.
R  INDICATES RECORD WAS SET OR TIED.
MM INDICATES DATA IS MISSING.
T  INDICATES TRACE AMOUNT.




$$
