000
CDUS44 KAMA 280725
CLIDHT


CLIMATE REPORT
NATIONAL WEATHER SERVICE AMARILLO TX
125 AM CST WED JAN 28 2015


...................................

...THE DALHART CLIMATE SUMMARY FOR JANUARY 27 2015...

CLIMATE NORMAL PERIOD 1981 TO 2010
CLIMATE RECORD PERIOD 1894 TO 2015


WEATHER ITEM   OBSERVED TIME   RECORD YEAR NORMAL DEPARTURE LAST
                VALUE   (LST)  VALUE       VALUE  FROM      YEAR
                                                  NORMAL
..................................................................
TEMPERATURE (F)
 YESTERDAY
  MAXIMUM         72    259 PM  74    1970  51     21       29
  MINIMUM         39   1155 PM  -2    1963  20     19       12
  AVERAGE         56                        35     21       21

PRECIPITATION (IN)
  YESTERDAY        0.00          0.60 2001   0.02  -0.02     0.00
  MONTH TO DATE    1.09                      0.44   0.65     0.01
  SINCE DEC 1      1.42                      0.98   0.44     0.22
  SINCE JAN 1      1.09                      0.44   0.65     0.01

SNOWFALL (IN)
  YESTERDAY        0.0           2.0  2000   0.2   -0.2      0.0
  MONTH TO DATE   15.0                       3.7   11.3      3.0
  SINCE DEC 1     19.5                       8.0   11.5      9.5
  SINCE JUL 1     21.0                       9.9   11.1     12.5
  SNOW DEPTH       0

DEGREE DAYS
 HEATING
  YESTERDAY        9                        30    -21       44
  MONTH TO DATE  788                       821    -33      785
  SINCE DEC 1   1651                      1769   -118     1774
  SINCE JUL 1   2504                      2764   -260     2720

 COOLING
  YESTERDAY        0                         0      0        0
  MONTH TO DATE    0                         0      0        0
  SINCE DEC 1      0                         0      0        0
  SINCE JAN 1      0                         0      0        0
..................................................................


WIND (MPH)
  RESULTANT WIND SPEED   9   RESULTANT WIND DIRECTION  SW (240)
  HIGHEST WIND SPEED    22   HIGHEST WIND DIRECTION    SW (210)
  HIGHEST GUST SPEED    25   HIGHEST GUST DIRECTION    SW (220)
  AVERAGE WIND SPEED    11.3


SKY COVER
  AVERAGE SKY COVER 0.0


WEATHER CONDITIONS
 THE FOLLOWING WEATHER WAS RECORDED YESTERDAY.
  NO SIGNIFICANT WEATHER WAS OBSERVED.


RELATIVE HUMIDITY (PERCENT)
 HIGHEST    70           400 AM
 LOWEST     22           300 PM
 AVERAGE    46

..........................................................


THE DALHART CLIMATE NORMALS FOR TODAY
                         NORMAL    RECORD    YEAR
 MAXIMUM TEMPERATURE (F)   51        76      1986
 MINIMUM TEMPERATURE (F)   20         3      1951


SUNRISE AND SUNSET
JANUARY 28 2015.......SUNRISE   754 AM CST   SUNSET   613 PM CST
JANUARY 29 2015.......SUNRISE   753 AM CST   SUNSET   614 PM CST


-  INDICATES NEGATIVE NUMBERS.
R  INDICATES RECORD WAS SET OR TIED.
MM INDICATES DATA IS MISSING.
T  INDICATES TRACE AMOUNT.




$$
