042
CDUS44 KAMA 261516
CLIDHT


CLIMATE REPORT
NATIONAL WEATHER SERVICE AMARILLO TX
1015 AM CDT TUE SEP 26 2017


...................................

...THE DALHART CLIMATE SUMMARY FOR SEPTEMBER 26 2017...
VALID AS OF 1000 AM LOCAL TIME.

CLIMATE NORMAL PERIOD 1981 TO 2010
CLIMATE RECORD PERIOD 1948 TO 2017


WEATHER ITEM   OBSERVED TIME   RECORD YEAR NORMAL DEPARTURE LAST
                VALUE   (LST)  VALUE       VALUE  FROM      YEAR
                                                  NORMAL
..................................................................
TEMPERATURE (F)
 TODAY
  MINIMUM         51    742 AM  32    2000  48      3       43

PRECIPITATION (IN)
  TODAY            0.02          0.26 1996   0.05  -0.03     0.00
  MONTH TO DATE    2.23                      1.46   0.77     3.42
  SINCE SEP 1      2.23                      1.46   0.77     3.42
  SINCE JAN 1     19.47                     14.81   4.66    17.61

SNOWFALL (IN)
  TODAY            0.0           0.0    MM   0.0    0.0      0.0
  MONTH TO DATE    0.0                       0.0    0.0      0.0
  SINCE SEP 1      0.0                       0.0    0.0      0.0
  SINCE JUL 1      0.0                       0.0    0.0      0.0
  SNOW DEPTH       0

..................................................................


WIND (MPH)
  RESULTANT WIND SPEED  14   RESULTANT WIND DIRECTION   N (20)
  HIGHEST WIND SPEED    20   HIGHEST WIND DIRECTION     N (10)
  HIGHEST GUST SPEED    34   HIGHEST GUST DIRECTION     N (350)
  AVERAGE WIND SPEED    14.1


SKY COVER
  AVERAGE SKY COVER 1.0


WEATHER CONDITIONS
 THE FOLLOWING WEATHER WAS RECORDED TODAY.
  LIGHT RAIN
  FOG


RELATIVE HUMIDITY (PERCENT)
 HIGHEST    96           700 AM
 LOWEST     86           100 AM
 AVERAGE    91

..........................................................


THE DALHART CLIMATE NORMALS FOR TOMORROW
                         NORMAL    RECORD    YEAR
 MAXIMUM TEMPERATURE (F)   78        96      2010
 MINIMUM TEMPERATURE (F)   48        39      2000


SUNRISE AND SUNSET
SEPTEMBER 26 2017.....SUNRISE   741 AM CDT   SUNSET   741 PM CDT
SEPTEMBER 27 2017.....SUNRISE   742 AM CDT   SUNSET   739 PM CDT


-  INDICATES NEGATIVE NUMBERS.
R  INDICATES RECORD WAS SET OR TIED.
MM INDICATES DATA IS MISSING.
T  INDICATES TRACE AMOUNT.




$$
