000
CDUS44 KAMA 260730
CLIDHT


CLIMATE REPORT
NATIONAL WEATHER SERVICE AMARILLO TX
129 AM CST WED NOV 26 2014


...................................

...THE DALHART CLIMATE SUMMARY FOR NOVEMBER 25 2014...

CLIMATE NORMAL PERIOD 1981 TO 2010
CLIMATE RECORD PERIOD 1894 TO 2014


WEATHER ITEM   OBSERVED TIME   RECORD YEAR NORMAL DEPARTURE LAST
                VALUE   (LST)  VALUE       VALUE  FROM      YEAR
                                                  NORMAL
..................................................................
TEMPERATURE (F)
 YESTERDAY
  MAXIMUM         53    502 PM  77    1959  55     -2       35
  MINIMUM         22    756 AM   4    1993  24     -2       10
  AVERAGE         38                        40     -2       23

PRECIPITATION (IN)
  YESTERDAY        0.00          0.11 1980   0.01  -0.01     0.00
  MONTH TO DATE    0.08                      0.51  -0.43     0.85
  SINCE SEP 1      2.64                      3.63  -0.99     2.61
  SINCE JAN 1     11.28                     16.98  -5.70     7.63

SNOWFALL (IN)
  YESTERDAY        0.0           1.6  1980   0.1   -0.1      0.0
  MONTH TO DATE    1.5                       1.0    0.5      3.0
  SINCE SEP 1      1.5                       1.6   -0.1      3.0
  SINCE JUL 1      1.5                       1.6   -0.1      3.0
  SNOW DEPTH       0

DEGREE DAYS
 HEATING
  YESTERDAY       27                        25      2       42
  MONTH TO DATE  574                       500     74      518
  SINCE SEP 1    766                       857    -91      821
  SINCE JUL 1    766                       860    -94      821

 COOLING
  YESTERDAY        0                         0      0        0
  MONTH TO DATE    0                         0      0        0
  SINCE SEP 1    196                       142     54      223
  SINCE JAN 1   1411                      1138    273     1576
..................................................................


WIND (MPH)
  RESULTANT WIND SPEED  10   RESULTANT WIND DIRECTION   W (250)
  HIGHEST WIND SPEED    31   HIGHEST WIND DIRECTION    SW (220)
  HIGHEST GUST SPEED    40   HIGHEST GUST DIRECTION    SW (210)
  AVERAGE WIND SPEED    12.4


SKY COVER
  AVERAGE SKY COVER 0.0


WEATHER CONDITIONS
 THE FOLLOWING WEATHER WAS RECORDED YESTERDAY.
  NO SIGNIFICANT WEATHER WAS OBSERVED.


RELATIVE HUMIDITY (PERCENT)
 HIGHEST    77           500 AM
 LOWEST     17           300 PM
 AVERAGE    47

..........................................................


THE DALHART CLIMATE NORMALS FOR TODAY
                         NORMAL    RECORD    YEAR
 MAXIMUM TEMPERATURE (F)   54        81      1977
 MINIMUM TEMPERATURE (F)   24        -2      1952


SUNRISE AND SUNSET
NOVEMBER 26 2014......SUNRISE   738 AM CST   SUNSET   537 PM CST
NOVEMBER 27 2014......SUNRISE   739 AM CST   SUNSET   537 PM CST


-  INDICATES NEGATIVE NUMBERS.
R  INDICATES RECORD WAS SET OR TIED.
MM INDICATES DATA IS MISSING.
T  INDICATES TRACE AMOUNT.




$$
