000
CDUS44 KAMA 292126
CLIDHT


CLIMATE REPORT
NATIONAL WEATHER SERVICE AMARILLO TX
426 PM CDT SUN MAY 29 2016


...................................

...THE DALHART CLIMATE SUMMARY FOR MAY 29 2016...
VALID TODAY AS OF 0400 PM LOCAL TIME.

CLIMATE NORMAL PERIOD 1981 TO 2010
CLIMATE RECORD PERIOD 1948 TO 2016


WEATHER ITEM   OBSERVED TIME   RECORD YEAR NORMAL DEPARTURE LAST
                VALUE   (LST)  VALUE       VALUE  FROM      YEAR
                                                  NORMAL
..................................................................
TEMPERATURE (F)
 TODAY
  MAXIMUM         82    133 PM 102    2011  82      0       77
  MINIMUM         56    443 AM  38    1973  53      3       53
  AVERAGE         69                        68      1       65

PRECIPITATION (IN)
  TODAY            0.00          2.08 1990   0.09  -0.09      T
  MONTH TO DATE    2.35                      2.07   0.28     2.02
  SINCE MAR 1      6.69                      4.32   2.37     3.40
  SINCE JAN 1      6.94                      5.24   1.70     6.71

SNOWFALL (IN)
  TODAY            0.0           T    1990   0.0    0.0      0.0
  MONTH TO DATE    0.0                       0.1   -0.1      0.0
  SINCE MAR 1      0.0                       5.5   -5.5      0.8
  SINCE JUL 1      2.5                      19.0  -16.5     34.1
  SNOW DEPTH       0

DEGREE DAYS
 HEATING
  TODAY            0                         1     -1        0
  MONTH TO DATE  145                       112     33      127
  SINCE MAR 1    906                      1071   -165      861
  SINCE JUL 1   3851                      4714   -863     4154

 COOLING
  TODAY            4                         4      0        0
  MONTH TO DATE   42                        57    -15       20
  SINCE MAR 1     44                        63    -19       21
  SINCE JAN 1     44                        63    -19       21
..................................................................


WIND (MPH)
  RESULTANT WIND SPEED   8   RESULTANT WIND DIRECTION   S (160)
  HIGHEST WIND SPEED    22   HIGHEST WIND DIRECTION    SE (150)
  HIGHEST GUST SPEED    30   HIGHEST GUST DIRECTION     S (190)
  AVERAGE WIND SPEED    10.4


SKY COVER
  AVERAGE SKY COVER 0.1


WEATHER CONDITIONS
 THE FOLLOWING WEATHER WAS RECORDED TODAY.
  THUNDERSTORM


RELATIVE HUMIDITY (PERCENT)
 HIGHEST    73           800 AM
 LOWEST     37           200 PM
 AVERAGE    55

..........................................................


THE DALHART CLIMATE NORMALS FOR TOMORROW
                         NORMAL    RECORD    YEAR
 MAXIMUM TEMPERATURE (F)   83        99      2000
 MINIMUM TEMPERATURE (F)   53        41      1975


SUNRISE AND SUNSET
MAY 29 2016...........SUNRISE   636 AM CDT   SUNSET   900 PM CDT
MAY 30 2016...........SUNRISE   635 AM CDT   SUNSET   901 PM CDT


-  INDICATES NEGATIVE NUMBERS.
R  INDICATES RECORD WAS SET OR TIED.
MM INDICATES DATA IS MISSING.
T  INDICATES TRACE AMOUNT.




$$
