000
CDUS44 KAMA 272143
CLIDHT


CLIMATE REPORT
NATIONAL WEATHER SERVICE AMARILLO TX
441 PM CDT WED MAY 27 2015


...................................

...THE DALHART CLIMATE SUMMARY FOR MAY 27 2015...
VALID TODAY AS OF 0400 PM LOCAL TIME.

CLIMATE NORMAL PERIOD 1981 TO 2010
CLIMATE RECORD PERIOD 1894 TO 2015


WEATHER ITEM   OBSERVED TIME   RECORD YEAR NORMAL DEPARTURE LAST
                VALUE   (LST)  VALUE       VALUE  FROM      YEAR
                                                  NORMAL
..................................................................
TEMPERATURE (F)
 TODAY
  MAXIMUM         84    201 PM  97    2006  82      2       83
  MINIMUM         55    551 AM  39    1992  52      3       54
  AVERAGE         70                        67      3       69

PRECIPITATION (IN)
  TODAY            0.02          1.59 1980   0.08  -0.06     0.00
  MONTH TO DATE    1.99                      1.90   0.09     1.38
  SINCE MAR 1      3.37                      4.15  -0.78     1.58
  SINCE JAN 1      6.68                      5.07   1.61     1.67

SNOWFALL (IN)
  TODAY            0.0           T    1950   0.0    0.0      0.0
  MONTH TO DATE    0.0                       0.1   -0.1      0.0
  SINCE MAR 1      0.8                       5.5   -4.7      2.1
  SINCE JUL 1     34.1                      19.0   15.1     17.4
  SNOW DEPTH       0

DEGREE DAYS
 HEATING
  TODAY            0                         2     -2        0
  MONTH TO DATE  127                       109     18       92
  SINCE MAR 1    861                      1068   -207      999
  SINCE JUL 1   4154                      4711   -557     4593

 COOLING
  TODAY            5                         4      1        4
  MONTH TO DATE   17                        49    -32       68
  SINCE MAR 1     18                        55    -37       84
  SINCE JAN 1     18                        55    -37       84
..................................................................


WIND (MPH)
  RESULTANT WIND SPEED   3   RESULTANT WIND DIRECTION   S (160)
  HIGHEST WIND SPEED    18   HIGHEST WIND DIRECTION     S (200)
  HIGHEST GUST SPEED    24   HIGHEST GUST DIRECTION     S (200)
  AVERAGE WIND SPEED     8.1


SKY COVER
  AVERAGE SKY COVER 0.1


WEATHER CONDITIONS
 THE FOLLOWING WEATHER WAS RECORDED TODAY.
  THUNDERSTORM


RELATIVE HUMIDITY (PERCENT)
 HIGHEST    86           600 AM
 LOWEST     31           100 PM
 AVERAGE    59

..........................................................


THE DALHART CLIMATE NORMALS FOR TOMORROW
                         NORMAL    RECORD    YEAR
 MAXIMUM TEMPERATURE (F)   82       100      1974
 MINIMUM TEMPERATURE (F)   53        38      1992


SUNRISE AND SUNSET
MAY 27 2015...........SUNRISE   637 AM CDT   SUNSET   858 PM CDT
MAY 28 2015...........SUNRISE   636 AM CDT   SUNSET   859 PM CDT


-  INDICATES NEGATIVE NUMBERS.
R  INDICATES RECORD WAS SET OR TIED.
MM INDICATES DATA IS MISSING.
T  INDICATES TRACE AMOUNT.




$$
