952
CDUS44 KAMA 112238
CLIDHT


CLIMATE REPORT
NATIONAL WEATHER SERVICE AMARILLO TX
436 PM CST THU FEB 11 2016


...................................

...THE DALHART CLIMATE SUMMARY FOR FEBRUARY 11 2016...
VALID TODAY AS OF 0400 PM LOCAL TIME.

CLIMATE NORMAL PERIOD 1981 TO 2010
CLIMATE RECORD PERIOD 1948 TO 2016


WEATHER ITEM   OBSERVED TIME   RECORD YEAR NORMAL DEPARTURE LAST
                VALUE   (LST)  VALUE       VALUE  FROM      YEAR
                                                  NORMAL
..................................................................
TEMPERATURE (F)
 TODAY
  MAXIMUM         72    333 PM  83    1962  52     20       46
  MINIMUM         32    806 AM -10    1986  22     10       28
  AVERAGE         52                        37     15       37

PRECIPITATION (IN)
  TODAY            0.00          0.28 1958   0.02  -0.02     0.07
  MONTH TO DATE    0.03                      0.17  -0.14     0.07
  SINCE DEC 1      0.55                      1.23  -0.68     2.12
  SINCE JAN 1      0.14                      0.69  -0.55     1.79

SNOWFALL (IN)
  TODAY            0.0           3.0  1958   0.2   -0.2      0.5
  MONTH TO DATE    0.5                       1.5   -1.0      0.5
  SINCE DEC 1      3.5                      10.1   -6.6     18.2
  SINCE JUL 1      4.0                      12.0   -8.0     19.7
  SNOW DEPTH       0

DEGREE DAYS
 HEATING
  TODAY           13                        28    -15       28
  MONTH TO DATE  290                       316    -26      190
  SINCE DEC 1   1944                      2203   -259     1925
  SINCE JUL 1   2654                      3198   -544     2778

 COOLING
  TODAY            0                         0      0        0
  MONTH TO DATE    0                         0      0        0
  SINCE DEC 1      0                         0      0        0
  SINCE JAN 1      0                         0      0        0
..................................................................


WIND (MPH)
  RESULTANT WIND SPEED   5   RESULTANT WIND DIRECTION  NW (330)
  HIGHEST WIND SPEED    15   HIGHEST WIND DIRECTION    SW (230)
  HIGHEST GUST SPEED    20   HIGHEST GUST DIRECTION     N (350)
  AVERAGE WIND SPEED     9.4


SKY COVER
  AVERAGE SKY COVER 0.0


WEATHER CONDITIONS
 THE FOLLOWING WEATHER WAS RECORDED TODAY.
  NO SIGNIFICANT WEATHER WAS OBSERVED.


RELATIVE HUMIDITY (PERCENT)
 HIGHEST    51           800 AM
 LOWEST     14           300 PM
 AVERAGE    33

..........................................................


THE DALHART CLIMATE NORMALS FOR TOMORROW
                         NORMAL    RECORD    YEAR
 MAXIMUM TEMPERATURE (F)   52        83      1962
 MINIMUM TEMPERATURE (F)   22        -9      1986


SUNRISE AND SUNSET
FEBRUARY 11 2016......SUNRISE   742 AM CST   SUNSET   627 PM CST
FEBRUARY 12 2016......SUNRISE   741 AM CST   SUNSET   628 PM CST


-  INDICATES NEGATIVE NUMBERS.
R  INDICATES RECORD WAS SET OR TIED.
MM INDICATES DATA IS MISSING.
T  INDICATES TRACE AMOUNT.




$$
