969
CDUS43 KBIS 272230
CLIDIK


CLIMATE REPORT
NATIONAL WEATHER SERVICE BISMARCK ND
529 PM CDT THU JUL 27 2017


...................................

...THE DICKINSON ND CLIMATE SUMMARY FOR JULY 27 2017...
VALID TODAY AS OF 0500 PM LOCAL TIME.

CLIMATE NORMAL PERIOD 1981 TO 2010
CLIMATE RECORD PERIOD 1893 TO 2017


WEATHER ITEM   OBSERVED TIME   RECORD YEAR NORMAL DEPARTURE LAST
                VALUE   (LST)  VALUE       VALUE  FROM      YEAR
                                                  NORMAL
..................................................................
TEMPERATURE (F)
 TODAY
  MAXIMUM         83        MM 109    1931  85     -2       74
  MINIMUM         60        MM  40    2013  56      4       51
                                      1971
  AVERAGE         72                        71      1       63

PRECIPITATION (IN)
  TODAY            0.00          0.70 1940   0.06  -0.06     0.00
  MONTH TO DATE    1.96                      2.20  -0.24     3.16
  SINCE JUN 1      2.59                      5.40  -2.81     5.82
  SINCE JAN 1      4.92                     10.51  -5.59    10.24

DEGREE DAYS
 HEATING
  TODAY            0                         1     -1        2
  MONTH TO DATE    0                        33    -33       15
  SINCE JUN 1     92                       170    -78       74
  SINCE JUL 1      0                        33    -33       15

 COOLING
  TODAY            7                         6      1        0
  MONTH TO DATE  271                       138    133      116
  SINCE JUN 1    321                       192    129      173
  SINCE JAN 1    331                       202    129      176
..................................................................


WIND (MPH)
  RESULTANT WIND SPEED  13   RESULTANT WIND DIRECTION   E (90)
  HIGHEST WIND SPEED    25   HIGHEST WIND DIRECTION     E (70)
  HIGHEST GUST SPEED    31   HIGHEST GUST DIRECTION     E (70)
  AVERAGE WIND SPEED    14.9


SKY COVER
  POSSIBLE SUNSHINE  MM
  AVERAGE SKY COVER 0.1


WEATHER CONDITIONS
 THE FOLLOWING WEATHER WAS RECORDED TODAY.
  THUNDERSTORM


RELATIVE HUMIDITY (PERCENT)
 HIGHEST    84           500 AM
 LOWEST     48           300 PM
 AVERAGE    66

..........................................................


THE DICKINSON ND CLIMATE NORMALS FOR TOMORROW
                         NORMAL    RECORD    YEAR
 MAXIMUM TEMPERATURE (F)   85       106      1935
 MINIMUM TEMPERATURE (F)   56        33      1942


SUNRISE AND SUNSET
JULY 27 2017..........SUNRISE   526 AM MDT   SUNSET   829 PM MDT
JULY 28 2017..........SUNRISE   527 AM MDT   SUNSET   828 PM MDT


-  INDICATES NEGATIVE NUMBERS.
R  INDICATES RECORD WAS SET OR TIED.
MM INDICATES DATA IS MISSING.
T  INDICATES TRACE AMOUNT.




$$
