000
CDUS43 KBIS 290729
CLIDIK


CLIMATE REPORT
NATIONAL WEATHER SERVICE BISMARCK ND
228 AM CDT FRI APR 29 2016


...................................

...THE DICKINSON ND CLIMATE SUMMARY FOR APRIL 28 2016...

CLIMATE NORMAL PERIOD 1981 TO 2010
CLIMATE RECORD PERIOD 1893 TO 2016


WEATHER ITEM   OBSERVED TIME   RECORD YEAR NORMAL DEPARTURE LAST
                VALUE   (LST)  VALUE       VALUE  FROM      YEAR
                                                  NORMAL
..................................................................
TEMPERATURE (F)
 YESTERDAY
  MAXIMUM         51    326 PM  91    2001  61    -10       64
  MINIMUM         33    307 AM  13    1958  34     -1       29
  AVERAGE         42                        47     -5       47

PRECIPITATION (IN)
  YESTERDAY        0.00          1.37 1935   0.07  -0.07     0.00
  MONTH TO DATE    2.38                      1.33   1.05     1.03
  SINCE MAR 1      2.63                      2.02   0.61     1.50
  SINCE JAN 1      3.05                      2.65   0.40     1.77

DEGREE DAYS
 HEATING
  YESTERDAY       23                        18      5       18
  MONTH TO DATE  636                       646    -10      617
  SINCE MAR 1   1507                      1732   -225     1445
  SINCE JUL 1   6916                      8026  -1110     7560

 COOLING
  YESTERDAY        0                         0      0        0
  MONTH TO DATE    0                         0      0        0
  SINCE MAR 1      0                         0      0        0
  SINCE JAN 1      0                         0      0        0
..................................................................


WIND (MPH)
  HIGHEST WIND SPEED    15   HIGHEST WIND DIRECTION    NE (40)
  HIGHEST GUST SPEED    19   HIGHEST GUST DIRECTION     E (80)
  AVERAGE WIND SPEED     6.6


SKY COVER
  POSSIBLE SUNSHINE  MM
  AVERAGE SKY COVER 1.0


WEATHER CONDITIONS
 THE FOLLOWING WEATHER WAS RECORDED YESTERDAY.
  NO SIGNIFICANT WEATHER WAS OBSERVED.


RELATIVE HUMIDITY (PERCENT)
 HIGHEST    82           300 AM
 LOWEST     36           400 PM
 AVERAGE    59

..........................................................


THE DICKINSON ND CLIMATE NORMALS FOR TODAY
                         NORMAL    RECORD    YEAR
 MAXIMUM TEMPERATURE (F)   61        89      1949
 MINIMUM TEMPERATURE (F)   34        13      1907


SUNRISE AND SUNSET
APRIL 29 2016.........SUNRISE   538 AM MDT   SUNSET   759 PM MDT
APRIL 30 2016.........SUNRISE   537 AM MDT   SUNSET   801 PM MDT


-  INDICATES NEGATIVE NUMBERS.
R  INDICATES RECORD WAS SET OR TIED.
MM INDICATES DATA IS MISSING.
T  INDICATES TRACE AMOUNT.




$$
