000
CDUS43 KBIS 250035
CLIDIK


CLIMATE REPORT
NATIONAL WEATHER SERVICE BISMARCK ND
735 PM CDT FRI OCT 24 2014


...................................

...THE DICKINSON ND CLIMATE SUMMARY FOR OCTOBER 24 2014...
VALID TODAY AS OF 0700 PM LOCAL TIME.

CLIMATE NORMAL PERIOD 1981 TO 2010
CLIMATE RECORD PERIOD 1903 TO 2014


WEATHER ITEM   OBSERVED TIME   RECORD YEAR NORMAL DEPARTURE LAST
                VALUE   (LST)  VALUE       VALUE  FROM      YEAR
                                                  NORMAL
..................................................................
TEMPERATURE (F)
 TODAY
  MAXIMUM         65   1142 AM  80    1992  53     12       43
  MINIMUM         38    627 AM  10    1987  28     10       21
  AVERAGE         52                        40     12       32

PRECIPITATION (IN)
  TODAY            0.00          0.29 1956   0.03  -0.03     0.00
  MONTH TO DATE    0.35                      1.01  -0.66     4.31
  SINCE SEP 1      1.71                      2.48  -0.77     7.63
  SINCE JAN 1     21.48                     14.77   6.71    22.64

DEGREE DAYS
 HEATING
  TODAY           13                        24    -11       33
  MONTH TO DATE  373                       471    -98      508
  SINCE SEP 1    635                       739   -104      636
  SINCE JUL 1    736                       825    -89      676

 COOLING
  TODAY            0                         0      0        0
  MONTH TO DATE    0                         0      0        0
  SINCE SEP 1     24                        32     -8       74
  SINCE JAN 1    256                       418   -162      386
..................................................................


WIND (MPH)
  RESULTANT WIND SPEED  11   RESULTANT WIND DIRECTION   W (280)
  HIGHEST WIND SPEED    20   HIGHEST WIND DIRECTION    NW (300)
  HIGHEST GUST SPEED    27   HIGHEST GUST DIRECTION     W (280)
  AVERAGE WIND SPEED    11.4


SKY COVER
  POSSIBLE SUNSHINE  MM
  AVERAGE SKY COVER 0.3


WEATHER CONDITIONS
 THE FOLLOWING WEATHER WAS RECORDED TODAY.
  NO SIGNIFICANT WEATHER WAS OBSERVED.


RELATIVE HUMIDITY (PERCENT)
 HIGHEST    73           700 AM
 LOWEST     31          1200 PM
 AVERAGE    52

..........................................................


THE DICKINSON ND CLIMATE NORMALS FOR TOMORROW
                         NORMAL    RECORD    YEAR
 MAXIMUM TEMPERATURE (F)   52        80      1948
 MINIMUM TEMPERATURE (F)   28        -1      1919


SUNRISE AND SUNSET
OCTOBER 24 2014.......SUNRISE   722 AM MDT   SUNSET   548 PM MDT
OCTOBER 25 2014.......SUNRISE   723 AM MDT   SUNSET   547 PM MDT


-  INDICATES NEGATIVE NUMBERS.
R  INDICATES RECORD WAS SET OR TIED.
MM INDICATES DATA IS MISSING.
T  INDICATES TRACE AMOUNT.




$$
