000
CDUS43 KBIS 210730
CLIDIK


CLIMATE REPORT
NATIONAL WEATHER SERVICE BISMARCK ND
229 AM CDT THU SEP 21 2017


...................................

...THE DICKINSON ND CLIMATE SUMMARY FOR SEPTEMBER 20 2017...

CLIMATE NORMAL PERIOD 1981 TO 2010
CLIMATE RECORD PERIOD 1893 TO 2017


WEATHER ITEM   OBSERVED TIME   RECORD YEAR NORMAL DEPARTURE LAST
                VALUE   (LST)  VALUE       VALUE  FROM      YEAR
                                                  NORMAL
..................................................................
TEMPERATURE (F)
 YESTERDAY
  MAXIMUM         69    343 PM  94    1938  69      0       72
  MINIMUM         40    527 AM  23    1995  41     -1       46
  AVERAGE         55                        55      0       59

PRECIPITATION (IN)
  YESTERDAY        0.00          1.42 1955   0.05  -0.05     0.03
  MONTH TO DATE    2.21                      0.98   1.23     1.71
  SINCE SEP 1      2.21                      0.98   1.23     1.71
  SINCE JAN 1      9.45                     13.27  -3.82    13.34

DEGREE DAYS
 HEATING
  YESTERDAY       10                        10      0        6
  MONTH TO DATE  116                       140    -24      137
  SINCE SEP 1    116                       140    -24      137
  SINCE JUL 1    167                       226    -59      197

 COOLING
  YESTERDAY        0                         0      0        0
  MONTH TO DATE   41                        30     11       21
  SINCE SEP 1     41                        30     11       21
  SINCE JAN 1    487                       416     71      315
..................................................................


WIND (MPH)
  HIGHEST WIND SPEED    30   HIGHEST WIND DIRECTION    SW (210)
  HIGHEST GUST SPEED    37   HIGHEST GUST DIRECTION    SW (220)
  AVERAGE WIND SPEED    14.0


SKY COVER
  POSSIBLE SUNSHINE  MM
  AVERAGE SKY COVER 0.0


WEATHER CONDITIONS
 THE FOLLOWING WEATHER WAS RECORDED YESTERDAY.
  NO SIGNIFICANT WEATHER WAS OBSERVED.


RELATIVE HUMIDITY (PERCENT)
 HIGHEST    93           200 AM
 LOWEST     21           400 PM
 AVERAGE    57

..........................................................


THE DICKINSON ND CLIMATE NORMALS FOR TODAY
                         NORMAL    RECORD    YEAR
 MAXIMUM TEMPERATURE (F)   69        94      1922
 MINIMUM TEMPERATURE (F)   41        20      1995


SUNRISE AND SUNSET
SEPTEMBER 21 2017.....SUNRISE   637 AM MDT   SUNSET   650 PM MDT
SEPTEMBER 22 2017.....SUNRISE   638 AM MDT   SUNSET   648 PM MDT


-  INDICATES NEGATIVE NUMBERS.
R  INDICATES RECORD WAS SET OR TIED.
MM INDICATES DATA IS MISSING.
T  INDICATES TRACE AMOUNT.




$$
