000
CDUS43 KBIS 230726
CLIDIK


CLIMATE REPORT
NATIONAL WEATHER SERVICE BISMARCK ND
226 AM CDT WED APR 23 2014


...................................

...THE DICKINSON ND CLIMATE SUMMARY FOR APRIL 22 2014...

CLIMATE NORMAL PERIOD 1981 TO 2010
CLIMATE RECORD PERIOD 1903 TO 2014


WEATHER ITEM   OBSERVED TIME   RECORD YEAR NORMAL DEPARTURE LAST
                VALUE   (LST)  VALUE       VALUE  FROM      YEAR
                                                  NORMAL
..................................................................
TEMPERATURE (F)
 YESTERDAY
  MAXIMUM         71    142 PM  90    1989  58     13       32
  MINIMUM         38    304 AM  15    1951  31      7       17
  AVERAGE         55                        45     10       25

PRECIPITATION (IN)
  YESTERDAY        0.00          0.59 1978   0.05  -0.05      T
  MONTH TO DATE    0.04                      0.97  -0.93     0.59
  SINCE MAR 1      0.54                      1.66  -1.12     0.94
  SINCE JAN 1      0.71                      2.29  -1.58     1.02

DEGREE DAYS
 HEATING
  YESTERDAY       10                        20    -10       40
  MONTH TO DATE  613                       533     80      755
  SINCE MAR 1   1809                      1619    190     1961
  SINCE JUL 1   8451                      7913    538     7939

 COOLING
  YESTERDAY        0                         0      0        0
  MONTH TO DATE    0                         0      0        0
  SINCE MAR 1      0                         0      0        0
  SINCE JAN 1      0                         0      0        0
..................................................................


WIND (MPH)
  HIGHEST WIND SPEED    33   HIGHEST WIND DIRECTION    SE (120)
  HIGHEST GUST SPEED    42   HIGHEST GUST DIRECTION    SE (130)
  AVERAGE WIND SPEED    21.6


SKY COVER
  POSSIBLE SUNSHINE  MM
  AVERAGE SKY COVER 0.1


WEATHER CONDITIONS
 THE FOLLOWING WEATHER WAS RECORDED YESTERDAY.
  NO SIGNIFICANT WEATHER WAS OBSERVED.


RELATIVE HUMIDITY (PERCENT)
 HIGHEST    70           300 AM
 LOWEST     22           100 PM
 AVERAGE    46

..........................................................


THE DICKINSON ND CLIMATE NORMALS FOR TODAY
                         NORMAL    RECORD    YEAR
 MAXIMUM TEMPERATURE (F)   59        87      2012
 MINIMUM TEMPERATURE (F)   32        13      1931


SUNRISE AND SUNSET
APRIL 23 2014.........SUNRISE   549 AM MDT   SUNSET   750 PM MDT
APRIL 24 2014.........SUNRISE   548 AM MDT   SUNSET   752 PM MDT


-  INDICATES NEGATIVE NUMBERS.
R  INDICATES RECORD WAS SET OR TIED.
MM INDICATES DATA IS MISSING.
T  INDICATES TRACE AMOUNT.




$$
