000
CDUS43 KBIS 270723
CLIDIK


CLIMATE REPORT
NATIONAL WEATHER SERVICE BISMARCK ND
222 AM CDT WED AUG 27 2014


...................................

...THE DICKINSON ND CLIMATE SUMMARY FOR AUGUST 26 2014...

CLIMATE NORMAL PERIOD 1981 TO 2010
CLIMATE RECORD PERIOD 1903 TO 2014


WEATHER ITEM   OBSERVED TIME   RECORD YEAR NORMAL DEPARTURE LAST
                VALUE   (LST)  VALUE       VALUE  FROM      YEAR
                                                  NORMAL
..................................................................
TEMPERATURE (F)
 YESTERDAY
  MAXIMUM         65    410 PM 101    1939  81    -16       94
  MINIMUM         41    314 AM  31    1914  51    -10       65
  AVERAGE         53                        66    -13       80

PRECIPITATION (IN)
  YESTERDAY        0.02          1.00 1952   0.05  -0.03     0.00
  MONTH TO DATE    6.27                      1.29   4.98     1.67
  SINCE JUN 1     11.21                      6.93   4.28     6.08
  SINCE JAN 1     19.25                     12.04   7.21    15.01

DEGREE DAYS
 HEATING
  YESTERDAY       12                         3      9        0
  MONTH TO DATE   42                        36      6        8
  SINCE JUN 1    256                       207     49      164
  SINCE JUL 1     91                        70     21       40

 COOLING
  YESTERDAY        0                         4     -4       15
  MONTH TO DATE   90                       138    -48      120
  SINCE JUN 1    197                       357   -160      254
  SINCE JAN 1    227                       367   -140      263
..................................................................


WIND (MPH)
  HIGHEST WIND SPEED    13   HIGHEST WIND DIRECTION     S (160)
  HIGHEST GUST SPEED    16   HIGHEST GUST DIRECTION    SE (120)
  AVERAGE WIND SPEED     6.8


SKY COVER
  POSSIBLE SUNSHINE  MM
  AVERAGE SKY COVER 0.3


WEATHER CONDITIONS
 THE FOLLOWING WEATHER WAS RECORDED YESTERDAY.
  LIGHT RAIN
  FOG


RELATIVE HUMIDITY (PERCENT)
 HIGHEST   100           900 PM
 LOWEST     67           200 PM
 AVERAGE    84

..........................................................


THE DICKINSON ND CLIMATE NORMALS FOR TODAY
                         NORMAL    RECORD    YEAR
 MAXIMUM TEMPERATURE (F)   80       107      1905
 MINIMUM TEMPERATURE (F)   51        33      1916


SUNRISE AND SUNSET
AUGUST 27 2014........SUNRISE   604 AM MDT   SUNSET   740 PM MDT
AUGUST 28 2014........SUNRISE   606 AM MDT   SUNSET   738 PM MDT


-  INDICATES NEGATIVE NUMBERS.
R  INDICATES RECORD WAS SET OR TIED.
MM INDICATES DATA IS MISSING.
T  INDICATES TRACE AMOUNT.




$$
