000
CDUS43 KBIS 280723
CLIDIK


CLIMATE REPORT
NATIONAL WEATHER SERVICE BISMARCK ND
222 AM CDT SAT MAY 28 2016


...................................

...THE DICKINSON ND CLIMATE SUMMARY FOR MAY 27 2016...

CLIMATE NORMAL PERIOD 1981 TO 2010
CLIMATE RECORD PERIOD 1893 TO 2016


WEATHER ITEM   OBSERVED TIME   RECORD YEAR NORMAL DEPARTURE LAST
                VALUE   (LST)  VALUE       VALUE  FROM      YEAR
                                                  NORMAL
..................................................................
TEMPERATURE (F)
 YESTERDAY
  MAXIMUM         70    217 PM 106    1900  69      1       79
  MINIMUM         37    348 AM  25    1947  44     -7       46
  AVERAGE         54                        56     -2       63

PRECIPITATION (IN)
  YESTERDAY        0.00          1.52 1929   0.08  -0.08     0.11
  MONTH TO DATE    0.18                      1.98  -1.80     1.66
  SINCE MAR 1      2.81                      4.14  -1.33     3.16
  SINCE JAN 1      3.23                      4.77  -1.54     3.43

DEGREE DAYS
 HEATING
  YESTERDAY       11                         9      2        2
  MONTH TO DATE  339                       345     -6      389
  SINCE MAR 1   1885                      2113   -228     1856
  SINCE JUL 1   7294                      8407  -1113     7971

 COOLING
  YESTERDAY        0                         0      0        0
  MONTH TO DATE    3                         0      3        0
  SINCE MAR 1      3                         1      2        0
  SINCE JAN 1      3                         1      2        0
..................................................................


WIND (MPH)
  HIGHEST WIND SPEED    14   HIGHEST WIND DIRECTION     N (10)
  HIGHEST GUST SPEED    19   HIGHEST GUST DIRECTION    NE (40)
  AVERAGE WIND SPEED     5.5


SKY COVER
  POSSIBLE SUNSHINE  MM
  AVERAGE SKY COVER 0.4


WEATHER CONDITIONS
 THE FOLLOWING WEATHER WAS RECORDED YESTERDAY.
  NO SIGNIFICANT WEATHER WAS OBSERVED.


RELATIVE HUMIDITY (PERCENT)
 HIGHEST   100           300 AM
 LOWEST     37           300 PM
 AVERAGE    69

..........................................................


THE DICKINSON ND CLIMATE NORMALS FOR TODAY
                         NORMAL    RECORD    YEAR
 MAXIMUM TEMPERATURE (F)   70       101      1934
 MINIMUM TEMPERATURE (F)   44        18      1947


SUNRISE AND SUNSET
MAY 28 2016...........SUNRISE   503 AM MDT   SUNSET   834 PM MDT
MAY 29 2016...........SUNRISE   502 AM MDT   SUNSET   835 PM MDT


-  INDICATES NEGATIVE NUMBERS.
R  INDICATES RECORD WAS SET OR TIED.
MM INDICATES DATA IS MISSING.
T  INDICATES TRACE AMOUNT.




$$
