000
CDUS43 KBIS 301245
CLIDIK


CLIMATE REPORT
NATIONAL WEATHER SERVICE BISMARCK ND
745 AM CDT SUN AUG 30 2015


...................................

...THE DICKINSON ND CLIMATE SUMMARY FOR AUGUST 29 2015...

CLIMATE NORMAL PERIOD 1981 TO 2010
CLIMATE RECORD PERIOD 1893 TO 2015


WEATHER ITEM   OBSERVED TIME   RECORD YEAR NORMAL DEPARTURE LAST
                VALUE   (LST)  VALUE       VALUE  FROM      YEAR
                                                  NORMAL
..................................................................
TEMPERATURE (F)
 YESTERDAY
  MAXIMUM         99    259 PM 105    2012  80     19       71
  MINIMUM         55    330 AM  32    1946  50      5       50
                                      1915
  AVERAGE         77                        65     12       61

PRECIPITATION (IN)
  YESTERDAY        0.00          1.21 1920   0.05  -0.05     0.02
  MONTH TO DATE    0.76                      1.44  -0.68     6.29
  SINCE JUN 1      6.06                      7.08  -1.02    11.23
  SINCE JAN 1      9.49                     12.19  -2.70    19.27

DEGREE DAYS
 HEATING
  YESTERDAY        0                         3     -3        4
  MONTH TO DATE   44                        45     -1       49
  SINCE JUN 1    126                       216    -90      263
  SINCE JUL 1     58                        79    -21       98

 COOLING
  YESTERDAY       12                         3      9        0
  MONTH TO DATE  147                       147      0       95
  SINCE JUN 1    377                       366     11      202
  SINCE JAN 1    377                       376      1      232
..................................................................


WIND (MPH)
  HIGHEST WIND SPEED    20   HIGHEST WIND DIRECTION     S (200)
  HIGHEST GUST SPEED    24   HIGHEST GUST DIRECTION    SW (210)
  AVERAGE WIND SPEED     8.4


SKY COVER
  POSSIBLE SUNSHINE  MM
  AVERAGE SKY COVER 0.3


WEATHER CONDITIONS
 THE FOLLOWING WEATHER WAS RECORDED YESTERDAY.
  HAZE


RELATIVE HUMIDITY (PERCENT)
 HIGHEST    67          1200 AM
 LOWEST     13           100 PM
 AVERAGE    40

..........................................................


THE DICKINSON ND CLIMATE NORMALS FOR TODAY
                         NORMAL    RECORD    YEAR
 MAXIMUM TEMPERATURE (F)   79       101      2008
 MINIMUM TEMPERATURE (F)   50        30      1935


SUNRISE AND SUNSET
AUGUST 30 2015........SUNRISE   608 AM MDT   SUNSET   735 PM MDT
AUGUST 31 2015........SUNRISE   609 AM MDT   SUNSET   733 PM MDT


-  INDICATES NEGATIVE NUMBERS.
R  INDICATES RECORD WAS SET OR TIED.
MM INDICATES DATA IS MISSING.
T  INDICATES TRACE AMOUNT.




$$
