336
CDUS43 KBIS 200826
CLIDIK


CLIMATE REPORT
NATIONAL WEATHER SERVICE BISMARCK ND
225 AM CST SAT JAN 20 2018


...................................

...THE DICKINSON ND CLIMATE SUMMARY FOR JANUARY 19 2018...

CLIMATE NORMAL PERIOD 1981 TO 2010
CLIMATE RECORD PERIOD 1893 TO 2018


WEATHER ITEM   OBSERVED TIME   RECORD YEAR NORMAL DEPARTURE LAST
                VALUE   (LST)  VALUE       VALUE  FROM      YEAR
                                                  NORMAL
..................................................................
TEMPERATURE (F)
 YESTERDAY
  MAXIMUM         40   1238 PM  57    1919  26     14       36
  MINIMUM         31    414 AM -36    1943   6     25       17
  AVERAGE         36                        16     20       27

PRECIPITATION (IN)
  YESTERDAY        0.00          0.19 1933   0.01  -0.01     0.00
  MONTH TO DATE    0.03                      0.20  -0.17     0.07
  SINCE DEC 1      0.16                      0.44  -0.28     0.23
  SINCE JAN 1      0.03                      0.20  -0.17     0.07

DEGREE DAYS
 HEATING
  YESTERDAY       29                        49    -20       38
  MONTH TO DATE  983                       931     52     1145
  SINCE DEC 1   2453                      2391     62     2774
  SINCE JUL 1   4406                      4468    -62     4441

 COOLING
  YESTERDAY        0                         0      0        0
  MONTH TO DATE    0                         0      0        0
  SINCE DEC 1      0                         0      0        0
  SINCE JAN 1      0                         0      0        0
..................................................................


WIND (MPH)
  HIGHEST WIND SPEED    21   HIGHEST WIND DIRECTION     W (290)
  HIGHEST GUST SPEED    24   HIGHEST GUST DIRECTION     W (290)
  AVERAGE WIND SPEED    12.9


SKY COVER
  POSSIBLE SUNSHINE  MM
  AVERAGE SKY COVER 0.4


WEATHER CONDITIONS
 THE FOLLOWING WEATHER WAS RECORDED YESTERDAY.
  NO SIGNIFICANT WEATHER WAS OBSERVED.


RELATIVE HUMIDITY (PERCENT)
 HIGHEST    89           400 PM
 LOWEST     64          1200 PM
 AVERAGE    77

..........................................................


THE DICKINSON ND CLIMATE NORMALS FOR TODAY
                         NORMAL    RECORD    YEAR
 MAXIMUM TEMPERATURE (F)   27        54      1908
 MINIMUM TEMPERATURE (F)    6       -33      1954


SUNRISE AND SUNSET
JANUARY 20 2018.......SUNRISE   728 AM MST   SUNSET   437 PM MST
JANUARY 21 2018.......SUNRISE   727 AM MST   SUNSET   438 PM MST


-  INDICATES NEGATIVE NUMBERS.
R  INDICATES RECORD WAS SET OR TIED.
MM INDICATES DATA IS MISSING.
T  INDICATES TRACE AMOUNT.




$$
