000
CDUS43 KDLH 250622
CLIDLH


CLIMATE REPORT
NATIONAL WEATHER SERVICE DULUTH MN
119 AM CDT FRI APR 25 2014


...................................

...THE DULUTH MN CLIMATE SUMMARY FOR APRIL 24 2014...

CLIMATE NORMAL PERIOD 1981 TO 2010
CLIMATE RECORD PERIOD 1870 TO 2014


WEATHER ITEM   OBSERVED TIME   RECORD YEAR NORMAL DEPARTURE LAST
                VALUE   (LST)  VALUE       VALUE  FROM      YEAR
                                                  NORMAL
..................................................................
TEMPERATURE (F)
 YESTERDAY
  MAXIMUM         37    450 AM  82    1990  54    -17       42
  MINIMUM         32   1159 PM  19    1956  34     -2       21
  AVERAGE         35                        44     -9       32

PRECIPITATION (IN)
  YESTERDAY        0.63          1.99 1889   0.09   0.54     0.02
  MONTH TO DATE    2.34                      1.84   0.50     4.63
  SINCE MAR 1      4.25                      3.33   0.92     6.67
  SINCE JAN 1      7.10                      5.10   2.00     9.22

SNOWFALL (IN)
  YESTERDAY        4.3 R         3.7  1950   0.2    4.1       T
  MONTH TO DATE   24.9                       6.2   18.7     50.8
  SINCE MAR 1     45.8                      19.4   26.4     76.6
  SINCE JUL 1    129.6                      85.0   44.6    129.4
  SNOW DEPTH       T

DEGREE DAYS
 HEATING
  YESTERDAY       30                        21      9       33
  MONTH TO DATE  718                       643     75      815
  SINCE MAR 1   2157                      1853    304     2148
  SINCE JUL 1   9598                      8720    878     8656

 COOLING
  YESTERDAY        0                         0      0        0
  MONTH TO DATE    0                         0      0        0
  SINCE MAR 1      0                         0      0        0
  SINCE JAN 1      0                         0      0        0
..................................................................


WIND (MPH)
  HIGHEST WIND SPEED    23   HIGHEST WIND DIRECTION     E (80)
  HIGHEST GUST SPEED    31   HIGHEST GUST DIRECTION     E (80)
  AVERAGE WIND SPEED    15.5


SKY COVER
  AVERAGE SKY COVER 1.0


WEATHER CONDITIONS
 THE FOLLOWING WEATHER WAS RECORDED YESTERDAY.
  LIGHT RAIN
  LT FREEZING RAIN
  HEAVY SNOW
  SNOW
  LIGHT SNOW
  FOG
  FOG W/VISIBILITY <= 1/4 MILE


RELATIVE HUMIDITY (PERCENT)
 HIGHEST    92          1200 AM
 LOWEST     89          1100 AM
 AVERAGE    91

..........................................................


THE DULUTH MN CLIMATE NORMALS FOR TODAY
                         NORMAL    RECORD    YEAR
 MAXIMUM TEMPERATURE (F)   54        81      1990
 MINIMUM TEMPERATURE (F)   34        12      1972


SUNRISE AND SUNSET
APRIL 25 2014.........SUNRISE   603 AM CDT   SUNSET   811 PM CDT
APRIL 26 2014.........SUNRISE   602 AM CDT   SUNSET   812 PM CDT


-  INDICATES NEGATIVE NUMBERS.
R  INDICATES RECORD WAS SET OR TIED.
MM INDICATES DATA IS MISSING.
T  INDICATES TRACE AMOUNT.




$$
