000
CDUS43 KDLH 170624
CLIDLH


CLIMATE REPORT
NATIONAL WEATHER SERVICE DULUTH MN
1223 AM CST TUE JAN 17 2017


...................................

...THE DULUTH MN CLIMATE SUMMARY FOR JANUARY 16 2017...

CLIMATE NORMAL PERIOD 1981 TO 2010
CLIMATE RECORD PERIOD 1870 TO 2017


WEATHER ITEM   OBSERVED TIME   RECORD YEAR NORMAL DEPARTURE LAST
                VALUE   (LST)  VALUE       VALUE  FROM      YEAR
                                                  NORMAL
..................................................................
TEMPERATURE (F)
 YESTERDAY
  MAXIMUM         34    334 PM  42    1942  19     15        1
  MINIMUM         14    826 AM -31    1982   1     13      -15
  AVERAGE         24                        10     14       -7

PRECIPITATION (IN)
  YESTERDAY        0.00          0.86 1915   0.03  -0.03      T
  MONTH TO DATE    0.60                      0.55   0.05     0.49
  SINCE DEC 1      2.67                      1.76   0.91     4.19
  SINCE JAN 1      0.60                      0.55   0.05     0.49

SNOWFALL (IN)
  YESTERDAY        0.0           8.3  1915   0.7   -0.7       T
  MONTH TO DATE   10.1                      10.8   -0.7      7.3
  SINCE DEC 1     31.4                      28.5    2.9     31.9
  SINCE JUL 1     39.5                      44.6   -5.1     36.3
  SNOW DEPTH      11

DEGREE DAYS
 HEATING
  YESTERDAY       41                        55    -14       72
  MONTH TO DATE  951                       877     74      852
  SINCE DEC 1   2463                      2433     30     2039
  SINCE JUL 1   3945                      4646   -701     3702

 COOLING
  YESTERDAY        0                         0      0        0
  MONTH TO DATE    0                         0      0        0
  SINCE DEC 1      0                         0      0        0
  SINCE JAN 1      0                         0      0        0
..................................................................


WIND (MPH)
  HIGHEST WIND SPEED    13   HIGHEST WIND DIRECTION     W (250)
  HIGHEST GUST SPEED    16   HIGHEST GUST DIRECTION     W (250)
  AVERAGE WIND SPEED     5.5


SKY COVER
  AVERAGE SKY COVER 0.0


WEATHER CONDITIONS
 THE FOLLOWING WEATHER WAS RECORDED YESTERDAY.
  FOG
  HAZE


RELATIVE HUMIDITY (PERCENT)
 HIGHEST    92           200 AM
 LOWEST     56           300 PM
 AVERAGE    74

..........................................................


THE DULUTH MN CLIMATE NORMALS FOR TODAY
                         NORMAL    RECORD    YEAR
 MAXIMUM TEMPERATURE (F)   19        45      1884
                                             1876
 MINIMUM TEMPERATURE (F)    1       -38      1982


SUNRISE AND SUNSET
JANUARY 17 2017.......SUNRISE   747 AM CST   SUNSET   450 PM CST
JANUARY 18 2017.......SUNRISE   747 AM CST   SUNSET   452 PM CST


-  INDICATES NEGATIVE NUMBERS.
R  INDICATES RECORD WAS SET OR TIED.
MM INDICATES DATA IS MISSING.
T  INDICATES TRACE AMOUNT.




$$
