000
CDUS43 KDLH 310623
CLIDLH


CLIMATE REPORT
NATIONAL WEATHER SERVICE DULUTH MN
121 AM CDT TUE MAY 31 2016


...................................

...THE DULUTH MN CLIMATE SUMMARY FOR MAY 30 2016...

CLIMATE NORMAL PERIOD 1981 TO 2010
CLIMATE RECORD PERIOD 1870 TO 2016


WEATHER ITEM   OBSERVED TIME   RECORD YEAR NORMAL DEPARTURE LAST
                VALUE   (LST)  VALUE       VALUE  FROM      YEAR
                                                  NORMAL
..................................................................
TEMPERATURE (F)
 YESTERDAY
  MAXIMUM         81    335 PM  95    1939  66     15       55
  MINIMUM         50    432 AM  29    1990  44      6       37
  AVERAGE         66                        55     11       46

PRECIPITATION (IN)
  YESTERDAY        0.03          2.58 1882   0.12  -0.09     0.00
  MONTH TO DATE    1.64                      3.12  -1.48     3.73
  SINCE MAR 1      8.00                      7.04   0.96     5.55
  SINCE JAN 1      9.88                      8.81   1.07     6.39

SNOWFALL (IN)
  YESTERDAY        0.0           T    1897   0.0    0.0      0.0
  MONTH TO DATE    0.1                       0.4   -0.3       T
  SINCE MAR 1     27.2                      20.5    6.7      9.3
  SINCE JUL 1     81.4                      86.1   -4.7     49.2
  SNOW DEPTH       0

DEGREE DAYS
 HEATING
  YESTERDAY        0                        10    -10       19
  MONTH TO DATE  353                       416    -63      389
  SINCE MAR 1   2190                      2388   -198     2123
  SINCE JUL 1   8027                      9255  -1228     8962

 COOLING
  YESTERDAY        1                         0      1        0
  MONTH TO DATE    9                         0      9        4
  SINCE MAR 1      9                         0      9        4
  SINCE JAN 1      9                         0      9        4
..................................................................


WIND (MPH)
  HIGHEST WIND SPEED    30   HIGHEST WIND DIRECTION     E (90)
  HIGHEST GUST SPEED    37   HIGHEST GUST DIRECTION     E (90)
  AVERAGE WIND SPEED     9.8


SKY COVER
  AVERAGE SKY COVER 0.3


WEATHER CONDITIONS
 THE FOLLOWING WEATHER WAS RECORDED YESTERDAY.
  LIGHT RAIN


RELATIVE HUMIDITY (PERCENT)
 HIGHEST    89          1200 AM
 LOWEST     28           200 PM
 AVERAGE    59

..........................................................


THE DULUTH MN CLIMATE NORMALS FOR TODAY
                         NORMAL    RECORD    YEAR
 MAXIMUM TEMPERATURE (F)   67        89      1925
 MINIMUM TEMPERATURE (F)   45        29      1946


SUNRISE AND SUNSET
MAY 31 2016...........SUNRISE   519 AM CDT   SUNSET   855 PM CDT
JUNE  1 2016..........SUNRISE   518 AM CDT   SUNSET   856 PM CDT


-  INDICATES NEGATIVE NUMBERS.
R  INDICATES RECORD WAS SET OR TIED.
MM INDICATES DATA IS MISSING.
T  INDICATES TRACE AMOUNT.




$$
