000
CDUS43 KDLH 280625
CLIDLH


CLIMATE REPORT
NATIONAL WEATHER SERVICE DULUTH MN
122 AM CDT FRI APR 28 2017


...................................

...THE DULUTH MN CLIMATE SUMMARY FOR APRIL 27 2017...

CLIMATE NORMAL PERIOD 1981 TO 2010
CLIMATE RECORD PERIOD 1870 TO 2017


WEATHER ITEM   OBSERVED TIME   RECORD YEAR NORMAL DEPARTURE LAST
                VALUE   (LST)  VALUE       VALUE  FROM      YEAR
                                                  NORMAL
..................................................................
TEMPERATURE (F)
 YESTERDAY
  MAXIMUM         30    407 PM  88    1952  55    -25       45
  MINIMUM         23    843 AM  18    1909  35    -12       32
  AVERAGE         27                        45    -18       39

PRECIPITATION (IN)
  YESTERDAY        T             1.27 1962   0.10  -0.10     0.00
  MONTH TO DATE    3.02                      2.13   0.89     2.40
  SINCE MAR 1      4.07                      3.62   0.45     6.36
  SINCE JAN 1      7.03                      5.39   1.64     8.24

SNOWFALL (IN)
  YESTERDAY        T             8.7  1969   0.1   -0.1      0.0
  MONTH TO DATE    1.9                       6.6   -4.7      9.8
  SINCE MAR 1      7.2                      19.8  -12.6     27.1
  SINCE JUL 1     66.2                      85.4  -19.2     81.3
  SNOW DEPTH       T

DEGREE DAYS
 HEATING
  YESTERDAY       38                        20     18       26
  MONTH TO DATE  601                       704   -103      738
  SINCE MAR 1   1794                      1914   -120     1766
  SINCE JUL 1   7484                      8781  -1297     7603

 COOLING
  YESTERDAY        0                         0      0        0
  MONTH TO DATE    0                         0      0        0
  SINCE MAR 1      0                         0      0        0
  SINCE JAN 1      0                         0      0        0
..................................................................


WIND (MPH)
  HIGHEST WIND SPEED    18   HIGHEST WIND DIRECTION    NW (310)
  HIGHEST GUST SPEED    24   HIGHEST GUST DIRECTION    NW (310)
  AVERAGE WIND SPEED    11.7


SKY COVER
  AVERAGE SKY COVER 1.0


WEATHER CONDITIONS
 THE FOLLOWING WEATHER WAS RECORDED YESTERDAY.
  LT FREEZING RAIN
  SNOW
  FOG


RELATIVE HUMIDITY (PERCENT)
 HIGHEST    88          1200 AM
 LOWEST     69           200 PM
 AVERAGE    79

..........................................................


THE DULUTH MN CLIMATE NORMALS FOR TODAY
                         NORMAL    RECORD    YEAR
 MAXIMUM TEMPERATURE (F)   56        87      1952
 MINIMUM TEMPERATURE (F)   35        14      1958


SUNRISE AND SUNSET
APRIL 28 2017.........SUNRISE   558 AM CDT   SUNSET   815 PM CDT
APRIL 29 2017.........SUNRISE   556 AM CDT   SUNSET   816 PM CDT


-  INDICATES NEGATIVE NUMBERS.
R  INDICATES RECORD WAS SET OR TIED.
MM INDICATES DATA IS MISSING.
T  INDICATES TRACE AMOUNT.




$$
