000
CDUS45 KTFX 230945
CLIDLN


CLIMATE REPORT
NATIONAL WEATHER SERVICE GREAT FALLS MT
344 AM MDT SUN APR 23 2017


...................................

...THE DILLON AIRPORT MT CLIMATE SUMMARY FOR APRIL 22 2017...

CLIMATE NORMAL PERIOD 1981 TO 2010
CLIMATE RECORD PERIOD 1929 TO 2017


WEATHER ITEM   OBSERVED TIME   RECORD YEAR NORMAL DEPARTURE LAST
                VALUE   (LST)  VALUE       VALUE  FROM      YEAR
                                                  NORMAL
..................................................................
TEMPERATURE (F)
 YESTERDAY
  MAXIMUM         61    415 PM  78    1987  57      4       74
  MINIMUM         28    526 AM  15    1968  30     -2       44
  AVERAGE         45                        43      2       59

PRECIPITATION (IN)
  YESTERDAY        0.00          0.63 1960   0.03  -0.03     0.00
  MONTH TO DATE    1.35                      0.73   0.62     0.53
  SINCE OCT 1      4.75                      3.21   1.54     3.20
  SINCE JAN 1      2.21                      1.81   0.40     1.12

SNOWFALL (IN)
  YESTERDAY       MM
  SNOW DEPTH       0

DEGREE DAYS
 HEATING
  YESTERDAY       20                               -2        6
  MONTH TO DATE  510                              -31      385
  SINCE MAR 1   1246                             -245     1239
  SINCE JUL 1   7201                             -207     6739

 COOLING
  YESTERDAY        0                                0        0
  MONTH TO DATE    0                                0        0
  SINCE MAR 1      0                                0        0
  SINCE JAN 1      0                                0        0
..................................................................


WIND (MPH)
  HIGHEST WIND SPEED    21   HIGHEST WIND DIRECTION     S (180)
  HIGHEST GUST SPEED    26   HIGHEST GUST DIRECTION     S (170)
  AVERAGE WIND SPEED     8.1


SKY COVER
  AVERAGE SKY COVER 0.2


WEATHER CONDITIONS
 THE FOLLOWING WEATHER WAS RECORDED YESTERDAY.
  NO SIGNIFICANT WEATHER WAS OBSERVED.


RELATIVE HUMIDITY (PERCENT)
 HIGHEST    92
 LOWEST     23
 AVERAGE    58

..........................................................


THE DILLON AIRPORT MT CLIMATE NORMALS FOR TODAY
                         NORMAL    RECORD    YEAR
 MAXIMUM TEMPERATURE (F)   57        78      1949
 MINIMUM TEMPERATURE (F)   30        13      2013


SUNRISE AND SUNSET
APRIL 23 2017.........SUNRISE   631 AM MDT   SUNSET   827 PM MDT
APRIL 24 2017.........SUNRISE   629 AM MDT   SUNSET   828 PM MDT


-  INDICATES NEGATIVE NUMBERS.
R  INDICATES RECORD WAS SET OR TIED.
MM INDICATES DATA IS MISSING.
T  INDICATES TRACE AMOUNT.




$$
