000
CDUS45 KTFX 260946
CLIDLN


CLIMATE REPORT
NATIONAL WEATHER SERVICE GREAT FALLS MT
346 AM MDT FRI MAY 26 2017


...................................

...THE DILLON AIRPORT MT CLIMATE SUMMARY FOR MAY 25 2017...

CLIMATE NORMAL PERIOD 1981 TO 2010
CLIMATE RECORD PERIOD 1929 TO 2017


WEATHER ITEM   OBSERVED TIME   RECORD YEAR NORMAL DEPARTURE LAST
                VALUE   (LST)  VALUE       VALUE  FROM      YEAR
                                                  NORMAL
..................................................................
TEMPERATURE (F)
 YESTERDAY
  MAXIMUM         58    414 PM  83    2001  66     -8       65
  MINIMUM         33    253 AM  19    1950  39     -6       38
  AVERAGE         46                        53     -7       52

PRECIPITATION (IN)
  YESTERDAY        0.00          1.10 1980   0.08  -0.08     0.00
  MONTH TO DATE    1.49                      1.47   0.02     1.54
  SINCE OCT 1      6.77                      4.99   1.78     5.34
  SINCE JAN 1      4.23                      3.59   0.64     3.26

SNOWFALL (IN)
  YESTERDAY       MM
  SNOW DEPTH       0

DEGREE DAYS
 HEATING
  YESTERDAY       19                                6       13
  MONTH TO DATE  366                              -20      392
  SINCE MAR 1   1782                             -256     1797
  SINCE JUL 1   7737                             -218     7297

 COOLING
  YESTERDAY        0                                0        0
  MONTH TO DATE    0                                0        0
  SINCE MAR 1      0                                0        0
  SINCE JAN 1      0                                0        0
..................................................................


WIND (MPH)
  HIGHEST WIND SPEED    21   HIGHEST WIND DIRECTION    NE (30)
  HIGHEST GUST SPEED    24   HIGHEST GUST DIRECTION    NE (30)
  AVERAGE WIND SPEED     8.6


SKY COVER
  AVERAGE SKY COVER 0.5


WEATHER CONDITIONS
 THE FOLLOWING WEATHER WAS RECORDED YESTERDAY.
  NO SIGNIFICANT WEATHER WAS OBSERVED.


RELATIVE HUMIDITY (PERCENT)
 HIGHEST    56
 LOWEST     30
 AVERAGE    43

..........................................................


THE DILLON AIRPORT MT CLIMATE NORMALS FOR TODAY
                         NORMAL    RECORD    YEAR
 MAXIMUM TEMPERATURE (F)   66        88      1966
 MINIMUM TEMPERATURE (F)   40        26      1978


SUNRISE AND SUNSET
MAY 26 2017...........SUNRISE   550 AM MDT   SUNSET   906 PM MDT
MAY 27 2017...........SUNRISE   549 AM MDT   SUNSET   907 PM MDT


-  INDICATES NEGATIVE NUMBERS.
R  INDICATES RECORD WAS SET OR TIED.
MM INDICATES DATA IS MISSING.
T  INDICATES TRACE AMOUNT.




$$
