000
CDUS45 KTFX 222330
CLIDLN


CLIMATE REPORT
NATIONAL WEATHER SERVICE GREAT FALLS MT
430 PM MST WED NOV 22 2017


...................................

...THE DILLON AIRPORT MT CLIMATE SUMMARY FOR NOVEMBER 22 2017...
VALID TODAY AS OF 0400 PM LOCAL TIME.

CLIMATE NORMAL PERIOD 1981 TO 2010
CLIMATE RECORD PERIOD 1929 TO 2017


WEATHER ITEM   OBSERVED TIME   RECORD YEAR NORMAL DEPARTURE LAST
                VALUE   (LST)  VALUE       VALUE  FROM      YEAR
                                                  NORMAL
..................................................................
TEMPERATURE (F)
 TODAY
  MAXIMUM         58   1149 AM  66    1954  37     21       44
  MINIMUM         40    537 AM -21    1985  17     23       19
  AVERAGE         49                        27     22       32

PRECIPITATION (IN)
  TODAY            0.00          0.22 1962   0.01  -0.01     0.00
  MONTH TO DATE    0.39                      0.29   0.10     0.27
  SINCE OCT 1      0.55                      1.05  -0.50     2.49
  SINCE JAN 1      9.21                     10.22  -1.01     9.50

DEGREE DAYS
 HEATING
  TODAY           16                        38    -22       33
  MONTH TO DATE  734                       715     19      502
  SINCE SEP 1   1806                      1695    111     1392
  SINCE JUL 1   1820                      1831    -11     1518

 COOLING
  TODAY            0                         0      0        0
  MONTH TO DATE    0                         0      0        0
  SINCE SEP 1     28                         8     20        8
  SINCE JAN 1    290                       156    134      168
..................................................................


WIND (MPH)
  HIGHEST WIND SPEED    25   HIGHEST WIND DIRECTION    SW (220)
  HIGHEST GUST SPEED    32   HIGHEST GUST DIRECTION    SW (220)
  AVERAGE WIND SPEED    12.9


SKY COVER
  AVERAGE SKY COVER 0.6


WEATHER CONDITIONS
 THE FOLLOWING WEATHER WAS RECORDED TODAY.
  NO SIGNIFICANT WEATHER WAS OBSERVED.


RELATIVE HUMIDITY (PERCENT)
 HIGHEST    79
 LOWEST     51
 AVERAGE    65

..........................................................


THE DILLON AIRPORT MT CLIMATE NORMALS FOR TOMORROW
                         NORMAL    RECORD    YEAR
 MAXIMUM TEMPERATURE (F)   37        63      1954
 MINIMUM TEMPERATURE (F)   17       -21      1985


SUNRISE AND SUNSET
NOVEMBER 22 2017......SUNRISE   738 AM MST   SUNSET   454 PM MST
NOVEMBER 23 2017......SUNRISE   740 AM MST   SUNSET   453 PM MST


-  INDICATES NEGATIVE NUMBERS.
R  INDICATES RECORD WAS SET OR TIED.
MM INDICATES DATA IS MISSING.
T  INDICATES TRACE AMOUNT.




$$
