000
CDUS45 KTFX 192230
CLIDLN


CLIMATE REPORT
NATIONAL WEATHER SERVICE GREAT FALLS MT
430 PM MDT TUE SEP 19 2017


...................................

...THE DILLON AIRPORT MT CLIMATE SUMMARY FOR SEPTEMBER 19 2017...
VALID TODAY AS OF 0400 PM LOCAL TIME.

CLIMATE NORMAL PERIOD 1981 TO 2010
CLIMATE RECORD PERIOD 1929 TO 2017


WEATHER ITEM   OBSERVED TIME   RECORD YEAR NORMAL DEPARTURE LAST
                VALUE   (LST)  VALUE       VALUE  FROM      YEAR
                                                  NORMAL
..................................................................
TEMPERATURE (F)
 TODAY
  MAXIMUM         50    154 PM  88    1956  68    -18       78
  MINIMUM         36    702 AM  16    1983  39     -3       41
  AVERAGE         43                        54    -11       60

PRECIPITATION (IN)
  TODAY            0.08          0.45 1955   0.03   0.05     0.00
  MONTH TO DATE    1.77                      0.57   1.20     0.46
  SINCE OCT 1     10.76                     10.27   0.49     8.07
  SINCE JAN 1      8.22                      8.87  -0.65     5.99

DEGREE DAYS
 HEATING
  TODAY           22                        12     10        5
  MONTH TO DATE  141                       159    -18      198
  SINCE SEP 1    141                       159    -18      198
  SINCE JUL 1    155                       295   -140      324

 COOLING
  TODAY            0                         0      0        0
  MONTH TO DATE   28                         7     21        8
  SINCE SEP 1     28                         7     21        8
  SINCE JAN 1    290                       155    135      168
..................................................................


WIND (MPH)
  HIGHEST WIND SPEED    25   HIGHEST WIND DIRECTION    SW (230)
  HIGHEST GUST SPEED    32   HIGHEST GUST DIRECTION    SW (220)
  AVERAGE WIND SPEED    11.3


SKY COVER
  AVERAGE SKY COVER 0.6


WEATHER CONDITIONS
 THE FOLLOWING WEATHER WAS RECORDED TODAY.
  RAIN
  LIGHT RAIN
  FOG


RELATIVE HUMIDITY (PERCENT)
 HIGHEST    89
 LOWEST     46
 AVERAGE    68

..........................................................


THE DILLON AIRPORT MT CLIMATE NORMALS FOR TOMORROW
                         NORMAL    RECORD    YEAR
 MAXIMUM TEMPERATURE (F)   68        86      1946
 MINIMUM TEMPERATURE (F)   38        10      1983


SUNRISE AND SUNSET
SEPTEMBER 19 2017.....SUNRISE   714 AM MDT   SUNSET   733 PM MDT
SEPTEMBER 20 2017.....SUNRISE   715 AM MDT   SUNSET   731 PM MDT


-  INDICATES NEGATIVE NUMBERS.
R  INDICATES RECORD WAS SET OR TIED.
MM INDICATES DATA IS MISSING.
T  INDICATES TRACE AMOUNT.




$$
