000
CDUS45 KTFX 310856
CLIDLN


CLIMATE REPORT
NATIONAL WEATHER SERVICE GREAT FALLS MT
255 AM MDT MON AUG 31 2015


...................................

...THE DILLON AIRPORT MT CLIMATE SUMMARY FOR AUGUST 30 2015...

CLIMATE NORMAL PERIOD 1981 TO 2010
CLIMATE RECORD PERIOD 1929 TO 2015


WEATHER ITEM   OBSERVED TIME   RECORD YEAR NORMAL DEPARTURE LAST
                VALUE   (LST)  VALUE       VALUE  FROM      YEAR
                                                  NORMAL
..................................................................
TEMPERATURE (F)
 YESTERDAY
  MAXIMUM         81    313 PM  93    1954  77      4       68
  MINIMUM         48   1159 PM  31    1965  45      3       51
  AVERAGE         65                        61      4       60

PRECIPITATION (IN)
  YESTERDAY        0.02          0.70 1986   0.03  -0.01     0.26
  MONTH TO DATE    0.30                      1.01  -0.71     2.77
  SINCE OCT 1      7.87                      9.66  -1.79     9.35
  SINCE JAN 1      6.71                      8.26  -1.55     8.86

SNOWFALL (IN)
  YESTERDAY       MM
  SNOW DEPTH       0

DEGREE DAYS
 HEATING
  YESTERDAY        0                               -5        5
  MONTH TO DATE   54                              -22       69
  SINCE JUN 1    179                             -175      335
  SINCE JUL 1    103                              -28       85

 COOLING
  YESTERDAY        0                               -1        0
  MONTH TO DATE   96                               44       52
  SINCE JUN 1    239                               94      164
  SINCE JAN 1    239                               93      164
..................................................................


WIND (MPH)
  HIGHEST WIND SPEED    35   HIGHEST WIND DIRECTION     W (250)
  HIGHEST GUST SPEED    46   HIGHEST GUST DIRECTION    SW (240)
  AVERAGE WIND SPEED    14.4


SKY COVER
  AVERAGE SKY COVER 0.2


WEATHER CONDITIONS
 THE FOLLOWING WEATHER WAS RECORDED YESTERDAY.
  LIGHT RAIN


RELATIVE HUMIDITY (PERCENT)
 HIGHEST    64
 LOWEST     13
 AVERAGE    39

..........................................................


THE DILLON AIRPORT MT CLIMATE NORMALS FOR TODAY
                         NORMAL    RECORD    YEAR
 MAXIMUM TEMPERATURE (F)   77        96      1955
 MINIMUM TEMPERATURE (F)   45        30      2006
                                             1977


SUNRISE AND SUNSET
AUGUST 31 2015........SUNRISE   650 AM MDT   SUNSET   810 PM MDT
SEPTEMBER  1 2015.....SUNRISE   652 AM MDT   SUNSET   808 PM MDT


-  INDICATES NEGATIVE NUMBERS.
R  INDICATES RECORD WAS SET OR TIED.
MM INDICATES DATA IS MISSING.
T  INDICATES TRACE AMOUNT.




$$
