000
CDUS45 KTFX 201013
CLIDLN


CLIMATE REPORT
NATIONAL WEATHER SERVICE GREAT FALLS MT
412 AM MDT SUN APR 20 2014


...................................

...THE DILLON AIRPORT MT CLIMATE SUMMARY FOR APRIL 19 2014...

CLIMATE NORMAL PERIOD 1981 TO 2010
CLIMATE RECORD PERIOD 1929 TO 2014


WEATHER ITEM   OBSERVED TIME   RECORD YEAR NORMAL DEPARTURE LAST
                VALUE   (LST)  VALUE       VALUE  FROM      YEAR
                                                  NORMAL
..................................................................
TEMPERATURE (F)
 YESTERDAY
  MAXIMUM         66    450 PM  80    1962  56     10       52
  MINIMUM         25    148 AM   1    1941  29     -4       32
  AVERAGE         46                        42      4       42

PRECIPITATION (IN)
  YESTERDAY        0.00          0.43 1987   0.03  -0.03     0.00
  MONTH TO DATE    0.04                      0.63  -0.59     0.11
  SINCE OCT 1      1.10                      3.11  -2.01     1.53
  SINCE JAN 1      0.61                      1.71  -1.10     0.51

SNOWFALL (IN)
  YESTERDAY       MM
  SNOW DEPTH       0

DEGREE DAYS
 HEATING
  YESTERDAY       19                               -4       23
  MONTH TO DATE  433                              -42      516
  SINCE MAR 1   1357                              -68     1432
  SINCE JUL 1   7137                             -205     6847

 COOLING
  YESTERDAY        0                                0        0
  MONTH TO DATE    0                                0        0
  SINCE MAR 1      0                                0        0
  SINCE JAN 1      0                                0        0
..................................................................


WIND (MPH)
  HIGHEST WIND SPEED    23   HIGHEST WIND DIRECTION     W (260)
  HIGHEST GUST SPEED    31   HIGHEST GUST DIRECTION     W (250)
  AVERAGE WIND SPEED    11.5



WEATHER CONDITIONS
 THE FOLLOWING WEATHER WAS RECORDED YESTERDAY.
  HAZE


RELATIVE HUMIDITY (PERCENT)
 HIGHEST    50
 LOWEST     11
 AVERAGE    31

..........................................................


THE DILLON AIRPORT MT CLIMATE NORMALS FOR TODAY
                         NORMAL    RECORD    YEAR
 MAXIMUM TEMPERATURE (F)   56        78      1980
 MINIMUM TEMPERATURE (F)   30        10      2008


SUNRISE AND SUNSET
APRIL 20 2014.........SUNRISE   636 AM MDT   SUNSET   823 PM MDT
APRIL 21 2014.........SUNRISE   635 AM MDT   SUNSET   824 PM MDT


-  INDICATES NEGATIVE NUMBERS.
R  INDICATES RECORD WAS SET OR TIED.
MM INDICATES DATA IS MISSING.
T  INDICATES TRACE AMOUNT.




$$
