000
CDUS45 KTFX 022330
CLIDLN


CLIMATE REPORT
NATIONAL WEATHER SERVICE GREAT FALLS MT
430 PM MST FRI DEC 2 2016


...................................

...THE DILLON AIRPORT MT CLIMATE SUMMARY FOR DECEMBER 2 2016...
VALID TODAY AS OF 0400 PM LOCAL TIME.

CLIMATE NORMAL PERIOD 1981 TO 2010
CLIMATE RECORD PERIOD 1929 TO 2016


WEATHER ITEM   OBSERVED TIME   RECORD YEAR NORMAL DEPARTURE LAST
                VALUE   (LST)  VALUE       VALUE  FROM      YEAR
                                                  NORMAL
..................................................................
TEMPERATURE (F)
 TODAY
  MAXIMUM         34    307 PM  55    1975  32      2       32
  MINIMUM         14    836 AM  -7    1985  13      1        6
  AVERAGE         24                        23      1       19

PRECIPITATION (IN)
  TODAY            0.00          0.25 1955   0.01  -0.01     0.00
  MONTH TO DATE    T                         0.02  -0.02     0.00
  SINCE OCT 1      2.49                      1.15   1.34     1.67
  SINCE JAN 1      9.50                     10.32  -0.82     9.63

DEGREE DAYS
 HEATING
  TODAY           41                        42     -1       46
  MONTH TO DATE   77                        84     -7       95
  SINCE DEC 1     77                        84     -7       95
  SINCE JUL 1   1860                      2235   -375     2018

 COOLING
  TODAY            0                         0      0        0
  MONTH TO DATE    0                         0      0        0
  SINCE DEC 1      0                         0      0        0
  SINCE JAN 1    168                       156     12      258
..................................................................


WIND (MPH)
  HIGHEST WIND SPEED    20   HIGHEST WIND DIRECTION    SW (220)
  HIGHEST GUST SPEED    25   HIGHEST GUST DIRECTION    SW (220)
  AVERAGE WIND SPEED     7.2


SKY COVER
  AVERAGE SKY COVER 0.4


WEATHER CONDITIONS
 THE FOLLOWING WEATHER WAS RECORDED TODAY.
  NO SIGNIFICANT WEATHER WAS OBSERVED.


RELATIVE HUMIDITY (PERCENT)
 HIGHEST    84
 LOWEST     38
 AVERAGE    61

..........................................................


THE DILLON AIRPORT MT CLIMATE NORMALS FOR TOMORROW
                         NORMAL    RECORD    YEAR
 MAXIMUM TEMPERATURE (F)   32        55      1956
 MINIMUM TEMPERATURE (F)   13        -7      2013
                                             2009
                                             1972


SUNRISE AND SUNSET
DECEMBER  2 2016......SUNRISE   751 AM MST   SUNSET   449 PM MST
DECEMBER  3 2016......SUNRISE   752 AM MST   SUNSET   448 PM MST


-  INDICATES NEGATIVE NUMBERS.
R  INDICATES RECORD WAS SET OR TIED.
MM INDICATES DATA IS MISSING.
T  INDICATES TRACE AMOUNT.




$$
