000
CDUS45 KTFX 252229
CLIDLN


CLIMATE REPORT
NATIONAL WEATHER SERVICE GREAT FALLS MT
428 PM MDT SAT OCT 25 2014


...................................

...THE DILLON AIRPORT MT CLIMATE SUMMARY FOR OCTOBER 25 2014...
VALID TODAY AS OF 0400 PM LOCAL TIME.

CLIMATE NORMAL PERIOD 1981 TO 2010
CLIMATE RECORD PERIOD 1929 TO 2014


WEATHER ITEM   OBSERVED TIME   RECORD YEAR NORMAL DEPARTURE LAST
                VALUE   (LST)  VALUE       VALUE  FROM      YEAR
                                                  NORMAL
..................................................................
TEMPERATURE (F)
 TODAY
  MAXIMUM         70    259 PM  74    1990  53     17       64
  MINIMUM         29    534 AM  11    1997  28      1       29
  AVERAGE         50                        40     10       47

PRECIPITATION (IN)
  TODAY            0.00          0.18 1989   0.02  -0.02     0.00
  MONTH TO DATE    0.26                      0.64  -0.38     0.25
  SINCE OCT 1      0.26                      0.64  -0.38     0.25
  SINCE JAN 1      9.99                      9.81   0.18     9.71

SNOWFALL (IN)
  TODAY           MM
  SNOW DEPTH       0

DEGREE DAYS
 HEATING
  TODAY           15                        25    -10       18
  MONTH TO DATE  341                       509   -168      590
  SINCE SEP 1    610                       822   -212      831
  SINCE JUL 1    702                       958   -256      837

 COOLING
  TODAY            0                         0      0        0
  MONTH TO DATE    0                         0      0        0
  SINCE SEP 1      6                         8     -2       19
  SINCE JAN 1    170                       156     14      247
..................................................................


WIND (MPH)
  HIGHEST WIND SPEED    29   HIGHEST WIND DIRECTION     S (170)
  HIGHEST GUST SPEED    38   HIGHEST GUST DIRECTION     S (180)
  AVERAGE WIND SPEED     7.0


SKY COVER
  AVERAGE SKY COVER 0.1


WEATHER CONDITIONS
 THE FOLLOWING WEATHER WAS RECORDED TODAY.
  FOG
  FOG W/VISIBILITY <= 1/4 MILE


RELATIVE HUMIDITY (PERCENT)
 HIGHEST   100
 LOWEST     22
 AVERAGE    61

..........................................................


THE DILLON AIRPORT MT CLIMATE NORMALS FOR TOMORROW
                         NORMAL    RECORD    YEAR
 MAXIMUM TEMPERATURE (F)   53        73      1983
 MINIMUM TEMPERATURE (F)   28        14      2011


SUNRISE AND SUNSET
OCTOBER 25 2014.......SUNRISE   800 AM MDT   SUNSET   628 PM MDT
OCTOBER 26 2014.......SUNRISE   801 AM MDT   SUNSET   627 PM MDT


-  INDICATES NEGATIVE NUMBERS.
R  INDICATES RECORD WAS SET OR TIED.
MM INDICATES DATA IS MISSING.
T  INDICATES TRACE AMOUNT.




$$
