000
CDUS45 KTFX 221034
CLIDLN


CLIMATE REPORT
NATIONAL WEATHER SERVICE GREAT FALLS MT
427 AM MDT WED OCT 22 2014


...................................

...THE DILLON AIRPORT MT CLIMATE SUMMARY FOR OCTOBER 21 2014...

CLIMATE NORMAL PERIOD 1981 TO 2010
CLIMATE RECORD PERIOD 1929 TO 2014


WEATHER ITEM   OBSERVED TIME   RECORD YEAR NORMAL DEPARTURE LAST
                VALUE   (LST)  VALUE       VALUE  FROM      YEAR
                                                  NORMAL
..................................................................
TEMPERATURE (F)
 YESTERDAY
  MAXIMUM         61   1009 AM  77    2003  55      6       62
  MINIMUM         34   1010 PM  10    1984  29      5       26
  AVERAGE         48                        42      6       44

PRECIPITATION (IN)
  YESTERDAY        0.21          0.82 1961   0.03   0.18     0.00
  MONTH TO DATE    0.26                      0.56  -0.30     0.25
  SINCE OCT 1      0.26                      0.56  -0.30     0.25
  SINCE JAN 1      9.99                      9.73   0.26     9.71

SNOWFALL (IN)
  YESTERDAY       MM
  SNOW DEPTH       0

DEGREE DAYS
 HEATING
  YESTERDAY       17                               -6       21
  MONTH TO DATE  269                             -144      514
  SINCE SEP 1    538                             -188      755
  SINCE JUL 1    630                             -232      761

 COOLING
  YESTERDAY        0                                0        0
  MONTH TO DATE    0                                0        0
  SINCE SEP 1      6                               -2       19
  SINCE JAN 1    170                               14      247
..................................................................


WIND (MPH)
  HIGHEST WIND SPEED    39   HIGHEST WIND DIRECTION    SW (230)
  HIGHEST GUST SPEED    50   HIGHEST GUST DIRECTION     S (170)
  AVERAGE WIND SPEED    12.7



WEATHER CONDITIONS
 THE FOLLOWING WEATHER WAS RECORDED YESTERDAY.
  RAIN
  LIGHT RAIN
  LIGHT SNOW
  FOG


RELATIVE HUMIDITY (PERCENT)
 HIGHEST    89
 LOWEST     47
 AVERAGE    68

..........................................................


THE DILLON AIRPORT MT CLIMATE NORMALS FOR TODAY
                         NORMAL    RECORD    YEAR
 MAXIMUM TEMPERATURE (F)   54        80      2003
 MINIMUM TEMPERATURE (F)   29        15      1981


SUNRISE AND SUNSET
OCTOBER 22 2014.......SUNRISE   756 AM MDT   SUNSET   633 PM MDT
OCTOBER 23 2014.......SUNRISE   757 AM MDT   SUNSET   631 PM MDT


-  INDICATES NEGATIVE NUMBERS.
R  INDICATES RECORD WAS SET OR TIED.
MM INDICATES DATA IS MISSING.
T  INDICATES TRACE AMOUNT.




$$
