000
CDUS41 KLWX 290532
CLIDMH


CLIMATE REPORT
NATIONAL WEATHER SERVICE BALTIMORE MD/WASHINGTON DC
131 AM EDT SUN MAR 29 2015


...................................

...THE BALTIMORE INNER HARBOR MD CLIMATE SUMMARY FOR MARCH 28 2015...

CLIMATE NORMAL PERIOD 1981 TO 2010
CLIMATE RECORD PERIOD 9999 TO 9999


WEATHER ITEM   OBSERVED TIME   RECORD YEAR NORMAL DEPARTURE LAST
                VALUE   (LST)  VALUE       VALUE  FROM      YEAR
                                                  NORMAL
..................................................................
TEMPERATURE (F)
 YESTERDAY
  MAXIMUM         41   1207 AM  MM      MM  58    -17       67
  MINIMUM         30   1159 PM  MM      MM  42    -12       40
  AVERAGE         36                        50    -14       54

PRECIPITATION (IN)
  YESTERDAY        0.00         MM      MM   0.15  -0.15     0.04
  MONTH TO DATE    4.42                      3.42   1.00     1.62
  SINCE MAR 1      4.42                      3.42   1.00     1.62
  SINCE JAN 1     10.24                      8.94   1.30     7.95

DEGREE DAYS
 HEATING
  YESTERDAY       29                        15     14       11
  MONTH TO DATE  555                       535     20      694
  SINCE MAR 1    555                       535     20      694
  SINCE JUL 1   4069                      3623    446     3764

 COOLING
  YESTERDAY        0                         0      0        0
  MONTH TO DATE    0                         0      0        0
  SINCE MAR 1      0                         0      0        0
  SINCE JAN 1      0                         0      0        0
..................................................................


WIND (MPH)
  HIGHEST WIND SPEED    MM   HIGHEST WIND DIRECTION    MM
  HIGHEST GUST SPEED    MM   HIGHEST GUST DIRECTION    MM
  AVERAGE WIND SPEED    MM


SKY COVER
  POSSIBLE SUNSHINE  MM



RELATIVE HUMIDITY (PERCENT)
 HIGHEST    53           800 AM
 LOWEST     32           600 PM
 AVERAGE    43

..........................................................


THE BALTIMORE INNER HARBOR MD CLIMATE NORMALS FOR TODAY
                         NORMAL
 MAXIMUM TEMPERATURE (F)   59
 MINIMUM TEMPERATURE (F)   43


SUNRISE AND SUNSET
MARCH 29 2015.........SUNRISE   656 AM EDT   SUNSET   727 PM EDT
MARCH 30 2015.........SUNRISE   654 AM EDT   SUNSET   728 PM EDT


-  INDICATES NEGATIVE NUMBERS.
R  INDICATES RECORD WAS SET OR TIED.
MM INDICATES DATA IS MISSING.
T  INDICATES TRACE AMOUNT.




$$
