000
CDUS41 KLWX 300539
CLIDMH


CLIMATE REPORT
NATIONAL WEATHER SERVICE BALTIMORE MD/WASHINGTON DC
128 AM EDT SAT MAY 30 2015


...................................

...THE BALTIMORE INNER HARBOR MD CLIMATE SUMMARY FOR MAY 29 2015...

CLIMATE NORMAL PERIOD 1981 TO 2010
CLIMATE RECORD PERIOD 9999 TO 9999


WEATHER ITEM   OBSERVED TIME   RECORD YEAR NORMAL DEPARTURE LAST
                VALUE   (LST)  VALUE       VALUE  FROM      YEAR
                                                  NORMAL
..................................................................
TEMPERATURE (F)
 YESTERDAY
  MAXIMUM         83    433 PM  MM      MM  79      4       58
  MINIMUM         70    545 AM  MM      MM  61      9       55
  AVERAGE         77                        70      7       57

PRECIPITATION (IN)
  YESTERDAY        0.00         MM      MM   0.12  -0.12     0.25
  MONTH TO DATE    3.13                      3.24  -0.11     3.22
  SINCE MAR 1     10.52                     10.32   0.20    16.72
  SINCE JAN 1     16.34                     15.84   0.50    23.05

DEGREE DAYS
 HEATING
  YESTERDAY        0                         1     -1        8
  MONTH TO DATE   29                        79    -50       37
  SINCE MAR 1    863                       936    -73     1056
  SINCE JUL 1   4377                      4024    353     4126

 COOLING
  YESTERDAY       12                         6      6        0
  MONTH TO DATE  206                       101    105      110
  SINCE MAR 1    215                       126     89      124
  SINCE JAN 1    215                       126     89      124
..................................................................


WIND (MPH)
  HIGHEST WIND SPEED    MM   HIGHEST WIND DIRECTION    MM
  HIGHEST GUST SPEED    MM   HIGHEST GUST DIRECTION    MM
  AVERAGE WIND SPEED    MM


SKY COVER
  POSSIBLE SUNSHINE  MM



RELATIVE HUMIDITY (PERCENT)
 HIGHEST    74           100 AM
 LOWEST     50           300 AM
 AVERAGE    62

..........................................................


THE BALTIMORE INNER HARBOR MD CLIMATE NORMALS FOR TODAY
                         NORMAL
 MAXIMUM TEMPERATURE (F)   80
 MINIMUM TEMPERATURE (F)   62


SUNRISE AND SUNSET
MAY 30 2015...........SUNRISE   543 AM EDT   SUNSET   825 PM EDT
MAY 31 2015...........SUNRISE   542 AM EDT   SUNSET   826 PM EDT


-  INDICATES NEGATIVE NUMBERS.
R  INDICATES RECORD WAS SET OR TIED.
MM INDICATES DATA IS MISSING.
T  INDICATES TRACE AMOUNT.




$$
