000
CDUS41 KLWX 250522
CLIDMH


CLIMATE REPORT
NATIONAL WEATHER SERVICE BALTIMORE MD/WASHINGTON DC
122 AM EDT TUE JUL 25 2017


...................................

...THE BALTIMORE INNER HARBOR MD CLIMATE SUMMARY FOR JULY 24 2017...

CLIMATE NORMAL PERIOD 1981 TO 2010
CLIMATE RECORD PERIOD 1999 TO 2017


WEATHER ITEM   OBSERVED TIME   RECORD YEAR NORMAL DEPARTURE LAST
                VALUE   (LST)  VALUE       VALUE  FROM      YEAR
                                                  NORMAL
..................................................................
TEMPERATURE (F)
 YESTERDAY
  MAXIMUM         93    308 PM  MM      MM  89      4       95
  MINIMUM         75    147 AM  MM      MM  73      2       81
  AVERAGE         84                        81      3       88

PRECIPITATION (IN)
  YESTERDAY        0.22         MM      MM   0.14   0.08     0.00
  MONTH TO DATE    2.19                      3.63  -1.44     1.08
  SINCE JUN 1      2.92                      6.90  -3.98     4.56
  SINCE JAN 1     17.84                     22.99  -5.15    20.74

DEGREE DAYS
 HEATING
  YESTERDAY        0                         0      0        0
  MONTH TO DATE    0                         0      0        0
  SINCE JUN 1      2                         5     -3        0
  SINCE JUL 1      0                         0      0        0

 COOLING
  YESTERDAY       19                        16      3       23
  MONTH TO DATE  467                       381     86      421
  SINCE JUN 1    868                       718    150      745
  SINCE JAN 1   1045                       857    188      882
..................................................................


WIND (MPH)
  HIGHEST WIND SPEED    MM   HIGHEST WIND DIRECTION    MM
  HIGHEST GUST SPEED    MM   HIGHEST GUST DIRECTION    MM
  AVERAGE WIND SPEED    MM


SKY COVER
  POSSIBLE SUNSHINE  MM



RELATIVE HUMIDITY (PERCENT)
 HIGHEST    94          1200 AM
 LOWEST     44           300 PM
 AVERAGE    69

..........................................................


THE BALTIMORE INNER HARBOR MD CLIMATE NORMALS FOR TODAY
                         NORMAL
 MAXIMUM TEMPERATURE (F)   89
 MINIMUM TEMPERATURE (F)   73


SUNRISE AND SUNSET
JULY 25 2017..........SUNRISE   601 AM EDT   SUNSET   825 PM EDT
JULY 26 2017..........SUNRISE   601 AM EDT   SUNSET   824 PM EDT


-  INDICATES NEGATIVE NUMBERS.
R  INDICATES RECORD WAS SET OR TIED.
MM INDICATES DATA IS MISSING.
T  INDICATES TRACE AMOUNT.




$$
