000
CDUS41 KLWX 290528
CLIDMH


CLIMATE REPORT
NATIONAL WEATHER SERVICE BALTIMORE MD/WASHINGTON DC
127 AM EDT THU SEP 29 2016


...................................

...THE BALTIMORE INNER HARBOR MD CLIMATE SUMMARY FOR SEPTEMBER 28 2016...

CLIMATE NORMAL PERIOD 1981 TO 2010
CLIMATE RECORD PERIOD 9999 TO 9999


WEATHER ITEM   OBSERVED TIME   RECORD YEAR NORMAL DEPARTURE LAST
                VALUE   (LST)  VALUE       VALUE  FROM      YEAR
                                                  NORMAL
..................................................................
TEMPERATURE (F)
 YESTERDAY
  MAXIMUM         70    502 PM  MM      MM  75     -5       81
  MINIMUM         63    837 AM  MM      MM  59      4       65
  AVERAGE         67                        67      0       73

PRECIPITATION (IN)
  YESTERDAY        0.87         MM      MM   0.15   0.72     0.00
  MONTH TO DATE    3.15                      3.80  -0.65     1.69
  SINCE SEP 1      3.15                      3.80  -0.65     1.69
  SINCE JAN 1     33.02                     31.17   1.85    30.19

DEGREE DAYS
 HEATING
  YESTERDAY        0                         2     -2        0
  MONTH TO DATE    1                        12    -11        0
  SINCE SEP 1      1                        12    -11        0
  SINCE JUL 1      1                        12    -11        0

 COOLING
  YESTERDAY        2                         4     -2        8
  MONTH TO DATE  310                       220     90      269
  SINCE SEP 1    310                       220     90      269
  SINCE JAN 1   1863                      1616    247     1758
..................................................................


WIND (MPH)
  HIGHEST WIND SPEED    MM   HIGHEST WIND DIRECTION    MM
  HIGHEST GUST SPEED    MM   HIGHEST GUST DIRECTION    MM
  AVERAGE WIND SPEED    MM


SKY COVER
  POSSIBLE SUNSHINE  MM



RELATIVE HUMIDITY (PERCENT)
 HIGHEST    93           400 AM
 LOWEST     76          1100 AM
 AVERAGE    85

..........................................................


THE BALTIMORE INNER HARBOR MD CLIMATE NORMALS FOR TODAY
                         NORMAL
 MAXIMUM TEMPERATURE (F)   75
 MINIMUM TEMPERATURE (F)   58


SUNRISE AND SUNSET
SEPTEMBER 29 2016.....SUNRISE   701 AM EDT   SUNSET   651 PM EDT
SEPTEMBER 30 2016.....SUNRISE   702 AM EDT   SUNSET   650 PM EDT


-  INDICATES NEGATIVE NUMBERS.
R  INDICATES RECORD WAS SET OR TIED.
MM INDICATES DATA IS MISSING.
T  INDICATES TRACE AMOUNT.




$$
