000
CDUS41 KLWX 210525
CLIDMH


CLIMATE REPORT
NATIONAL WEATHER SERVICE BALTIMORE MD/WASHINGTON DC
1224 AM EST TUE FEB 21 2017


...................................

...THE BALTIMORE INNER HARBOR MD CLIMATE SUMMARY FOR FEBRUARY 20 2017...

CLIMATE NORMAL PERIOD 1981 TO 2010
CLIMATE RECORD PERIOD 9999 TO 9999


WEATHER ITEM   OBSERVED TIME   RECORD YEAR NORMAL DEPARTURE LAST
                VALUE   (LST)  VALUE       VALUE  FROM      YEAR
                                                  NORMAL
..................................................................
TEMPERATURE (F)
 YESTERDAY
  MAXIMUM         62    336 PM  MM      MM  47     15       66
  MINIMUM         48   1159 PM  MM      MM  32     16       37
  AVERAGE         55                        39     16       52

PRECIPITATION (IN)
  YESTERDAY        0.00         MM      MM   0.09  -0.09     0.00
  MONTH TO DATE    0.51                      1.91  -1.40     2.24
  SINCE DEC 1      5.44                      8.24  -2.80    11.76
  SINCE JAN 1      3.10                      4.83  -1.73     5.52

DEGREE DAYS
 HEATING
  YESTERDAY       10                        26    -16       13
  MONTH TO DATE  403                       545   -142      574
  SINCE DEC 1   1851                      2242   -391     1925
  SINCE JUL 1   2360                      2893   -533     2453

 COOLING
  YESTERDAY        0                         0      0        0
  MONTH TO DATE    0                         0      0        0
  SINCE DEC 1      0                         0      0        3
  SINCE JAN 1      0                         0      0        0
..................................................................


WIND (MPH)
  HIGHEST WIND SPEED    MM   HIGHEST WIND DIRECTION    MM
  HIGHEST GUST SPEED    MM   HIGHEST GUST DIRECTION    MM
  AVERAGE WIND SPEED    MM


SKY COVER
  POSSIBLE SUNSHINE  MM



RELATIVE HUMIDITY (PERCENT)
 HIGHEST    61           600 AM
 LOWEST     27           100 PM
 AVERAGE    44

..........................................................


THE BALTIMORE INNER HARBOR MD CLIMATE NORMALS FOR TODAY
                         NORMAL
 MAXIMUM TEMPERATURE (F)   47
 MINIMUM TEMPERATURE (F)   32


SUNRISE AND SUNSET
FEBRUARY 21 2017......SUNRISE   650 AM EST   SUNSET   550 PM EST
FEBRUARY 22 2017......SUNRISE   649 AM EST   SUNSET   552 PM EST


-  INDICATES NEGATIVE NUMBERS.
R  INDICATES RECORD WAS SET OR TIED.
MM INDICATES DATA IS MISSING.
T  INDICATES TRACE AMOUNT.




$$
