000
CDUS41 KLWX 182124
CLIDMH


CLIMATE REPORT
NATIONAL WEATHER SERVICE BALTIMORE MD/WASHINGTON DC
524 PM EDT THU SEP 18 2014


...................................

...THE BALTIMORE INNER HARBOR MD CLIMATE SUMMARY FOR SEPTEMBER 18 2014...
VALID TODAY AS OF 0500 PM LOCAL TIME.

CLIMATE NORMAL PERIOD 1981 TO 2010
CLIMATE RECORD PERIOD 9999 TO 9999


WEATHER ITEM   OBSERVED TIME   RECORD YEAR NORMAL DEPARTURE LAST
                VALUE   (LST)  VALUE       VALUE  FROM      YEAR
                                                  NORMAL
..................................................................
TEMPERATURE (F)
 TODAY
  MAXIMUM         73    333 PM  MM      MM  80     -7       73
  MINIMUM         62    540 AM  MM      MM  63     -1       55
  AVERAGE         68                        71     -3       64

PRECIPITATION (IN)
  TODAY            0.01         MM      MM   0.14  -0.13     0.00
  MONTH TO DATE    0.76                      2.37  -1.61     0.38
  SINCE SEP 1      0.76                      2.37  -1.61     0.38
  SINCE JAN 1     40.37                     29.74  10.63    28.36

DEGREE DAYS
 HEATING
  TODAY            0                         0      0        1
  MONTH TO DATE    1                         0      1        4
  SINCE SEP 1      1                         0      1        4
  SINCE JUL 1      1                         0      1        4

 COOLING
  TODAY            3                         7     -4        0
  MONTH TO DATE  170                       170      0      198
  SINCE SEP 1    170                       170      0      198
  SINCE JAN 1   1388                      1566   -178     1872
..................................................................


WIND (MPH)
  HIGHEST WIND SPEED    MM   HIGHEST WIND DIRECTION    MM
  HIGHEST GUST SPEED    MM   HIGHEST GUST DIRECTION    MM
  AVERAGE WIND SPEED    MM


SKY COVER
  POSSIBLE SUNSHINE  MM



RELATIVE HUMIDITY (PERCENT)
 HIGHEST    76          1200 PM
 LOWEST     57           300 PM
 AVERAGE    67

..........................................................


THE BALTIMORE INNER HARBOR MD CLIMATE NORMALS FOR TOMORROW
                         NORMAL    RECORD    YEAR
 MAXIMUM TEMPERATURE (F)   79        MM        MM
 MINIMUM TEMPERATURE (F)   63        MM        MM


SUNRISE AND SUNSET
SEPTEMBER 18 2014.....SUNRISE   650 AM EDT   SUNSET   710 PM EDT
SEPTEMBER 19 2014.....SUNRISE   651 AM EDT   SUNSET   708 PM EDT


-  INDICATES NEGATIVE NUMBERS.
R  INDICATES RECORD WAS SET OR TIED.
MM INDICATES DATA IS MISSING.
T  INDICATES TRACE AMOUNT.




$$
