000
CDUS45 KEPZ 260932
CLIDMN


CLIMATE REPORT
NATIONAL WEATHER SERVICE EL PASO, TX
231 AM MST MON JAN 26 2015


...................................

...THE DEMING CLIMATE SUMMARY FOR JANUARY 25 2015...

CLIMATE NORMAL PERIOD 1981 TO 2010
CLIMATE RECORD PERIOD 2000 TO 2015


WEATHER ITEM   OBSERVED TIME   NORMAL DEPARTURE LAST
                VALUE   (LST)  VALUE  FROM      YEAR
                                      NORMAL
......................................................
TEMPERATURE (F)
 YESTERDAY
  MAXIMUM         58    410 PM  59              64
  MINIMUM         24    449 AM  28              36
  AVERAGE         41            43     -2       50

PRECIPITATION (IN)
  YESTERDAY        0.00          0.02  -0.02     0.00
  MONTH TO DATE    0.71          0.48   0.23     0.00
  SINCE DEC 1      1.22          1.37  -0.15     0.37
  SINCE JAN 1      0.71          0.48   0.23     0.00

......................................................


WIND (MPH)
  HIGHEST WIND SPEED    17   HIGHEST WIND DIRECTION     E (80)
  HIGHEST GUST SPEED    21   HIGHEST GUST DIRECTION    NE (60)
  AVERAGE WIND SPEED     6.0


SKY COVER
  AVERAGE SKY COVER 0.0


WEATHER CONDITIONS
 THE FOLLOWING WEATHER WAS RECORDED YESTERDAY.
  NO SIGNIFICANT WEATHER WAS OBSERVED.


RELATIVE HUMIDITY (PERCENT)
 HIGHEST    81           300 AM
 LOWEST     28           200 PM
 AVERAGE    55

..........................................................


THE DEMING CLIMATE NORMALS FOR TODAY
                         NORMAL
 MAXIMUM TEMPERATURE (F)   59
 MINIMUM TEMPERATURE (F)   29


SUNRISE AND SUNSET
JANUARY 26 2015.......SUNRISE   708 AM MST   SUNSET   539 PM MST
JANUARY 27 2015.......SUNRISE   708 AM MST   SUNSET   540 PM MST


-  INDICATES NEGATIVE NUMBERS.
R  INDICATES RECORD WAS SET OR TIED.
MM INDICATES DATA IS MISSING.
T  INDICATES TRACE AMOUNT.




$$
