172
CDUS45 KEPZ 240926
CLIDMN


CLIMATE REPORT
NATIONAL WEATHER SERVICE EL PASO, TX
325 AM MDT WED AUG 24 2016


...................................

...THE DEMING CLIMATE SUMMARY FOR AUGUST 23 2016...

CLIMATE NORMAL PERIOD 1981 TO 2010
CLIMATE RECORD PERIOD 2000 TO 2016


WEATHER ITEM   OBSERVED TIME   NORMAL DEPARTURE LAST
                VALUE   (LST)  VALUE  FROM      YEAR
                                      NORMAL
......................................................
TEMPERATURE (F)
 YESTERDAY
  MAXIMUM         90    347 PM  91              94
  MINIMUM         63    537 AM  64              65
  AVERAGE         77            77      0       80

PRECIPITATION (IN)
  YESTERDAY        0.00          0.05  -0.05     0.64
  MONTH TO DATE    3.35          1.90   1.45     1.46
  SINCE JUN 1      4.15          4.79  -0.64     5.63
  SINCE JAN 1      5.34          7.20  -1.86     8.26

......................................................


WIND (MPH)
  HIGHEST WIND SPEED    21   HIGHEST WIND DIRECTION     W (260)
  HIGHEST GUST SPEED    27   HIGHEST GUST DIRECTION    SW (240)
  AVERAGE WIND SPEED     7.1


SKY COVER
  AVERAGE SKY COVER 0.1


WEATHER CONDITIONS
 THE FOLLOWING WEATHER WAS RECORDED YESTERDAY.
  NO SIGNIFICANT WEATHER WAS OBSERVED.


RELATIVE HUMIDITY (PERCENT)
 HIGHEST    93           400 AM
 LOWEST     22           500 PM
 AVERAGE    58

..........................................................


THE DEMING CLIMATE NORMALS FOR TODAY
                         NORMAL
 MAXIMUM TEMPERATURE (F)   91
 MINIMUM TEMPERATURE (F)   63


SUNRISE AND SUNSET
AUGUST 24 2016........SUNRISE   641 AM MDT   SUNSET   744 PM MDT
AUGUST 25 2016........SUNRISE   642 AM MDT   SUNSET   743 PM MDT


-  INDICATES NEGATIVE NUMBERS.
R  INDICATES RECORD WAS SET OR TIED.
MM INDICATES DATA IS MISSING.
T  INDICATES TRACE AMOUNT.




$$
