000
CDUS45 KEPZ 030929
CLIDMN


CLIMATE REPORT
NATIONAL WEATHER SERVICE EL PASO, TX
228 AM MST TUE MAR 3 2015


...................................

...THE DEMING CLIMATE SUMMARY FOR MARCH 2 2015...

CLIMATE NORMAL PERIOD 1981 TO 2010
CLIMATE RECORD PERIOD 2000 TO 2015


WEATHER ITEM   OBSERVED TIME   NORMAL DEPARTURE LAST
                VALUE   (LST)  VALUE  FROM      YEAR
                                      NORMAL
......................................................
TEMPERATURE (F)
 YESTERDAY
  MAXIMUM         68   1034 AM  65              MM
  MINIMUM         50    732 AM  33              MM
  AVERAGE         59            49     10       MM

PRECIPITATION (IN)
  YESTERDAY        0.32          0.02   0.30     0.28
  MONTH TO DATE    0.32          0.04   0.28     0.37
  SINCE MAR 1      0.32          0.04   0.28     0.37
  SINCE JAN 1      1.79          1.24   0.55     0.37

......................................................


WIND (MPH)
  HIGHEST WIND SPEED    30   HIGHEST WIND DIRECTION    SW (210)
  HIGHEST GUST SPEED    39   HIGHEST GUST DIRECTION    SW (220)
  AVERAGE WIND SPEED     8.2


SKY COVER
  AVERAGE SKY COVER 0.5


WEATHER CONDITIONS
 THE FOLLOWING WEATHER WAS RECORDED YESTERDAY.
  HEAVY RAIN
  RAIN
  LIGHT RAIN
  FOG
  HAZE


RELATIVE HUMIDITY (PERCENT)
 HIGHEST    77           900 PM
 LOWEST     31          1100 AM
 AVERAGE    54

..........................................................


THE DEMING CLIMATE NORMALS FOR TODAY
                         NORMAL
 MAXIMUM TEMPERATURE (F)   65
 MINIMUM TEMPERATURE (F)   34


SUNRISE AND SUNSET
MARCH  3 2015.........SUNRISE   636 AM MST   SUNSET   610 PM MST
MARCH  4 2015.........SUNRISE   635 AM MST   SUNSET   611 PM MST


-  INDICATES NEGATIVE NUMBERS.
R  INDICATES RECORD WAS SET OR TIED.
MM INDICATES DATA IS MISSING.
T  INDICATES TRACE AMOUNT.




$$
