000
CDUS45 KEPZ 072326
CLIDMN


CLIMATE REPORT
NATIONAL WEATHER SERVICE EL PASO, TX
525 PM MDT TUE JUL 7 2015


...................................

...THE DEMING CLIMATE SUMMARY FOR JULY 7 2015...
VALID TODAY AS OF 0500 PM LOCAL TIME.

CLIMATE NORMAL PERIOD 1981 TO 2010
CLIMATE RECORD PERIOD 2000 TO 2015


WEATHER ITEM   OBSERVED TIME   NORMAL DEPARTURE LAST
                VALUE   (LST)  VALUE  FROM      YEAR
                                      NORMAL
......................................................
TEMPERATURE (F)
 TODAY
  MAXIMUM         92    225 PM  97     -5       93
  MINIMUM         71    602 AM  65      6       64

PRECIPITATION (IN)
  TODAY            T             0.06  -0.06     0.00
  MONTH TO DATE    1.71          0.38   1.33     0.02
  SINCE JUN 1      2.16          1.08   1.08     0.05
  SINCE JAN 1      4.79          3.49   1.30     0.62

......................................................


WIND (MPH)
  HIGHEST WIND SPEED    25   HIGHEST WIND DIRECTION     N (20)
  HIGHEST GUST SPEED    34   HIGHEST GUST DIRECTION     N (10)


SKY COVER
  AVERAGE SKY COVER 0.2


WEATHER CONDITIONS
 THE FOLLOWING WEATHER WAS RECORDED TODAY.
  THUNDERSTORM
  LIGHT RAIN


RELATIVE HUMIDITY (PERCENT)
 HIGHEST    61           100 AM
 LOWEST     32           200 PM
 AVERAGE    47

..........................................................


THE DEMING CLIMATE NORMALS FOR TOMORROW
                         NORMAL
 MAXIMUM TEMPERATURE (F)   97
 MINIMUM TEMPERATURE (F)   65


SUNRISE AND SUNSET
JULY  7 2015..........SUNRISE   610 AM MDT   SUNSET   821 PM MDT
JULY  8 2015..........SUNRISE   611 AM MDT   SUNSET   821 PM MDT


-  INDICATES NEGATIVE NUMBERS.
R  INDICATES RECORD WAS SET OR TIED.
MM INDICATES DATA IS MISSING.
T  INDICATES TRACE AMOUNT.




$$
