000
CDUS43 KEAX 210032
CLIDMO


CLIMATE REPORT
NATIONAL WEATHER SERVICE KANSAS CITY/PLEASANT HILL MO
731 PM CDT MON OCT 20 2014


...................................

...THE SEDALIA MO CLIMATE SUMMARY FOR OCTOBER 20 2014...
VALID TODAY AS OF 0700 PM LOCAL TIME.

CLIMATE NORMAL PERIOD 1981 TO 2010
CLIMATE RECORD PERIOD 9999 TO 9999


WEATHER ITEM   OBSERVED TIME   NORMAL DEPARTURE LAST
                VALUE   (LST)  VALUE  FROM      YEAR
                                      NORMAL
......................................................
TEMPERATURE (F)
 TODAY
  MAXIMUM         76    320 PM  67      9       70
  MINIMUM         54    708 AM  47      7       49
  AVERAGE         65            57      8       60

PRECIPITATION (IN)
  TODAY            0.00          0.13  -0.13     0.00
  MONTH TO DATE    8.62          2.55   6.07     0.98
  SINCE SEP 1     10.43          6.66   3.77     4.54
  SINCE JAN 1     32.00         34.60  -2.60    34.45

DEGREE DAYS
 HEATING
  TODAY            0             9     -9        5
  MONTH TO DATE  121           130     -9      120
  SINCE SEP 1    164           174    -10      139
  SINCE JUL 1    164           175    -11      139

 COOLING
  TODAY            0             1     -1        0
  MONTH TO DATE   13            30    -17       45
  SINCE SEP 1    172           195    -23      267
  SINCE JAN 1   1389          1480    -91     1482
......................................................


WIND (MPH)
  HIGHEST WIND SPEED    13   HIGHEST WIND DIRECTION     N (340)
  HIGHEST GUST SPEED    16   HIGHEST GUST DIRECTION    NW (320)
  AVERAGE WIND SPEED     6.7


SKY COVER
  AVERAGE SKY COVER 0.1


WEATHER CONDITIONS
 THE FOLLOWING WEATHER WAS RECORDED TODAY.
  HAZE


RELATIVE HUMIDITY (PERCENT)
 HIGHEST    93           600 AM
 LOWEST     31           300 PM
 AVERAGE    62

..........................................................


THE SEDALIA MO CLIMATE NORMALS FOR TOMORROW
                         NORMAL
 MAXIMUM TEMPERATURE (F)   67
 MINIMUM TEMPERATURE (F)   47


SUNRISE AND SUNSET
OCTOBER 20 2014.......SUNRISE   727 AM CDT   SUNSET   627 PM CDT
OCTOBER 21 2014.......SUNRISE   728 AM CDT   SUNSET   626 PM CDT


-  INDICATES NEGATIVE NUMBERS.
R  INDICATES RECORD WAS SET OR TIED.
MM INDICATES DATA IS MISSING.
T  INDICATES TRACE AMOUNT.




$$
