000
CDUS43 KEAX 240644
CLIDMO


CLIMATE REPORT
NATIONAL WEATHER SERVICE KANSAS CITY/PLEASANT HILL MO
143 AM CDT TUE OCT 24 2017


...................................

...THE SEDALIA MO CLIMATE SUMMARY FOR OCTOBER 23 2017...

CLIMATE NORMAL PERIOD 1981 TO 2010
CLIMATE RECORD PERIOD 9999 TO 9999


WEATHER ITEM   OBSERVED TIME   NORMAL DEPARTURE LAST
                VALUE   (LST)  VALUE  FROM      YEAR
                                      NORMAL
......................................................
TEMPERATURE (F)
 YESTERDAY
  MAXIMUM         69    208 PM  66      3       76
  MINIMUM         43    700 AM  46     -3       56
  AVERAGE         56            56      0       66

PRECIPITATION (IN)
  YESTERDAY        T             0.10  -0.10     0.00
  MONTH TO DATE    4.39          2.90   1.49     1.78
  SINCE SEP 1      5.41          7.01  -1.60     6.25
  SINCE JAN 1     34.61         34.95  -0.34    30.61

DEGREE DAYS
 HEATING
  YESTERDAY        9            10     -1        0
  MONTH TO DATE   75           158    -83       93
  SINCE SEP 1     79           202   -123       99
  SINCE JUL 1     84           203   -119       99

 COOLING
  YESTERDAY        0             1     -1        1
  MONTH TO DATE   84            33     51       65
  SINCE SEP 1    317           198    119      323
  SINCE JAN 1   1491          1483      8     1736
......................................................


WIND (MPH)
  HIGHEST WIND SPEED    24   HIGHEST WIND DIRECTION    NW (310)
  HIGHEST GUST SPEED    33   HIGHEST GUST DIRECTION    NW (320)
  AVERAGE WIND SPEED    11.7


SKY COVER
  AVERAGE SKY COVER 0.1


WEATHER CONDITIONS
 THE FOLLOWING WEATHER WAS RECORDED YESTERDAY.
  FOG


RELATIVE HUMIDITY (PERCENT)
 HIGHEST   100          1200 AM
 LOWEST     44           800 PM
 AVERAGE    72

..........................................................


THE SEDALIA MO CLIMATE NORMALS FOR TODAY
                         NORMAL
 MAXIMUM TEMPERATURE (F)   66
 MINIMUM TEMPERATURE (F)   46


SUNRISE AND SUNSET
OCTOBER 24 2017.......SUNRISE   731 AM CDT   SUNSET   621 PM CDT
OCTOBER 25 2017.......SUNRISE   732 AM CDT   SUNSET   620 PM CDT


-  INDICATES NEGATIVE NUMBERS.
R  INDICATES RECORD WAS SET OR TIED.
MM INDICATES DATA IS MISSING.
T  INDICATES TRACE AMOUNT.




$$
