000
CDUS43 KEAX 260639
CLIDMO


CLIMATE REPORT
NATIONAL WEATHER SERVICE KANSAS CITY/PLEASANT HILL MO
1238 AM CST MON JAN 26 2015


...................................

...THE SEDALIA MO CLIMATE SUMMARY FOR JANUARY 25 2015...

CLIMATE NORMAL PERIOD 1981 TO 2010
CLIMATE RECORD PERIOD 9999 TO 9999


WEATHER ITEM   OBSERVED TIME   NORMAL DEPARTURE LAST
                VALUE   (LST)  VALUE  FROM      YEAR
                                      NORMAL
......................................................
TEMPERATURE (F)
 YESTERDAY
  MAXIMUM         48   1222 AM  41      7       47
  MINIMUM         33   1159 PM  23     10       23
  AVERAGE         41            32      9       35

PRECIPITATION (IN)
  YESTERDAY        0.13          0.06   0.07     0.00
  MONTH TO DATE    0.52          1.31  -0.79     0.22
  SINCE DEC 1      2.46          3.63  -1.17     1.85
  SINCE JAN 1      0.52          1.31  -0.79     0.22

DEGREE DAYS
 HEATING
  YESTERDAY       24            33     -9       30
  MONTH TO DATE  833           842     -9      948
  SINCE DEC 1   1673          1778   -105     1973
  SINCE JUL 1   2658          2623     35     2922

 COOLING
  YESTERDAY        0             0      0        0
  MONTH TO DATE    0             0      0        0
  SINCE DEC 1      0             0      0        0
  SINCE JAN 1      0             0      0        0
......................................................


WIND (MPH)
  HIGHEST WIND SPEED    26   HIGHEST WIND DIRECTION     N (350)
  HIGHEST GUST SPEED    35   HIGHEST GUST DIRECTION     N (340)
  AVERAGE WIND SPEED    14.9


SKY COVER
  AVERAGE SKY COVER 1.0


WEATHER CONDITIONS
 THE FOLLOWING WEATHER WAS RECORDED YESTERDAY.
  LIGHT RAIN
  LIGHT SNOW
  FOG


RELATIVE HUMIDITY (PERCENT)
 HIGHEST    92           200 PM
 LOWEST     76           700 AM
 AVERAGE    84

..........................................................


THE SEDALIA MO CLIMATE NORMALS FOR TODAY
                         NORMAL
 MAXIMUM TEMPERATURE (F)   41
 MINIMUM TEMPERATURE (F)   23


SUNRISE AND SUNSET
JANUARY 26 2015.......SUNRISE   723 AM CST   SUNSET   527 PM CST
JANUARY 27 2015.......SUNRISE   722 AM CST   SUNSET   528 PM CST


-  INDICATES NEGATIVE NUMBERS.
R  INDICATES RECORD WAS SET OR TIED.
MM INDICATES DATA IS MISSING.
T  INDICATES TRACE AMOUNT.




$$
