695
CDUS43 KEAX 160632
CLIDMO


CLIMATE REPORT
NATIONAL WEATHER SERVICE KANSAS CITY/PLEASANT HILL MO
1232 AM CST MON JAN 16 2017


...................................

...THE SEDALIA MO CLIMATE SUMMARY FOR JANUARY 15 2017...

CLIMATE NORMAL PERIOD 1981 TO 2010
CLIMATE RECORD PERIOD 9999 TO 9999


WEATHER ITEM   OBSERVED TIME   NORMAL DEPARTURE LAST
                VALUE   (LST)  VALUE  FROM      YEAR
                                      NORMAL
......................................................
TEMPERATURE (F)
 YESTERDAY
  MAXIMUM         35   1159 PM  40     -5       50
  MINIMUM         31    705 AM  23      8       26
  AVERAGE         33            31      2       38

PRECIPITATION (IN)
  YESTERDAY        0.38          0.06   0.32      T
  MONTH TO DATE    0.40          0.74  -0.34     0.91
  SINCE DEC 1      1.18          3.06  -1.88     6.11
  SINCE JAN 1      0.40          0.74  -0.34     0.91

DEGREE DAYS
 HEATING
  YESTERDAY       32            34     -2       27
  MONTH TO DATE  533           508     25      475
  SINCE DEC 1   1518          1444     74     1146
  SINCE JUL 1   2025          2289   -264     1791

 COOLING
  YESTERDAY        0             0      0        0
  MONTH TO DATE    0             0      0        0
  SINCE DEC 1      0             0      0        0
  SINCE JAN 1      0             0      0        0
......................................................


WIND (MPH)
  HIGHEST WIND SPEED    13   HIGHEST WIND DIRECTION    SE (120)
  HIGHEST GUST SPEED    16   HIGHEST GUST DIRECTION     E (110)
  AVERAGE WIND SPEED     7.9


SKY COVER
  AVERAGE SKY COVER 1.0


WEATHER CONDITIONS
 THE FOLLOWING WEATHER WAS RECORDED YESTERDAY.
  FREEZING RAIN
  LT FREEZING RAIN
  LIGHT SNOW
  FOG


RELATIVE HUMIDITY (PERCENT)
 HIGHEST   100           300 PM
 LOWEST     89          1000 AM
 AVERAGE    95

..........................................................


THE SEDALIA MO CLIMATE NORMALS FOR TODAY
                         NORMAL
 MAXIMUM TEMPERATURE (F)   40
 MINIMUM TEMPERATURE (F)   23


SUNRISE AND SUNSET
JANUARY 16 2017.......SUNRISE   728 AM CST   SUNSET   516 PM CST
JANUARY 17 2017.......SUNRISE   728 AM CST   SUNSET   518 PM CST


-  INDICATES NEGATIVE NUMBERS.
R  INDICATES RECORD WAS SET OR TIED.
MM INDICATES DATA IS MISSING.
T  INDICATES TRACE AMOUNT.




$$
