000
CDUS43 KEAX 250637
CLIDMO


CLIMATE REPORT
NATIONAL WEATHER SERVICE KANSAS CITY/PLEASANT HILL MO
136 AM CDT SUN SEP 25 2016


...................................

...THE SEDALIA MO CLIMATE SUMMARY FOR SEPTEMBER 24 2016...

CLIMATE NORMAL PERIOD 1981 TO 2010
CLIMATE RECORD PERIOD 9999 TO 9999


WEATHER ITEM   OBSERVED TIME   NORMAL DEPARTURE LAST
                VALUE   (LST)  VALUE  FROM      YEAR
                                      NORMAL
......................................................
TEMPERATURE (F)
 YESTERDAY
  MAXIMUM         90    224 PM  76     14       87
  MINIMUM         67    601 AM  55     12       60
  AVERAGE         79            66     13       74

PRECIPITATION (IN)
  YESTERDAY        0.02          0.13  -0.11     0.00
  MONTH TO DATE    4.47          3.36   1.11     0.96
  SINCE SEP 1      4.47          3.36   1.11     0.96
  SINCE JAN 1     28.83         31.30  -2.47    29.19

DEGREE DAYS
 HEATING
  YESTERDAY        0             3     -3        0
  MONTH TO DATE    0            21    -21        8
  SINCE SEP 1      0            21    -21        8
  SINCE JUL 1      0            22    -22        8

 COOLING
  YESTERDAY       14             3     11        9
  MONTH TO DATE  250           147    103      237
  SINCE SEP 1    250           147    103      237
  SINCE JAN 1   1663          1432    231     1476
......................................................


WIND (MPH)
  HIGHEST WIND SPEED    16   HIGHEST WIND DIRECTION    SE (150)
  HIGHEST GUST SPEED    26   HIGHEST GUST DIRECTION    SE (150)
  AVERAGE WIND SPEED     7.5


SKY COVER
  AVERAGE SKY COVER 0.2


WEATHER CONDITIONS
 THE FOLLOWING WEATHER WAS RECORDED YESTERDAY.
  LIGHT RAIN
  HAZE


RELATIVE HUMIDITY (PERCENT)
 HIGHEST    93           500 AM
 LOWEST     52           200 PM
 AVERAGE    73

..........................................................


THE SEDALIA MO CLIMATE NORMALS FOR TODAY
                         NORMAL
 MAXIMUM TEMPERATURE (F)   76
 MINIMUM TEMPERATURE (F)   55


SUNRISE AND SUNSET
SEPTEMBER 25 2016.....SUNRISE   703 AM CDT   SUNSET   704 PM CDT
SEPTEMBER 26 2016.....SUNRISE   704 AM CDT   SUNSET   702 PM CDT


-  INDICATES NEGATIVE NUMBERS.
R  INDICATES RECORD WAS SET OR TIED.
MM INDICATES DATA IS MISSING.
T  INDICATES TRACE AMOUNT.




$$
