000
CDUS43 KEAX 230032
CLIDMO


CLIMATE REPORT
NATIONAL WEATHER SERVICE KANSAS CITY/PLEASANT HILL MO
632 PM CST MON JAN 22 2018


...................................

...THE SEDALIA MO CLIMATE SUMMARY FOR JANUARY 22 2018...
VALID TODAY AS OF 0600 PM LOCAL TIME.

CLIMATE NORMAL PERIOD 1981 TO 2010
CLIMATE RECORD PERIOD 9999 TO 9999


WEATHER ITEM   OBSERVED TIME   NORMAL DEPARTURE LAST
                VALUE   (LST)  VALUE  FROM      YEAR
                                      NORMAL
......................................................
TEMPERATURE (F)
 TODAY
  MAXIMUM         58   1240 AM  40     18       49
  MINIMUM         36    559 PM  23     13       37
  AVERAGE         47            32     15       43

PRECIPITATION (IN)
  TODAY            0.02          0.05  -0.03     0.30
  MONTH TO DATE    0.93          1.14  -0.21     0.99
  SINCE DEC 1      1.24          3.46  -2.22     1.77
  SINCE JAN 1      0.93          1.14  -0.21     0.99

DEGREE DAYS
 HEATING
  TODAY           18            33    -15       22
  MONTH TO DATE  829           743     86      662
  SINCE DEC 1   1745          1679     66     1647
  SINCE JUL 1   2502          2524    -22     2154

 COOLING
  TODAY            0             0      0        0
  MONTH TO DATE    0             0      0        0
  SINCE DEC 1      0             0      0        0
  SINCE JAN 1      0             0      0        0
......................................................


WIND (MPH)
  HIGHEST WIND SPEED    29   HIGHEST WIND DIRECTION    SW (210)
  HIGHEST GUST SPEED    37   HIGHEST GUST DIRECTION    SW (240)
  AVERAGE WIND SPEED    17.2


SKY COVER
  AVERAGE SKY COVER 0.6


WEATHER CONDITIONS
 THE FOLLOWING WEATHER WAS RECORDED TODAY.
  LIGHT RAIN


RELATIVE HUMIDITY (PERCENT)
 HIGHEST    93          1200 AM
 LOWEST     70           700 AM
 AVERAGE    82

..........................................................


THE SEDALIA MO CLIMATE NORMALS FOR TOMORROW
                         NORMAL
 MAXIMUM TEMPERATURE (F)   41
 MINIMUM TEMPERATURE (F)   23


SUNRISE AND SUNSET
JANUARY 22 2018.......SUNRISE   726 AM CST   SUNSET   523 PM CST
JANUARY 23 2018.......SUNRISE   725 AM CST   SUNSET   524 PM CST


-  INDICATES NEGATIVE NUMBERS.
R  INDICATES RECORD WAS SET OR TIED.
MM INDICATES DATA IS MISSING.
T  INDICATES TRACE AMOUNT.




$$
