000
CDUS42 KCAE 260603
CLIDNL


CLIMATE REPORT
NATIONAL WEATHER SERVICE COLUMBIA SC
203 AM EDT SUN OCT 26 2014


...................................

...THE AUGUSTA DANIEL FIELD GA CLIMATE SUMMARY FOR OCTOBER 25 2014...

CLIMATE NORMAL PERIOD 1981 TO 2010
CLIMATE RECORD PERIOD 9999 TO 9999


WEATHER ITEM   OBSERVED TIME   RECORD YEAR NORMAL DEPARTURE LAST
                VALUE   (LST)  VALUE       VALUE  FROM      YEAR
                                                  NORMAL
..................................................................
TEMPERATURE (F)
 YESTERDAY
  MAXIMUM         78    327 PM  MM      MM  73      5       60
  MINIMUM         50    610 AM  MM      MM  53     -3       45
  AVERAGE         64                        63      1       53

PRECIPITATION (IN)
  YESTERDAY        0.00         MM      MM   0.07  -0.07     0.00
  MONTH TO DATE    0.99                      2.77  -1.78     0.87
  SINCE SEP 1      5.03                      6.14  -1.11     2.27
  SINCE JAN 1     33.52                     39.30  -5.78    51.34

DEGREE DAYS
 HEATING
  YESTERDAY        1                         4     -3       12
  MONTH TO DATE   25                        49    -24       33
  SINCE SEP 1     28                        52    -24       33
  SINCE JUL 1     28                        52    -24       33

 COOLING
  YESTERDAY        0                         2     -2        0
  MONTH TO DATE  141                        96     45      117
  SINCE SEP 1    523                       416    107      461
  SINCE JAN 1   2594                      2227    367     2063
..................................................................


WIND (MPH)
  HIGHEST WIND SPEED    10   HIGHEST WIND DIRECTION    NW (300)
  HIGHEST GUST SPEED    13   HIGHEST GUST DIRECTION    NW (320)
  AVERAGE WIND SPEED     3.2


SKY COVER
  AVERAGE SKY COVER 0.0


WEATHER CONDITIONS
 THE FOLLOWING WEATHER WAS RECORDED YESTERDAY.
  NO SIGNIFICANT WEATHER WAS OBSERVED.


RELATIVE HUMIDITY (PERCENT)
 HIGHEST    89           400 AM
 LOWEST     23           400 PM

..........................................................


THE AUGUSTA DANIEL FIELD GA CLIMATE NORMALS FOR TODAY
                         NORMAL    RECORD    YEAR
 MAXIMUM TEMPERATURE (F)   73        MM        MM
 MINIMUM TEMPERATURE (F)   53        MM        MM


SUNRISE AND SUNSET
OCTOBER 26 2014.......SUNRISE   742 AM EDT   SUNSET   642 PM EDT
OCTOBER 27 2014.......SUNRISE   743 AM EDT   SUNSET   641 PM EDT


-  INDICATES NEGATIVE NUMBERS.
R  INDICATES RECORD WAS SET OR TIED.
MM INDICATES DATA IS MISSING.
T  INDICATES TRACE AMOUNT.




$$
