000
CDUS42 KCAE 240630
CLIDNL


CLIMATE REPORT
NATIONAL WEATHER SERVICE COLUMBIA SC
230 AM EDT WED MAY 24 2017


...................................

...THE AUGUSTA DANIEL FIELD GA CLIMATE SUMMARY FOR MAY 23 2017...

CLIMATE NORMAL PERIOD 1981 TO 2010
CLIMATE RECORD PERIOD 9999 TO 9999


WEATHER ITEM   OBSERVED TIME   NORMAL DEPARTURE LAST
                VALUE   (LST)  VALUE  FROM      YEAR
                                      NORMAL
......................................................
TEMPERATURE (F)
 YESTERDAY
  MAXIMUM         72   1230 PM  85    -13       83
  MINIMUM         69   1159 PM  65      4       57
  AVERAGE         71            75     -4       70

PRECIPITATION (IN)
  YESTERDAY        0.51          0.12   0.39     0.00
  MONTH TO DATE    2.41          2.07   0.34     3.03
  SINCE MAR 1      6.66          9.33  -2.67     8.26
  SINCE JAN 1     19.02         17.57   1.45    12.87

DEGREE DAYS
 HEATING
  YESTERDAY        0             0      0        0
  MONTH TO DATE    6             8     -2        7
  SINCE MAR 1    238           354   -116      162
  SINCE JUL 1   1245          2167   -922     1463

 COOLING
  YESTERDAY        6            10     -4        5
  MONTH TO DATE  238           167     71      191
  SINCE MAR 1    519           264    255      418
  SINCE JAN 1    553           268    285      424
......................................................


WIND (MPH)
  HIGHEST WIND SPEED     8   HIGHEST WIND DIRECTION     W (270)
  HIGHEST GUST SPEED    14   HIGHEST GUST DIRECTION     W (280)
  AVERAGE WIND SPEED     2.3


SKY COVER
  AVERAGE SKY COVER 1.0


WEATHER CONDITIONS
 THE FOLLOWING WEATHER WAS RECORDED YESTERDAY.
  HEAVY RAIN
  RAIN
  LIGHT RAIN
  FOG
  HAZE


RELATIVE HUMIDITY (PERCENT)
 HIGHEST    90          1200 AM
 LOWEST     79           100 PM

..........................................................


THE AUGUSTA DANIEL FIELD GA CLIMATE NORMALS FOR TODAY
                         NORMAL    RECORD    YEAR
 MAXIMUM TEMPERATURE (F)   85        MM        MM
 MINIMUM TEMPERATURE (F)   65        MM        MM


SUNRISE AND SUNSET
MAY 24 2017...........SUNRISE   622 AM EDT   SUNSET   828 PM EDT
MAY 25 2017...........SUNRISE   622 AM EDT   SUNSET   829 PM EDT


-  INDICATES NEGATIVE NUMBERS.
R  INDICATES RECORD WAS SET OR TIED.
MM INDICATES DATA IS MISSING.
T  INDICATES TRACE AMOUNT.




$$
