000
CDUS42 KCAE 162238
CLIDNL


CLIMATE REPORT
NATIONAL WEATHER SERVICE COLUMBIA SC
538 PM EST SAT DEC 16 2017


...................................

...THE AUGUSTA DANIEL FIELD GA CLIMATE SUMMARY FOR DECEMBER 16 2017...
VALID TODAY AS OF 0500 PM LOCAL TIME.

CLIMATE NORMAL PERIOD 1981 TO 2010
CLIMATE RECORD PERIOD 9999 TO 9999


WEATHER ITEM   OBSERVED TIME   NORMAL DEPARTURE LAST
                VALUE   (LST)  VALUE  FROM      YEAR
                                      NORMAL
......................................................
TEMPERATURE (F)
 TODAY
  MAXIMUM         54    351 PM  58     -4       41
  MINIMUM         30    754 AM  39     -9       31
  AVERAGE         42            48     -6

PRECIPITATION (IN)
  TODAY            0.00          0.12  -0.12      T
  MONTH TO DATE    1.73          2.07  -0.34     2.87
  SINCE DEC 1      1.73          2.07  -0.34     2.87
  SINCE JAN 1     38.59         45.00  -6.41    35.15

DEGREE DAYS
 HEATING
  TODAY           23            17      6       29
  MONTH TO DATE  219           238    -19      242
  SINCE DEC 1    219           238    -19      242
  SINCE JUL 1    481           572    -91      411

 COOLING
  TODAY            0             0      0        0
  MONTH TO DATE    3             0      3        0
  SINCE DEC 1      3             0      3        0
  SINCE JAN 1   2979          2256    723     3074
......................................................


WIND (MPH)
  HIGHEST WIND SPEED    12   HIGHEST WIND DIRECTION    NW (310)
  HIGHEST GUST SPEED    16   HIGHEST GUST DIRECTION    NW (320)
  AVERAGE WIND SPEED     3.0


SKY COVER
  AVERAGE SKY COVER 0.0


WEATHER CONDITIONS
 THE FOLLOWING WEATHER WAS RECORDED TODAY.
  NO SIGNIFICANT WEATHER WAS OBSERVED.


RELATIVE HUMIDITY (PERCENT)
 HIGHEST    78           600 AM
 LOWEST     35           200 PM

..........................................................


THE AUGUSTA DANIEL FIELD GA CLIMATE NORMALS FOR TOMORROW
                         NORMAL
 MAXIMUM TEMPERATURE (F)   58
 MINIMUM TEMPERATURE (F)   39


SUNRISE AND SUNSET
DECEMBER 16 2017......SUNRISE   726 AM EST   SUNSET   522 PM EST
DECEMBER 17 2017......SUNRISE   726 AM EST   SUNSET   523 PM EST


-  INDICATES NEGATIVE NUMBERS.
R  INDICATES RECORD WAS SET OR TIED.
MM INDICATES DATA IS MISSING.
T  INDICATES TRACE AMOUNT.




$$
