000
CDUS42 KCAE 022128
CLIDNL


CLIMATE REPORT
NATIONAL WEATHER SERVICE COLUMBIA SC
527 PM EDT MON MAY 2 2016


...................................

...THE AUGUSTA DANIEL FIELD GA CLIMATE SUMMARY FOR MAY 2 2016...
VALID TODAY AS OF 0500 PM LOCAL TIME.

CLIMATE NORMAL PERIOD 1981 TO 2010


WEATHER ITEM   OBSERVED TIME   NORMAL DEPARTURE LAST
                VALUE   (LST)  VALUE  FROM      YEAR
                                      NORMAL
......................................................
TEMPERATURE (F)
 TODAY
  MAXIMUM         89   1205 PM  80      9       78
  MINIMUM         67    547 AM  58      9       54
  AVERAGE         78            69      9

PRECIPITATION (IN)
  TODAY            0.33          0.06   0.27     0.00
  MONTH TO DATE    0.33          0.11   0.22     0.00
  SINCE MAR 1      5.56          7.37  -1.81     6.06
  SINCE JAN 1     10.17         15.61  -5.44    10.99

DEGREE DAYS
 HEATING
  TODAY            0             1     -1        0
  MONTH TO DATE    0             2     -2        2
  SINCE MAR 1    155           348   -193      181
  SINCE JUL 1   1456          2161   -705     2036

 COOLING
  TODAY           13             5      8        1
  MONTH TO DATE   29            10     19        1
  SINCE MAR 1    256           107    149      192
  SINCE JAN 1    262           111    151      192
......................................................


WIND (MPH)
  HIGHEST WIND SPEED    18   HIGHEST WIND DIRECTION     S (170)
  HIGHEST GUST SPEED    23   HIGHEST GUST DIRECTION     S (190)
  AVERAGE WIND SPEED     5.9


SKY COVER
  AVERAGE SKY COVER 0.3


WEATHER CONDITIONS
 THE FOLLOWING WEATHER WAS RECORDED TODAY.
  HEAVY RAIN
  RAIN
  LIGHT RAIN
  HAZE


RELATIVE HUMIDITY (PERCENT)
 HIGHEST    87           400 AM
 LOWEST     50          1200 PM

..........................................................


THE AUGUSTA DANIEL FIELD GA CLIMATE NORMALS FOR TOMORROW
                         NORMAL
 MAXIMUM TEMPERATURE (F)   80
 MINIMUM TEMPERATURE (F)   58


SUNRISE AND SUNSET
MAY  2 2016...........SUNRISE   638 AM EDT   SUNSET   812 PM EDT
MAY  3 2016...........SUNRISE   637 AM EDT   SUNSET   813 PM EDT


-  INDICATES NEGATIVE NUMBERS.
R  INDICATES RECORD WAS SET OR TIED.
MM INDICATES DATA IS MISSING.
T  INDICATES TRACE AMOUNT.




$$
