000
CDUS43 KLOT 060650
CLIDPA


CLIMATE REPORT
NATIONAL WEATHER SERVICE CHICAGO IL
150 AM CDT MON JUL 6 2015


...................................

...THE DU PAGE  AIRPORT CLIMATE SUMMARY FOR JULY 5 2015...

CLIMATE NORMAL PERIOD 1981 TO 2010
CLIMATE RECORD PERIOD 1997 TO 2015


WEATHER ITEM   OBSERVED TIME   RECORD YEAR NORMAL DEPARTURE LAST
                VALUE   (LST)  VALUE       VALUE  FROM      YEAR
                                                  NORMAL
..................................................................
TEMPERATURE (F)
 YESTERDAY
  MAXIMUM         82    342 PM  99    2012  85     -3       77
  MINIMUM         59    503 AM  50    2008  63     -4       58
                                      1997
  AVERAGE         71                        74     -3       68

PRECIPITATION (IN)
  YESTERDAY        0.00          0.49        0.07  -0.07     0.03
  MONTH TO DATE    0.00                      0.36  -0.36     0.31
  SINCE JUN 1      8.01                      4.25   3.76     7.25
  SINCE JAN 1     19.00                     17.27   1.73    14.89

SNOWFALL (IN)
  YESTERDAY        0.0
  MONTH TO DATE    0.0
  SINCE JUL 1      0.0

DEGREE DAYS
 HEATING
  YESTERDAY        0                         0      0        0
  MONTH TO DATE    9                         0      9        2
  SINCE JUN 1     43                        36      7       20
  SINCE JUL 1      9                         0      9        2

 COOLING
  YESTERDAY        6                         9     -3        3
  MONTH TO DATE   10                        45    -35       15
  SINCE JUN 1    130                       223    -93      224
  SINCE JAN 1    184                       269    -85      293
..................................................................


WIND (MPH)
  RESULTANT WIND SPEED   4   RESULTANT WIND DIRECTION   S (190)
  HIGHEST WIND SPEED    13   HIGHEST WIND DIRECTION     S (180)
  HIGHEST GUST SPEED    16   HIGHEST GUST DIRECTION     S (190)
  AVERAGE WIND SPEED     4.6



WEATHER CONDITIONS
 THE FOLLOWING WEATHER WAS RECORDED YESTERDAY.
  FOG
  FOG W/VISIBILITY <= 1/4 MILE
  HAZE


..........................................................


THE DU PAGE  AIRPORT CLIMATE NORMALS FOR TODAY
                         NORMAL    RECORD    YEAR
 MAXIMUM TEMPERATURE (F)   85       100      2012
 MINIMUM TEMPERATURE (F)   63        49      2001


SUNRISE AND SUNSET
JULY  6 2015..........SUNRISE   524 AM CDT   SUNSET   831 PM CDT
JULY  7 2015..........SUNRISE   525 AM CDT   SUNSET   831 PM CDT


-  INDICATES NEGATIVE NUMBERS.
R  INDICATES RECORD WAS SET OR TIED.
MM INDICATES DATA IS MISSING.
T  INDICATES TRACE AMOUNT.




$$
