000
CDUS45 KGJT 260727
CLIDRO


CLIMATE REPORT
NATIONAL WEATHER SERVICE GRAND JUNCTION CO
124 AM MDT TUE SEP 26 2017


...................................

...THE DURANGO AIRPORT CO CLIMATE SUMMARY FOR SEPTEMBER 25 2017...

CLIMATE NORMAL PERIOD 1981 TO 2010
CLIMATE RECORD PERIOD 9999 TO 9999


WEATHER ITEM   OBSERVED TIME   RECORD YEAR NORMAL DEPARTURE LAST
                VALUE   (LST)  VALUE       VALUE  FROM      YEAR
                                                  NORMAL
..................................................................
TEMPERATURE (F)
 YESTERDAY
  MAXIMUM         64    231 PM  MM      MM  72     -8       70
  MINIMUM         24    617 AM  MM      MM  39    -15       32
  AVERAGE         44                        55    -11       51

PRECIPITATION (IN)
  YESTERDAY        0.00         MM      MM   0.06  -0.06     0.00
  MONTH TO DATE    0.48                      1.67  -1.19     1.01
  SINCE SEP 1      0.48                      1.67  -1.19     1.01
  SINCE JAN 1      8.19                     11.64  -3.45     8.12

SNOWFALL (IN)
  YESTERDAY       MM            MM      MM  MM     MM       MM
  MONTH TO DATE   MM                        MM     MM       MM
  SINCE SEP 1     MM                        MM     MM       MM
  SINCE JUL 1     MM                        MM     MM       MM
  SNOW DEPTH      MM

DEGREE DAYS
 HEATING
  YESTERDAY       21                        10     11       14
  MONTH TO DATE  118                       139    -21      151
  SINCE SEP 1    118                       139    -21      151
  SINCE JUL 1    129                       168    -39      198

 COOLING
  YESTERDAY        0                         0      0        0
  MONTH TO DATE   42                         3     39        6
  SINCE SEP 1     42                         3     39        6
  SINCE JAN 1    351                       240    111      319
..................................................................


WIND (MPH)
  HIGHEST WIND SPEED    16   HIGHEST WIND DIRECTION     W (260)
  HIGHEST GUST SPEED    19   HIGHEST GUST DIRECTION    SW (240)
  AVERAGE WIND SPEED     3.6


SKY COVER
  POSSIBLE SUNSHINE  MM
  AVERAGE SKY COVER 0.0


WEATHER CONDITIONS
 THE FOLLOWING WEATHER WAS RECORDED YESTERDAY.
  NO SIGNIFICANT WEATHER WAS OBSERVED.


RELATIVE HUMIDITY (PERCENT)
 HIGHEST    81           400 AM
 LOWEST     11          1200 PM
 AVERAGE    46

..........................................................


THE DURANGO AIRPORT CO CLIMATE NORMALS FOR TODAY
                         NORMAL    RECORD    YEAR
 MAXIMUM TEMPERATURE (F)   72        MM        MM
 MINIMUM TEMPERATURE (F)   38        MM        MM


SUNRISE AND SUNSET
SEPTEMBER 26 2017.....SUNRISE   702 AM MDT   SUNSET   701 PM MDT
SEPTEMBER 27 2017.....SUNRISE   703 AM MDT   SUNSET   700 PM MDT


-  INDICATES NEGATIVE NUMBERS.
R  INDICATES RECORD WAS SET OR TIED.
MM INDICATES DATA IS MISSING.
T  INDICATES TRACE AMOUNT.




$$
