000
CDUS45 KGJT 232333
CLIDRO


CLIMATE REPORT
NATIONAL WEATHER SERVICE GRAND JUNCTION CO
527 PM MDT SUN JUL 23 2017


...................................

...THE DURANGO AIRPORT CO CLIMATE SUMMARY FOR JULY 23 2017...
VALID TODAY AS OF 0500 PM LOCAL TIME.

CLIMATE NORMAL PERIOD 1981 TO 2010
CLIMATE RECORD PERIOD 9999 TO 9999


WEATHER ITEM   OBSERVED TIME   RECORD YEAR NORMAL DEPARTURE LAST
                VALUE   (LST)  VALUE       VALUE  FROM      YEAR
                                                  NORMAL
..................................................................
TEMPERATURE (F)
 TODAY
  MAXIMUM         84    147 PM  MM      MM  86     -2       91
  MINIMUM         57    443 AM  MM      MM  53      4       58
  AVERAGE         71                        70      1       75

PRECIPITATION (IN)
  TODAY            0.00         MM      MM   0.08  -0.08     0.06
  MONTH TO DATE    0.72                      1.11  -0.39     1.48
  SINCE JUN 1      0.73                      1.75  -1.02     1.84
  SINCE JAN 1      6.18                      7.18  -1.00     5.08

SNOWFALL (IN)
  TODAY           MM            MM      MM  MM     MM       MM
  MONTH TO DATE   MM                        MM     MM       MM
  SINCE JUN 1     MM                        MM     MM       MM
  SINCE JUL 1     MM                        MM     MM       MM
  SNOW DEPTH      MM

DEGREE DAYS
 HEATING
  TODAY            0                         0      0        0
  MONTH TO DATE    0                         8     -8        5
  SINCE JUN 1     57                       123    -66       42
  SINCE JUL 1      0                         8     -8        5

 COOLING
  TODAY            6                         5      1       10
  MONTH TO DATE  134                        85     49       90
  SINCE JUN 1    203                       113     90      191
  SINCE JAN 1    203                       114     89      191
..................................................................


WIND (MPH)
  HIGHEST WIND SPEED    29   HIGHEST WIND DIRECTION    NE (30)
  HIGHEST GUST SPEED    35   HIGHEST GUST DIRECTION     N (20)
  AVERAGE WIND SPEED     5.1


SKY COVER
  POSSIBLE SUNSHINE  MM
  AVERAGE SKY COVER 0.3


WEATHER CONDITIONS
 THE FOLLOWING WEATHER WAS RECORDED TODAY.
  THUNDERSTORM


RELATIVE HUMIDITY (PERCENT)
 HIGHEST    80           100 AM
 LOWEST     26           200 PM
 AVERAGE    53

..........................................................


THE DURANGO AIRPORT CO CLIMATE NORMALS FOR TOMORROW
                         NORMAL    RECORD    YEAR
 MAXIMUM TEMPERATURE (F)   86        MM        MM
 MINIMUM TEMPERATURE (F)   53        MM        MM


SUNRISE AND SUNSET
JULY 23 2017..........SUNRISE   609 AM MDT   SUNSET   826 PM MDT
JULY 24 2017..........SUNRISE   610 AM MDT   SUNSET   825 PM MDT


-  INDICATES NEGATIVE NUMBERS.
R  INDICATES RECORD WAS SET OR TIED.
MM INDICATES DATA IS MISSING.
T  INDICATES TRACE AMOUNT.




$$
