000
CDUS44 KEWX 272331
CLIDRT


CLIMATE REPORT
NATIONAL WEATHER SERVICE AUSTIN/SAN ANTONIO, TX
630 PM CDT FRI MAR 27 2015


...................................

...THE DEL RIO CLIMATE SUMMARY FOR MARCH 27 2015...
VALID TODAY AS OF 630 PM LOCAL TIME.

CLIMATE NORMAL PERIOD 1981 TO 2010
CLIMATE RECORD PERIOD 1906 TO 2015


WEATHER ITEM   OBSERVED TIME   RECORD YEAR NORMAL DEPARTURE LAST
                VALUE   (LST)  VALUE       VALUE  FROM      YEAR
                                                  NORMAL
..................................................................
TEMPERATURE (F)
 TODAY
  MAXIMUM         81    512 PM  97    1956  79      2       87
  MINIMUM         43    706 AM  31    1913  55    -12       61
  AVERAGE         62                        67     -5       74

PRECIPITATION (IN)
  TODAY            0.00          1.64 1999   0.03  -0.03     0.02
  MONTH TO DATE    2.21                      1.02   1.19     0.32
  SINCE MAR 1      2.21                      1.02   1.19     0.32
  SINCE JAN 1      3.20                      2.62   0.58     0.54

SNOWFALL (IN)
  TODAY            0.0
  MONTH TO DATE    0.0
  SINCE MAR 1      0.0
  SINCE JUL 1      0.0
  SNOW DEPTH      MM

DEGREE DAYS
 HEATING
  TODAY            3                         2      1        0
  MONTH TO DATE  138                       105     33      134
  SINCE MAR 1    138                       105     33      134
  SINCE JUL 1   1465                      1341    124     1541

 COOLING
  TODAY            0                         4     -4        9
  MONTH TO DATE   45                        70    -25       50
  SINCE MAR 1     45                        70    -25       50
  SINCE JAN 1     60                        89    -29       95
..................................................................


WIND (MPH)
  HIGHEST WIND SPEED    14   HIGHEST WIND DIRECTION     S (160)
  HIGHEST GUST SPEED    25   HIGHEST GUST DIRECTION     S (160)
  AVERAGE WIND SPEED     2.2



WEATHER CONDITIONS
 THE FOLLOWING WEATHER WAS RECORDED TODAY.
  NO SIGNIFICANT WEATHER WAS OBSERVED.


RELATIVE HUMIDITY (PERCENT)
 HIGHEST    86           800 AM
 LOWEST     18           300 PM
 AVERAGE    52

..........................................................


THE DEL RIO CLIMATE NORMALS FOR TOMORROW
                         NORMAL    RECORD    YEAR
 MAXIMUM TEMPERATURE (F)   79       103      1928
 MINIMUM TEMPERATURE (F)   55        27      1955


SUNRISE AND SUNSET
MARCH 27 2015.........SUNRISE   739 AM CDT   SUNSET   759 PM CDT
MARCH 28 2015.........SUNRISE   738 AM CDT   SUNSET   800 PM CDT


-  INDICATES NEGATIVE NUMBERS.
R  INDICATES RECORD WAS SET OR TIED.
MM INDICATES DATA IS MISSING.
T  INDICATES TRACE AMOUNT.




$$
