000
CDUS44 KEWX 042228
CLIDRT


CLIMATE REPORT
NATIONAL WEATHER SERVICE AUSTIN/SAN ANTONIO, TX
528 PM CDT TUE AUG 4 2015


...................................

...THE DEL RIO CLIMATE SUMMARY FOR AUGUST 4 2015...
VALID TODAY AS OF 0528 PM LOCAL TIME.

CLIMATE NORMAL PERIOD 1981 TO 2010
CLIMATE RECORD PERIOD 1906 TO 2015


WEATHER ITEM   OBSERVED TIME   RECORD YEAR NORMAL DEPARTURE LAST
                VALUE   (LST)  VALUE       VALUE  FROM      YEAR
                                                  NORMAL
..................................................................
TEMPERATURE (F)
 TODAY
  MAXIMUM        102    424 PM 104    2011  98      4       98
                                      1998
  MINIMUM         77    507 AM  67    1973  76      1       76
                                      1970
  AVERAGE         90                        87      3       87

PRECIPITATION (IN)
  TODAY            0.00          2.20 1939   0.05  -0.05     0.00
  MONTH TO DATE    T                         0.20  -0.20     0.67
  SINCE JUN 1      3.52                      4.33  -0.81     5.71
  SINCE JAN 1     18.60                     11.53   7.07     7.06

SNOWFALL (IN)
  TODAY            0.0
  MONTH TO DATE    0.0
  SINCE JUN 1      0.0
  SINCE JUL 1      0.0
  SNOW DEPTH       0

DEGREE DAYS
 HEATING
  TODAY            0                         0      0        0
  MONTH TO DATE    0                         0      0        0
  SINCE JUN 1      0                         0      0        0
  SINCE JUL 1      0                         0      0        0

 COOLING
  TODAY           25                        22      3       22
  MONTH TO DATE   95                        88      7       76
  SINCE JUN 1   1261                      1307    -46     1399
  SINCE JAN 1   1941                      2066   -125     2249
..................................................................


WIND (MPH)
  HIGHEST WIND SPEED    15   HIGHEST WIND DIRECTION    SE (150)
  HIGHEST GUST SPEED    20   HIGHEST GUST DIRECTION    SE (140)
  AVERAGE WIND SPEED     8.7



WEATHER CONDITIONS
 THE FOLLOWING WEATHER WAS RECORDED TODAY.
  NO SIGNIFICANT WEATHER WAS OBSERVED.


RELATIVE HUMIDITY (PERCENT)
 HIGHEST    79           600 AM
 LOWEST     27           400 PM
 AVERAGE    53

..........................................................


THE DEL RIO CLIMATE NORMALS FOR TOMORROW
                         NORMAL    RECORD    YEAR
 MAXIMUM TEMPERATURE (F)   98       105      1951
 MINIMUM TEMPERATURE (F)   76        68      1908


SUNRISE AND SUNSET
AUGUST  4 2015........SUNRISE   705 AM CDT   SUNSET   834 PM CDT
AUGUST  5 2015........SUNRISE   706 AM CDT   SUNSET   833 PM CDT


-  INDICATES NEGATIVE NUMBERS.
R  INDICATES RECORD WAS SET OR TIED.
MM INDICATES DATA IS MISSING.
T  INDICATES TRACE AMOUNT.




$$
