000
CDUS44 KEWX 180738
CLIDRT


CLIMATE REPORT
NATIONAL WEATHER SERVICE AUSTIN/SAN ANTONIO, TX
136 AM CST SUN FEB 18 2018


...................................

...THE DEL RIO CLIMATE SUMMARY FOR FEBRUARY 17 2018...

CLIMATE NORMAL PERIOD 1981 TO 2010
CLIMATE RECORD PERIOD 1906 TO 2018


WEATHER ITEM   OBSERVED TIME   RECORD YEAR NORMAL DEPARTURE LAST
                VALUE   (LST)  VALUE       VALUE  FROM      YEAR
                                                  NORMAL
..................................................................
TEMPERATURE (F)
 YESTERDAY
  MAXIMUM         83    552 PM  95    1959  69     14       80
  MINIMUM         54    855 AM  20    1910  46      8       46
  AVERAGE         69                        57     12       63

PRECIPITATION (IN)
  YESTERDAY        0.00          1.60 1911   0.03  -0.03     0.00
  MONTH TO DATE    0.04                      0.51  -0.47     0.62
  SINCE DEC 1      1.78                      1.88  -0.10     3.29
  SINCE JAN 1      0.04                      1.23  -1.19     0.81

SNOWFALL (IN)
  YESTERDAY        0.0
  MONTH TO DATE    T
  SINCE DEC 1      T
  SINCE JUL 1      T

DEGREE DAYS
 HEATING
  YESTERDAY        0                         8     -8        2
  MONTH TO DATE  139                       168    -29       88
  SINCE DEC 1   1045                       961     84      711
  SINCE JUL 1   1196                      1158     38      780

 COOLING
  YESTERDAY        4                         1      3        0
  MONTH TO DATE    5                         1      4       15
  SINCE DEC 1     15                         7      8       43
  SINCE JAN 1      5                         4      1       31
..................................................................


WIND (MPH)
  HIGHEST WIND SPEED    17   HIGHEST WIND DIRECTION     N (360)
  HIGHEST GUST SPEED    22   HIGHEST GUST DIRECTION     N (360)
  AVERAGE WIND SPEED     5.5


SKY COVER
  AVERAGE SKY COVER 0.4


WEATHER CONDITIONS
 THE FOLLOWING WEATHER WAS RECORDED YESTERDAY.
  NO SIGNIFICANT WEATHER WAS OBSERVED.


RELATIVE HUMIDITY (PERCENT)
 HIGHEST    81          1100 PM
 LOWEST     31           600 PM
 AVERAGE    56

..........................................................


THE DEL RIO CLIMATE NORMALS FOR TODAY
                         NORMAL    RECORD    YEAR
 MAXIMUM TEMPERATURE (F)   69        97      1986
 MINIMUM TEMPERATURE (F)   46        20      1910


SUNRISE AND SUNSET
FEBRUARY 18 2018......SUNRISE   720 AM CST   SUNSET   635 PM CST
FEBRUARY 19 2018......SUNRISE   719 AM CST   SUNSET   636 PM CST


-  INDICATES NEGATIVE NUMBERS.
R  INDICATES RECORD WAS SET OR TIED.
MM INDICATES DATA IS MISSING.
T  INDICATES TRACE AMOUNT.




$$
