000
CDUS44 KEWX 202252
CLIDRT


CLIMATE REPORT
NATIONAL WEATHER SERVICE AUSTIN/SAN ANTONIO, TX
552 PM CDT WED SEP 20 2017


...................................

...THE DEL RIO CLIMATE SUMMARY FOR SEPTEMBER 20 2017...
VALID TODAY AS OF 0500 PM LOCAL TIME.

CLIMATE NORMAL PERIOD 1981 TO 2010
CLIMATE RECORD PERIOD 1906 TO 2017


WEATHER ITEM   OBSERVED TIME   RECORD YEAR NORMAL DEPARTURE LAST
                VALUE   (LST)  VALUE       VALUE  FROM      YEAR
                                                  NORMAL
..................................................................
TEMPERATURE (F)
 TODAY
  MAXIMUM         98    232 PM 102    1912  90      8       93
  MINIMUM         73    425 AM  51    1971  69      4       74
  AVERAGE         86                        79      7       84

PRECIPITATION (IN)
  TODAY            0.00          2.52 1964   0.06  -0.06     0.00
  MONTH TO DATE    0.45                      1.47  -1.02     2.21
  SINCE SEP 1      0.45                      1.47  -1.02     2.21
  SINCE JAN 1     16.34                     14.98   1.36    24.06

SNOWFALL (IN)
  TODAY            0.0
  MONTH TO DATE    0.0
  SINCE SEP 1      0.0
  SINCE JUL 1      0.0
  SNOW DEPTH       0

DEGREE DAYS
 HEATING
  TODAY            0                         0      0        0
  MONTH TO DATE    0                         0      0        0
  SINCE SEP 1      0                         0      0        0
  SINCE JUL 1      0                         0      0        0

 COOLING
  TODAY           21                        14      7       19
  MONTH TO DATE  368                       335     33      357
  SINCE SEP 1    368                       335     33      357
  SINCE JAN 1   3158                      2970    188     3071
..................................................................


WIND (MPH)
  HIGHEST WIND SPEED    20   HIGHEST WIND DIRECTION    SE (150)
  HIGHEST GUST SPEED    25   HIGHEST GUST DIRECTION    SE (120)
  AVERAGE WIND SPEED     9.4



WEATHER CONDITIONS
 THE FOLLOWING WEATHER WAS RECORDED TODAY.
  NO SIGNIFICANT WEATHER WAS OBSERVED.


RELATIVE HUMIDITY (PERCENT)
 HIGHEST    93           500 AM
 LOWEST     42           300 PM
 AVERAGE    68

..........................................................


THE DEL RIO CLIMATE NORMALS FOR TOMORROW
                         NORMAL    RECORD    YEAR
 MAXIMUM TEMPERATURE (F)   89       101      1992
 MINIMUM TEMPERATURE (F)   68        50      1913


SUNRISE AND SUNSET
SEPTEMBER 20 2017.....SUNRISE   731 AM CDT   SUNSET   742 PM CDT
SEPTEMBER 21 2017.....SUNRISE   732 AM CDT   SUNSET   741 PM CDT


-  INDICATES NEGATIVE NUMBERS.
R  INDICATES RECORD WAS SET OR TIED.
MM INDICATES DATA IS MISSING.
T  INDICATES TRACE AMOUNT.




$$
