000
CDUS44 KDRT 090720
CLIDRT


CLIMATE REPORT
NATIONAL WEATHER SERVICE AUSTIN/SAN ANTONIO, TX
117 AM CST TUE FEB 9 2016


...................................

...THE DEL RIO CLIMATE SUMMARY FOR FEBRUARY 8 2016...

CLIMATE NORMAL PERIOD 1981 TO 2010
CLIMATE RECORD PERIOD 1906 TO 2016


WEATHER ITEM   OBSERVED TIME   RECORD YEAR NORMAL DEPARTURE LAST
                VALUE   (LST)  VALUE       VALUE  FROM      YEAR
                                                  NORMAL
..................................................................
TEMPERATURE (F)
 YESTERDAY
  MAXIMUM         64    459 PM  89    1932  67     -3       85
  MINIMUM         39   1155 PM  14    1933  43     -4       41
  AVERAGE         52                        55     -3       63

PRECIPITATION (IN)
  YESTERDAY        0.00          0.56 1908   0.03  -0.03     0.00
  MONTH TO DATE    0.00                      0.22  -0.22     0.18
  SINCE DEC 1      1.02                      1.59  -0.57     1.20
  SINCE JAN 1      0.68                      0.94  -0.26     0.95

SNOWFALL (IN)
  YESTERDAY        0.0
  MONTH TO DATE    0.0
  SINCE DEC 1      T
  SINCE JUL 1      T

DEGREE DAYS
 HEATING
  YESTERDAY       13                        10      3        2
  MONTH TO DATE   96                        86     10      100
  SINCE DEC 1    763                       879   -116      848
  SINCE JUL 1    906                      1076   -170     1120

 COOLING
  YESTERDAY        0                         0      0        0
  MONTH TO DATE    5                         0      5        0
  SINCE DEC 1      6                         6      0        6
  SINCE JAN 1      5                         3      2        0
..................................................................


WIND (MPH)
  HIGHEST WIND SPEED    16   HIGHEST WIND DIRECTION    NW (330)
  HIGHEST GUST SPEED    21   HIGHEST GUST DIRECTION    NW (320)
  AVERAGE WIND SPEED     6.7


SKY COVER
  AVERAGE SKY COVER 0.0


WEATHER CONDITIONS
 THE FOLLOWING WEATHER WAS RECORDED YESTERDAY.
  NO SIGNIFICANT WEATHER WAS OBSERVED.


RELATIVE HUMIDITY (PERCENT)
 HIGHEST    45           500 AM
 LOWEST     15           200 PM
 AVERAGE    30

..........................................................


THE DEL RIO CLIMATE NORMALS FOR TODAY
                         NORMAL    RECORD    YEAR
 MAXIMUM TEMPERATURE (F)   67        94      1960
 MINIMUM TEMPERATURE (F)   44        20      1933


SUNRISE AND SUNSET
FEBRUARY  9 2016......SUNRISE   728 AM CST   SUNSET   628 PM CST
FEBRUARY 10 2016......SUNRISE   727 AM CST   SUNSET   629 PM CST


-  INDICATES NEGATIVE NUMBERS.
R  INDICATES RECORD WAS SET OR TIED.
MM INDICATES DATA IS MISSING.
T  INDICATES TRACE AMOUNT.




$$
