000
CDUS44 KEWX 052353
CLIDRT


CLIMATE REPORT
NATIONAL WEATHER SERVICE AUSTIN/SAN ANTONIO, TX
553 PM CST MON DEC 5 2016


...................................

...THE DEL RIO CLIMATE SUMMARY FOR DECEMBER 5 2016...
VALID TODAY AS OF 550 PM LOCAL TIME.

CLIMATE NORMAL PERIOD 1981 TO 2010
CLIMATE RECORD PERIOD 1906 TO 2016


WEATHER ITEM   OBSERVED TIME   RECORD YEAR NORMAL DEPARTURE LAST
                VALUE   (LST)  VALUE       VALUE  FROM      YEAR
                                                  NORMAL
..................................................................
TEMPERATURE (F)
 TODAY
  MAXIMUM         59    434 PM  88    1995  66     -7       65
                                      1951
  MINIMUM         48    819 AM  27    2009  42      6       43
  AVERAGE         54                        54      0       54

PRECIPITATION (IN)
  TODAY            0.73R         0.43 1926   0.01   0.72     0.00
  MONTH TO DATE    2.37                      0.09   2.28     0.00
  SINCE DEC 1      2.37                      0.09   2.28     0.00
  SINCE JAN 1     32.36                     18.96  13.40    27.47

SNOWFALL (IN)
  TODAY           MM
  MONTH TO DATE    0.0
  SINCE DEC 1      0.0
  SINCE JUL 1      0.0
  SNOW DEPTH       0

DEGREE DAYS
 HEATING
  TODAY           11                        11      0       11
  MONTH TO DATE   51                        54     -3       54
  SINCE DEC 1     51                        54     -3       54
  SINCE JUL 1    120                       251   -131      197

 COOLING
  TODAY            0                         0      0        0
  MONTH TO DATE    0                         0      0        0
  SINCE DEC 1      0                         0      0        0
  SINCE JAN 1   3579                      3372    207     3530
..................................................................


WIND (MPH)
  HIGHEST WIND SPEED    15   HIGHEST WIND DIRECTION     N (360)
  HIGHEST GUST SPEED    21   HIGHEST GUST DIRECTION     N (10)
  AVERAGE WIND SPEED     6.9



WEATHER CONDITIONS
 THE FOLLOWING WEATHER WAS RECORDED TODAY.
  HEAVY RAIN
  RAIN
  LIGHT RAIN
  FOG


RELATIVE HUMIDITY (PERCENT)
 HIGHEST   100          1200 AM
 LOWEST     72           400 PM
 AVERAGE    86

..........................................................


THE DEL RIO CLIMATE NORMALS FOR TOMORROW
                         NORMAL    RECORD    YEAR
 MAXIMUM TEMPERATURE (F)   65        83      1951
 MINIMUM TEMPERATURE (F)   42        25      1950


SUNRISE AND SUNSET
DECEMBER  5 2016......SUNRISE   724 AM CST   SUNSET   545 PM CST
DECEMBER  6 2016......SUNRISE   725 AM CST   SUNSET   545 PM CST


-  INDICATES NEGATIVE NUMBERS.
R  INDICATES RECORD WAS SET OR TIED.
MM INDICATES DATA IS MISSING.
T  INDICATES TRACE AMOUNT.




$$
