000
CDUS44 KEWX 010013
CLIDRT


CLIMATE REPORT
NATIONAL WEATHER SERVICE AUSTIN/SAN ANTONIO, TX
611 PM CST SAT JAN 31 2015


...................................

...THE DEL RIO CLIMATE SUMMARY FOR JANUARY 31 2015...
VALID TODAY AS OF 0600 PM LOCAL TIME.

CLIMATE NORMAL PERIOD 1981 TO 2010
CLIMATE RECORD PERIOD 1906 TO 2015


WEATHER ITEM   OBSERVED TIME   RECORD YEAR NORMAL DEPARTURE LAST
                VALUE   (LST)  VALUE       VALUE  FROM      YEAR
                                                  NORMAL
..................................................................
TEMPERATURE (F)
 TODAY
  MAXIMUM         58    553 PM  92    1911  66     -8       73
  MINIMUM         49    618 AM  17    1949  42      7       46
  AVERAGE         54                        54      0       60

PRECIPITATION (IN)
  TODAY            0.34          0.73 1923   0.02   0.32     0.00
  MONTH TO DATE    0.77                      0.72   0.05      T
  SINCE DEC 1      1.02                      1.37  -0.35     0.48
  SINCE JAN 1      0.77                      0.72   0.05      T

SNOWFALL (IN)
  TODAY           MM
  MONTH TO DATE    0.0
  SINCE DEC 1      0.0
  SINCE JUL 1      0.0
  SNOW DEPTH       0

DEGREE DAYS
 HEATING
  TODAY           11                        11      0        5
  MONTH TO DATE  479                       402     77      459
  SINCE DEC 1    748                       793    -45      914
  SINCE JUL 1   1020                       990     30     1147

 COOLING
  TODAY            0                         0      0        0
  MONTH TO DATE    0                         3     -3        0
  SINCE DEC 1      6                         6      0        5
  SINCE JAN 1      0                         3     -3        0
..................................................................


WIND (MPH)
  HIGHEST WIND SPEED    17   HIGHEST WIND DIRECTION     E (110)
  HIGHEST GUST SPEED    25   HIGHEST GUST DIRECTION    SE (120)
  AVERAGE WIND SPEED     8.5



WEATHER CONDITIONS
 THE FOLLOWING WEATHER WAS RECORDED TODAY.
  RAIN
  LIGHT RAIN
  FOG
  HAZE


RELATIVE HUMIDITY (PERCENT)
 HIGHEST   100           400 AM
 LOWEST     59          1200 AM
 AVERAGE    80

..........................................................


THE DEL RIO CLIMATE NORMALS FOR TOMORROW
                         NORMAL    RECORD    YEAR
 MAXIMUM TEMPERATURE (F)   66        91      1963
 MINIMUM TEMPERATURE (F)   42        18      1985


SUNRISE AND SUNSET
JANUARY 31 2015.......SUNRISE   734 AM CST   SUNSET   621 PM CST
FEBRUARY  1 2015......SUNRISE   733 AM CST   SUNSET   622 PM CST


-  INDICATES NEGATIVE NUMBERS.
R  INDICATES RECORD WAS SET OR TIED.
MM INDICATES DATA IS MISSING.
T  INDICATES TRACE AMOUNT.




$$
