000
CDUS44 KEWX 260701
CLIDRT


CLIMATE REPORT
NATIONAL WEATHER SERVICE AUSTIN/SAN ANTONIO, TX
155 AM CDT WED JUL 26 2017


...................................

...THE DEL RIO CLIMATE SUMMARY FOR JULY 25 2017...

CLIMATE NORMAL PERIOD 1981 TO 2010
CLIMATE RECORD PERIOD 1906 TO 2017


WEATHER ITEM   OBSERVED TIME   RECORD YEAR NORMAL DEPARTURE LAST
                VALUE   (LST)  VALUE       VALUE  FROM      YEAR
                                                  NORMAL
..................................................................
TEMPERATURE (F)
 YESTERDAY
  MAXIMUM        101    513 PM 107    1944  97      4      103
  MINIMUM         80    735 AM  67    1984  75      5       80
                                      1915
                                      1911
  AVERAGE         91                        86      5       92

PRECIPITATION (IN)
  YESTERDAY        0.00          0.65 1984   0.05  -0.05     0.00
  MONTH TO DATE    0.66                      1.45  -0.79     0.00
  SINCE JUN 1      3.12                      3.80  -0.68     2.93
  SINCE JAN 1     14.21                     11.00   3.21    11.54

SNOWFALL (IN)
  YESTERDAY        0.0
  MONTH TO DATE    0.0
  SINCE JUN 1      0.0
  SINCE JUL 1      0.0

DEGREE DAYS
 HEATING
  YESTERDAY        0                         0      0        0
  MONTH TO DATE    0                         0      0        0
  SINCE JUN 1      0                         0      0        0
  SINCE JUL 1      0                         0      0        0

 COOLING
  YESTERDAY       26                        21      5       27
  MONTH TO DATE  562                       519     43      650
  SINCE JUN 1   1136                      1090     46     1229
  SINCE JAN 1   1961                      1849    112     1955
..................................................................


WIND (MPH)
  HIGHEST WIND SPEED    26   HIGHEST WIND DIRECTION    SE (130)
  HIGHEST GUST SPEED    38   HIGHEST GUST DIRECTION    SE (120)
  AVERAGE WIND SPEED    11.9


SKY COVER
  AVERAGE SKY COVER 0.2


WEATHER CONDITIONS
 THE FOLLOWING WEATHER WAS RECORDED YESTERDAY.
  NO SIGNIFICANT WEATHER WAS OBSERVED.


RELATIVE HUMIDITY (PERCENT)
 HIGHEST    74           700 AM
 LOWEST     29           600 PM
 AVERAGE    52

..........................................................


THE DEL RIO CLIMATE NORMALS FOR TODAY
                         NORMAL    RECORD    YEAR
 MAXIMUM TEMPERATURE (F)   97       108      1944
 MINIMUM TEMPERATURE (F)   76        66      1913


SUNRISE AND SUNSET
JULY 26 2017..........SUNRISE   701 AM CDT   SUNSET   840 PM CDT
JULY 27 2017..........SUNRISE   701 AM CDT   SUNSET   839 PM CDT


-  INDICATES NEGATIVE NUMBERS.
R  INDICATES RECORD WAS SET OR TIED.
MM INDICATES DATA IS MISSING.
T  INDICATES TRACE AMOUNT.




$$
