959
CDUS43 KDMX 260903
CLIDSM

CLIMATE REPORT
NATIONAL WEATHER SERVICE DES MOINES IA
148 AM CDT TUE SEP 26 2017

...................................

...THE DES MOINES IA CLIMATE SUMMARY FOR SEPTEMBER 25 2017...

CLIMATE NORMAL PERIOD 1981 TO 2010
CLIMATE RECORD PERIOD 1878 TO 2017

WEATHER ITEM   OBSERVED TIME   RECORD YEAR NORMAL DEPARTURE LAST
                VALUE   (LST)  VALUE       VALUE  FROM      YEAR
                                                  NORMAL
..................................................................
TEMPERATURE (F)
 YESTERDAY
  MAXIMUM         88    207 PM  91    1897  72     16       71
  MINIMUM         67   1159 PM  32    1942  51     16       56
  AVERAGE         78                        62     16       64

PRECIPITATION (IN)
  YESTERDAY        1.59          3.29 1993   0.09   1.50     0.16
  MONTH TO DATE    2.80                      2.60   0.20     5.50
  SINCE SEP 1      2.80                      2.60   0.20     5.50
  SINCE JAN 1     25.04                     29.32  -4.28    30.83

SNOWFALL (IN)
  YESTERDAY        0.0           T    1942   0.0    0.0      0.0
  MONTH TO DATE    0.0                       0.0    0.0      0.0
  SINCE SEP 1      0.0                       0.0    0.0      0.0
  SINCE JUL 1      0.0                       0.0    0.0      0.0
  SNOW DEPTH       0

DEGREE DAYS
 HEATING
  YESTERDAY        0                         5     -5        1
  MONTH TO DATE   12                        62    -50        1
  SINCE SEP 1     12                        62    -50        1
  SINCE JUL 1     12                        68    -56        1

 COOLING
  YESTERDAY       13                         2     11        0
  MONTH TO DATE  207                       104    103      217
  SINCE SEP 1    207                       104    103      217
  SINCE JAN 1   1287                      1043    244     1414
..................................................................

WIND (MPH)
  HIGHEST WIND SPEED    22   HIGHEST WIND DIRECTION     W (250)
  HIGHEST GUST SPEED    26   HIGHEST GUST DIRECTION     W (270)
  AVERAGE WIND SPEED     4.6

SKY COVER
  POSSIBLE SUNSHINE  MM
  AVERAGE SKY COVER 0.6

WEATHER CONDITIONS
 THE FOLLOWING WEATHER WAS RECORDED YESTERDAY.
  THUNDERSTORM
  HEAVY RAIN
  RAIN
  LIGHT RAIN
  FOG
  HAZE

RELATIVE HUMIDITY (PERCENT)
 HIGHEST   100           700 PM
 LOWEST     55          1200 PM
 AVERAGE    78
..........................................................

THE DES MOINES IA CLIMATE NORMALS FOR TODAY
                         NORMAL    RECORD    YEAR
 MAXIMUM TEMPERATURE (F)   72        90      1956
 MINIMUM TEMPERATURE (F)   50        30      1926

SUNRISE AND SUNSET
SEPTEMBER 26 2017.....SUNRISE   706 AM CDT   SUNSET   704 PM CDT
SEPTEMBER 27 2017.....SUNRISE   707 AM CDT   SUNSET   703 PM CDT

-  INDICATES NEGATIVE NUMBERS.
R  INDICATES RECORD WAS SET OR TIED.
MM INDICATES DATA IS MISSING.
T  INDICATES TRACE AMOUNT.

$$

FAB
