000
CDUS43 KDMX 290654 RRA
CLIDSM

CLIMATE REPORT
NATIONAL WEATHER SERVICE DES MOINES IA
152 AM CDT SUN MAY 29 2016


...................................

...THE DES MOINES IA CLIMATE SUMMARY FOR MAY 28 2016...

CLIMATE NORMAL PERIOD 1981 TO 2010
CLIMATE RECORD PERIOD 1878 TO 2016


WEATHER ITEM   OBSERVED TIME   RECORD YEAR NORMAL DEPARTURE LAST
                VALUE   (LST)  VALUE       VALUE  FROM      YEAR
                                                  NORMAL
..................................................................
TEMPERATURE (F)
 YESTERDAY
  MAXIMUM         75    545 PM  92    1895  76     -1       78
  MINIMUM         62    555 AM  32    1947  56      6       62
  AVERAGE         69                        66      3       70

PRECIPITATION (IN)
  YESTERDAY        0.60          2.34 1947   0.15   0.45      T
  MONTH TO DATE    3.46                      4.28  -0.82     4.12
  SINCE MAR 1      8.81                     10.44  -1.63     7.12
  SINCE JAN 1     10.58                     12.72  -2.14     9.14

SNOWFALL (IN)
  YESTERDAY        0.0           T    1947   0.0    0.0      0.0
  MONTH TO DATE    0.0                       0.0    0.0      0.0
  SINCE MAR 1      0.3                       7.0   -6.7       T
  SINCE JUL 1     30.3                      35.3   -5.0     29.1
  SNOW DEPTH       0

DEGREE DAYS
 HEATING
  YESTERDAY        0                         2     -2        0
  MONTH TO DATE  128                       140    -12       95
  SINCE MAR 1   1023                      1348   -325     1065
  SINCE JUL 1   5006                      6179  -1173     5903

 COOLING
  YESTERDAY        4                         3      1        5
  MONTH TO DATE   48                        51     -3       69
  SINCE MAR 1     67                        65      2       76
  SINCE JAN 1     67                        65      2       76
..................................................................


WIND (MPH)
  HIGHEST WIND SPEED    22   HIGHEST WIND DIRECTION     W (250)
  HIGHEST GUST SPEED    27   HIGHEST GUST DIRECTION     W (250)
  AVERAGE WIND SPEED     9.4


SKY COVER
  POSSIBLE SUNSHINE  MM
  AVERAGE SKY COVER 0.7


WEATHER CONDITIONS
 THE FOLLOWING WEATHER WAS RECORDED YESTERDAY.
  THUNDERSTORM
  HEAVY RAIN
  LIGHT RAIN
  FOG


RELATIVE HUMIDITY (PERCENT)
 HIGHEST    90           500 AM
 LOWEST     57           600 PM
 AVERAGE    74

..........................................................


THE DES MOINES IA CLIMATE NORMALS FOR TODAY
                         NORMAL    RECORD    YEAR
 MAXIMUM TEMPERATURE (F)   76       104      1934
 MINIMUM TEMPERATURE (F)   57        32      1947


SUNRISE AND SUNSET
MAY 29 2016...........SUNRISE   544 AM CDT   SUNSET   840 PM CDT
MAY 30 2016...........SUNRISE   544 AM CDT   SUNSET   841 PM CDT


-  INDICATES NEGATIVE NUMBERS.
R  INDICATES RECORD WAS SET OR TIED.
MM INDICATES DATA IS MISSING.
T  INDICATES TRACE AMOUNT.




$$
