000
CDUS43 KDTX 020535
CLIDTW


CLIMATE REPORT
NATIONAL WEATHER SERVICE DETROIT/PONTIAC MI
135 AM EDT TUE JUN 2 2015


...................................

...THE DETROIT MI CLIMATE SUMMARY FOR JUNE 1 2015...

CLIMATE NORMAL PERIOD 1981 TO 2010
CLIMATE RECORD PERIOD 1874 TO 2015


WEATHER ITEM   OBSERVED TIME   RECORD YEAR NORMAL DEPARTURE LAST
                VALUE   (LST)  VALUE       VALUE  FROM      YEAR
                                                  NORMAL
..................................................................
TEMPERATURE (F)
 YESTERDAY
  MAXIMUM         65    223 PM  97    1934  75    -10       83
  MINIMUM         47    540 AM  36    1966  55     -8       56
  AVERAGE         56                        65     -9       70

PRECIPITATION (IN)
  YESTERDAY        0.00          2.02 1987   0.12  -0.12     0.00
  MONTH TO DATE    0.00                      0.12  -0.12     0.00
  SINCE JUN 1      0.00                      0.12  -0.12     0.00
  SINCE JAN 1     11.74                     12.66  -0.92    14.67

SNOWFALL (IN)
  YESTERDAY        0.0           0.0    MM   0.0    0.0      0.0
  MONTH TO DATE    0.0                       0.0    0.0      0.0
  SINCE JUN 1      0.0                       0.0    0.0      0.0
  SINCE JUL 1     47.5                      42.5    5.0     94.9
  SNOW DEPTH       0

DEGREE DAYS
 HEATING
  YESTERDAY        9                         3      6        0
  MONTH TO DATE    9                         3      6        0
  SINCE JUN 1      9                         3      6        0
  SINCE JUL 1   6607                      6105    502     7011

 COOLING
  YESTERDAY        0                         3     -3        5
  MONTH TO DATE    0                         3     -3        5
  SINCE JUN 1      0                         3     -3        5
  SINCE JAN 1    104                        51     53       69
..................................................................


WIND (MPH)
  HIGHEST WIND SPEED    28   HIGHEST WIND DIRECTION     E (70)
  HIGHEST GUST SPEED    33   HIGHEST GUST DIRECTION    SW (220)
  AVERAGE WIND SPEED     8.1


SKY COVER
  POSSIBLE SUNSHINE  MM
  AVERAGE SKY COVER 0.9


WEATHER CONDITIONS
 THE FOLLOWING WEATHER WAS RECORDED YESTERDAY.
  NO SIGNIFICANT WEATHER WAS OBSERVED.


RELATIVE HUMIDITY (PERCENT)
 HIGHEST    77           200 AM
 LOWEST     36           500 PM
 AVERAGE    57

..........................................................


THE DETROIT MI CLIMATE NORMALS FOR TODAY
                         NORMAL    RECORD    YEAR
 MAXIMUM TEMPERATURE (F)   75        95      1895
 MINIMUM TEMPERATURE (F)   55        38      1894


SUNRISE AND SUNSET
JUNE  2 2015..........SUNRISE   559 AM EDT   SUNSET   904 PM EDT
JUNE  3 2015..........SUNRISE   559 AM EDT   SUNSET   905 PM EDT


-  INDICATES NEGATIVE NUMBERS.
R  INDICATES RECORD WAS SET OR TIED.
MM INDICATES DATA IS MISSING.
T  INDICATES TRACE AMOUNT.




$$
