000
CDUS43 KDTX 030543
CLIDTW


CLIMATE REPORT
NATIONAL WEATHER SERVICE DETROIT/PONTIAC MI
1243 AM EST TUE MAR 3 2015


...................................

...THE DETROIT MI CLIMATE SUMMARY FOR MARCH 2 2015...

CLIMATE NORMAL PERIOD 1981 TO 2010
CLIMATE RECORD PERIOD 1874 TO 2015


WEATHER ITEM   OBSERVED TIME   RECORD YEAR NORMAL DEPARTURE LAST
                VALUE   (LST)  VALUE       VALUE  FROM      YEAR
                                                  NORMAL
..................................................................
TEMPERATURE (F)
 YESTERDAY
  MAXIMUM         33    334 PM  63    1991  40     -7       19
                                      1882
  MINIMUM         20    737 AM  -4    1978  24     -4        8
  AVERAGE         27                        32     -5       14

PRECIPITATION (IN)
  YESTERDAY        T             0.82 1976   0.08  -0.08     0.16
  MONTH TO DATE    0.06                      0.15  -0.09     0.38
  SINCE MAR 1      0.06                      0.15  -0.09     0.38
  SINCE JAN 1      2.86                      4.13  -1.27     6.12

SNOWFALL (IN)
  YESTERDAY        0.1           2.7  1982   0.3   -0.2      2.1
  MONTH TO DATE    0.9                       0.6    0.3      4.6
  SINCE MAR 1      0.9                       0.6    0.3      4.6
  SINCE JUL 1     45.6                      34.5   11.1     83.8
  SNOW DEPTH      12

DEGREE DAYS
 HEATING
  YESTERDAY       38                        33      5       51
  MONTH TO DATE   83                        66     17       92
  SINCE MAR 1     83                        66     17       92
  SINCE JUL 1   5194                      4619    575     5342

 COOLING
  YESTERDAY        0                         0      0        0
  MONTH TO DATE    0                         0      0        0
  SINCE MAR 1      0                         0      0        0
  SINCE JAN 1      0                         0      0        0
..................................................................


WIND (MPH)
  HIGHEST WIND SPEED    14   HIGHEST WIND DIRECTION     W (270)
  HIGHEST GUST SPEED    18   HIGHEST GUST DIRECTION    SW (230)
  AVERAGE WIND SPEED     7.9


SKY COVER
  POSSIBLE SUNSHINE  MM
  AVERAGE SKY COVER 0.7


WEATHER CONDITIONS
 THE FOLLOWING WEATHER WAS RECORDED YESTERDAY.
  LIGHT SNOW
  FOG


RELATIVE HUMIDITY (PERCENT)
 HIGHEST    81           400 AM
 LOWEST     39           500 PM
 AVERAGE    60

..........................................................


THE DETROIT MI CLIMATE NORMALS FOR TODAY
                         NORMAL    RECORD    YEAR
 MAXIMUM TEMPERATURE (F)   40        67      1974
 MINIMUM TEMPERATURE (F)   24        -4      2003


SUNRISE AND SUNSET
MARCH  3 2015.........SUNRISE   706 AM EST   SUNSET   625 PM EST
MARCH  4 2015.........SUNRISE   704 AM EST   SUNSET   627 PM EST


-  INDICATES NEGATIVE NUMBERS.
R  INDICATES RECORD WAS SET OR TIED.
MM INDICATES DATA IS MISSING.
T  INDICATES TRACE AMOUNT.




$$
