000
CDUS43 KDTX 012028
CLIDTW


CLIMATE REPORT
NATIONAL WEATHER SERVICE DETROIT/PONTIAC MI
427 PM EDT SAT OCT 1 2016


...................................

...THE DETROIT MI CLIMATE SUMMARY FOR OCTOBER 1 2016...
VALID TODAY AS OF 0400 PM LOCAL TIME.

CLIMATE NORMAL PERIOD 1981 TO 2010
CLIMATE RECORD PERIOD 1874 TO 2016


WEATHER ITEM   OBSERVED TIME   RECORD YEAR NORMAL DEPARTURE LAST
                VALUE   (LST)  VALUE       VALUE  FROM      YEAR
                                                  NORMAL
..................................................................
TEMPERATURE (F)
 TODAY
  MAXIMUM         69    144 PM  88    1897  68      1       61
  MINIMUM         58    334 AM  31    1947  48     10       46
  AVERAGE         64                        58      6       54

PRECIPITATION (IN)
  TODAY            0.27          1.55 1945   0.09   0.18     0.00
  MONTH TO DATE    0.27                      0.09   0.18     0.00
  SINCE SEP 1      6.55                      3.36   3.19     1.29
  SINCE JAN 1     27.77                     25.79   1.98    23.27

SNOWFALL (IN)
  TODAY            0.0           T    1974   0.0    0.0      0.0
  MONTH TO DATE    0.0                       0.0    0.0      0.0
  SINCE SEP 1      0.0                       0.0    0.0      0.0
  SINCE JUL 1      0.0                       0.0    0.0      0.0
  SNOW DEPTH       0

DEGREE DAYS
 HEATING
  TODAY            1                         8     -7       11
  MONTH TO DATE    1                         8     -7       11
  SINCE SEP 1     31                       112    -81       44
  SINCE JUL 1     31                       122    -91       54

 COOLING
  TODAY            0                         1     -1        0
  MONTH TO DATE    0                         1     -1        0
  SINCE SEP 1    132                        85     47      170
  SINCE JAN 1   1155                       796    359      890
..................................................................


WIND (MPH)
  HIGHEST WIND SPEED    12   HIGHEST WIND DIRECTION     S (190)
  HIGHEST GUST SPEED    16   HIGHEST GUST DIRECTION     S (170)
  AVERAGE WIND SPEED     7.1


SKY COVER
  POSSIBLE SUNSHINE  MM
  AVERAGE SKY COVER 1.0


WEATHER CONDITIONS
 THE FOLLOWING WEATHER WAS RECORDED TODAY.
  RAIN
  LIGHT RAIN
  FOG


RELATIVE HUMIDITY (PERCENT)
 HIGHEST   100          1200 AM
 LOWEST     58           300 PM
 AVERAGE    79

..........................................................


THE DETROIT MI CLIMATE NORMALS FOR TOMORROW
                         NORMAL    RECORD    YEAR
 MAXIMUM TEMPERATURE (F)   67        86      1971
 MINIMUM TEMPERATURE (F)   48        29      1974


SUNRISE AND SUNSET
OCTOBER  1 2016.......SUNRISE   731 AM EDT   SUNSET   714 PM EDT
OCTOBER  2 2016.......SUNRISE   732 AM EDT   SUNSET   712 PM EDT


-  INDICATES NEGATIVE NUMBERS.
R  INDICATES RECORD WAS SET OR TIED.
MM INDICATES DATA IS MISSING.
T  INDICATES TRACE AMOUNT.




$$
