000
CDUS43 KDTX 290549
CLIDTW


CLIMATE REPORT
NATIONAL WEATHER SERVICE DETROIT/PONTIAC MI
149 AM EDT SUN MAR 29 2015


...................................

...THE DETROIT MI CLIMATE SUMMARY FOR MARCH 28 2015...

CLIMATE NORMAL PERIOD 1981 TO 2010
CLIMATE RECORD PERIOD 1874 TO 2015


WEATHER ITEM   OBSERVED TIME   RECORD YEAR NORMAL DEPARTURE LAST
                VALUE   (LST)  VALUE       VALUE  FROM      YEAR
                                                  NORMAL
..................................................................
TEMPERATURE (F)
 YESTERDAY
  MAXIMUM         39    405 PM  82    1945  51    -12       52
  MINIMUM         15   1257 AM   4    1934  33    -18       40
  AVERAGE         27                        42    -15       46

PRECIPITATION (IN)
  YESTERDAY        T             1.69 1985   0.08  -0.08      T
  MONTH TO DATE    0.59                      2.03  -1.44     1.49
  SINCE MAR 1      0.59                      2.03  -1.44     1.49
  SINCE JAN 1      3.39                      6.01  -2.62     7.23

SNOWFALL (IN)
  YESTERDAY        T             2.5  1964   0.2   -0.2      0.0
  MONTH TO DATE    2.8                       6.5   -3.7     12.5
  SINCE MAR 1      2.8                       6.5   -3.7     12.5
  SINCE JUL 1     47.5                      40.4    7.1     91.7
  SNOW DEPTH       0

DEGREE DAYS
 HEATING
  YESTERDAY       38                        23     15       19
  MONTH TO DATE  865                       795     70     1044
  SINCE MAR 1    865                       795     70     1044
  SINCE JUL 1   5976                      5348    628     6294

 COOLING
  YESTERDAY        0                         0      0        0
  MONTH TO DATE    0                         0      0        0
  SINCE MAR 1      0                         0      0        0
  SINCE JAN 1      0                         0      0        0
..................................................................


WIND (MPH)
  HIGHEST WIND SPEED    14   HIGHEST WIND DIRECTION    NW (330)
  HIGHEST GUST SPEED    20   HIGHEST GUST DIRECTION     N (360)
  AVERAGE WIND SPEED     6.2


SKY COVER
  POSSIBLE SUNSHINE  MM
  AVERAGE SKY COVER 0.4


WEATHER CONDITIONS
 THE FOLLOWING WEATHER WAS RECORDED YESTERDAY.
  LIGHT SNOW


RELATIVE HUMIDITY (PERCENT)
 HIGHEST    68          1100 PM
 LOWEST     27           500 PM
 AVERAGE    48

..........................................................


THE DETROIT MI CLIMATE NORMALS FOR TODAY
                         NORMAL    RECORD    YEAR
 MAXIMUM TEMPERATURE (F)   52        78      1986
 MINIMUM TEMPERATURE (F)   33         7      1887


SUNRISE AND SUNSET
MARCH 29 2015.........SUNRISE   722 AM EDT   SUNSET   755 PM EDT
MARCH 30 2015.........SUNRISE   720 AM EDT   SUNSET   757 PM EDT


-  INDICATES NEGATIVE NUMBERS.
R  INDICATES RECORD WAS SET OR TIED.
MM INDICATES DATA IS MISSING.
T  INDICATES TRACE AMOUNT.




$$
